000
CXUS53 KARX 260930
CF6CMY
PRELIMINARY LOCAL CLIMATOLOGICAL DATA (WS FORM: F-6)

                                          STATION:   SPARTA - FORT MCCOY WI
                                          MONTH:     MAY
                                          YEAR:      2015
                                          LATITUDE:   43 58 N
                                          LONGITUDE:  90 44 W

  TEMPERATURE IN F:       :PCPN:    SNOW:  WIND      :SUNSHINE: SKY     :PK WND
================================================================================
1   2   3   4   5  6A  6B    7    8   9   10  11  12  13   14  15   16   17  18
                                     12Z  AVG MX 2MIN
DY MAX MIN AVG DEP HDD CDD  WTR  SNW DPTH SPD SPD DIR MIN PSBL S-S WX    SPD DR
================================================================================

 1  70  29  50   M  15   0 0.00  0.0    0  2.8 10 270   M    M   4         M  M
 2  80  53  67   M   0   2 0.00  0.0    0  6.7 15 190   M    M   3        23 210
 3  82  48  65   M   0   0 0.68  0.0    0  6.9 13 180   M    M   4 3      21 180
 4  73  46  60   M   5   0 0.00  0.0    0  4.0 10  20   M    M   2        16  20
 5  61  46  54   M  11   0    M  0.0    0  7.4 13  90   M    M   8        16  90
 6  79  52  66   M   0   1 0.10  0.0    0  6.0 13 130   M    M   7 13     18 130
 7  82  62  72   M   0   7 0.11  0.0    0 13.1 29 180   M    M   5 3      37 180
 8  67  55  61   M   4   0 0.01  0.0    0  6.1 10 270   M    M   9        17 270
 9  67  54  61   M   4   0 0.00  0.0    0  3.5  7  50   M    M  10         M  M
10  64  47  56   M   9   0    T  0.0    0 11.7 17 100   M    M  10        24  90
11  62  46  54   M  11   0 0.33  0.0    0  8.2 13 260   M    M   9 13     21 260
12  52  32  42   M  23   0 0.02  0.0    0 10.0 20 300   M    M   8 1      25 300
13  65  28  47   M  18   0 0.00  0.0    0  5.1 12 110   M    M   0        17 180
14  63  44  54   M  11   0 0.12  0.0    0  8.6 15 120   M    M   6        24 120
15  71  55  63   M   2   0 0.01  0.0    0  3.0  9 270   M    M   7 1       M  M
16  81  49  65   M   0   0 0.00  0.0    0  6.0 14 130   M    M   5        20 160
17  80  63  72   M   0   7 0.21  0.0    0 11.5 18 170   M    M   7 1      27 170
18  63  42  53   M  12   0 0.00  0.0    0 11.9 20 260   M    M   9        27 250
19  54  33  44   M  21   0    T  0.0    0  7.8 13  10   M    M   6        23  10
20  56  32  44   M  21   0 0.00  0.0    0  1.6  6 240   M    M   3         M  M
21  74  31  53   M  12   0 0.00  0.0    0  4.7 14 260   M    M   1 1      21 260
22  73  32  53   M  12   0 0.00  0.0    0  1.7  8 270   M    M   0         M  M
23  79  36  58   M   7   0 0.00  0.0    0  2.8  9 190   M    M   3         M  M
24  64  49  57   M   8   0 0.53    M    0  5.2 14 110   M    M   8 1      22 110
25  79  58  69   M   0   4 0.07  0.0    0  5.5 13 240   M    M   7 1      21 220
================================================================================
SM 1741 1122       206  21  2.19     0.0 161.8          M      141
================================================================================
AV 69.6 44.9                               6.5 FASTST   M    M   6    MAX(MPH)
                                 MISC ---->    29   M                 37    M
================================================================================
NOTES:
# LAST OF SEVERAL OCCURRENCES

COLUMN 17 PEAK WIND IN M.P.H.

PRELIMINARY LOCAL CLIMATOLOGICAL DATA (WS FORM: F-6) , PAGE 2

                                          STATION:  SPARTA - FORT MCCOY WI
                                          MONTH:    MAY
                                          YEAR:     2015
                                          LATITUDE:   43 58 N
                                          LONGITUDE:  90 44 W

[TEMPERATURE DATA]      [PRECIPITATION DATA]       SYMBOLS USED IN COLUMN 16

AVERAGE MONTHLY: 57.3   TOTAL FOR MONTH:   2.19    1 = FOG OR MIST
DPTR FM NORMAL:     M   DPTR FM NORMAL:       M    2 = FOG REDUCING VISIBILITY
HIGHEST:    82 ON  7, 3 GRTST 24HR  0.68 ON  3- 3      TO 1/4 MILE OR LESS
LOWEST:     28 ON 13                               3 = THUNDER
                        SNOW, ICE PELLETS, HAIL    4 = ICE PELLETS
                        TOTAL MONTH:   0.0 INCH    5 = HAIL
                        GRTST 24HR     0.0         6 = FREEZING RAIN OR DRIZZLE
                        GRTST DEPTH:   0           7 = DUSTSTORM OR SANDSTORM:
                                                       VSBY 1/2 MILE OR LESS
                                                   8 = SMOKE OR HAZE
[NO. OF DAYS WITH]      [WEATHER - DAYS WITH]      9 = BLOWING SNOW
                                                   X = TORNADO
MAX 32 OR BELOW:   0    0.01 INCH OR MORE:  11
MAX 90 OR ABOVE:   0    0.10 INCH OR MORE:   7
MIN 32 OR BELOW:   6    0.50 INCH OR MORE:   2
MIN  0 OR BELOW:   0    1.00 INCH OR MORE:   0

[HDD (BASE 65) ]
TOTAL THIS MO.   206    CLEAR  (SCALE 0-3)   6
DPTR FM NORMAL     M    PTCLDY (SCALE 4-7)  13
TOTAL FM JUL 1  8091    CLOUDY (SCALE 8-10)  6
DPTR FM NORMAL     M

[CDD (BASE 65) ]
TOTAL THIS MO.    21
DPTR FM NORMAL     M    [PRESSURE DATA]
TOTAL FM JAN 1    21    HIGHEST SLP M ON M
DPTR FM NORMAL     M    LOWEST  SLP M ON M

[REMARKS]
