000
CXUS53 KARX 250930
CF6CMY
PRELIMINARY LOCAL CLIMATOLOGICAL DATA (WS FORM: F-6)

                                          STATION:   SPARTA - FORT MCCOY WI
                                          MONTH:     SEPTEMBER
                                          YEAR:      2017
                                          LATITUDE:   43 58 N
                                          LONGITUDE:  90 44 W

  TEMPERATURE IN F:       :PCPN:    SNOW:  WIND      :SUNSHINE: SKY     :PK WND
================================================================================
1   2   3   4   5  6A  6B    7    8   9   10  11  12  13   14  15   16   17  18
                                     12Z  AVG MX 2MIN
DY MAX MIN AVG DEP HDD CDD  WTR  SNW DPTH SPD SPD DIR MIN PSBL S-S WX    SPD DR
================================================================================

 1  71  35  53   M  12   0 0.00  0.0    0  3.3 10 110   M    M   1         M  M
 2  69  44  57   M   8   0 0.02  0.0    0  2.7  9 190   M    M   7 12      M  M
 3  82  46  64   M   1   0 0.00  0.0    0  3.7  9 250   M    M   4 12     17 220
 4  73  48  61   M   4   0 0.11  0.0    0  7.0 16 310   M    M   4        23 310
 5  63  40  52   M  13   0 0.06  0.0    0  7.1 20 310   M    M   6        28 300
 6  62  34  48   M  17   0 0.00  0.0    0  2.6  9 320   M    M   3         M  M
 7  64  38  51   M  14   0    T  0.0    0  1.1  8 300   M    M   8 1       M  M
 8  68  42  55   M  10   0 0.00  0.0    0  7.5 13  80   M    M   2        18  90
 9  74  39  57   M   8   0 0.00  0.0    0  5.0 12 100   M    M   2        17 110
10  75  45  60   M   5   0 0.00  0.0    0  5.4 13 120   M    M   1        18 170
11  78  43  61   M   4   0 0.00  0.0    0  2.8  9 180   M    M   0         M  M
12  82  45  64   M   1   0 0.00  0.0    0  1.2  6  80   M    M   0         M  M
13  82  46  64   M   1   0 0.00  0.0    0  1.9  7 150   M    M   2 12      M  M
14  86  47  67   M   0   2    T  0.0    0  3.9 10 190   M    M   0        18 190
15  87  62  75   M   0  10 0.03  0.0    0  8.4 14 180   M    M   1        20 160
16  86  69  78   M   0  13 0.00  0.0    0  5.8 14 160   M    M   1        20 160
17  73  43  58   M   7   0 0.00  0.0    0  6.3 14 290   M    M   3 3      20 290
18  71  41  56   M   9   0 0.21  0.0    0  2.4 12 130   M    M   7         M  M
19  80  54  67   M   0   2 0.14  0.0    0  5.6 13 140   M    M   3        18 140
20  82  58  70   M   0   5 0.27  0.0    0  6.4 16 180   M    M   7 123    22 140
21  83  51  67   M   0   2 0.00  0.0    0  4.4 13 180   M    M   5 12     20 200
22  91  73  82   M   0  17 0.00  0.0    0  7.8 15 190   M    M   0        24 190
23  90  63  77   M   0  12 0.00  0.0    0  5.2 12 220   M    M   1        18 190
24  89  57  73   M   0   8 0.00  0.0    0  4.8 12 170   M    M   0        20 180
================================================================================
SM 1861 1163       114  71  0.84     0.0 112.3          M       68
================================================================================
AV 77.5 48.5                               4.7 FASTST   M    M   3    MAX(MPH)
                                 MISC ---->  # 20 310               # 28  300
================================================================================
NOTES:
# LAST OF SEVERAL OCCURRENCES

COLUMN 17 PEAK WIND IN M.P.H.

PRELIMINARY LOCAL CLIMATOLOGICAL DATA (WS FORM: F-6) , PAGE 2

                                          STATION:  SPARTA - FORT MCCOY WI
                                          MONTH:    SEPTEMBER
                                          YEAR:     2017
                                          LATITUDE:   43 58 N
                                          LONGITUDE:  90 44 W

[TEMPERATURE DATA]      [PRECIPITATION DATA]       SYMBOLS USED IN COLUMN 16

AVERAGE MONTHLY: 63.0   TOTAL FOR MONTH:   0.84    1 = FOG OR MIST
DPTR FM NORMAL:     M   DPTR FM NORMAL:       M    2 = FOG REDUCING VISIBILITY
HIGHEST:    91 ON 22    GRTST 24HR  0.27 ON 20-20      TO 1/4 MILE OR LESS
LOWEST:     34 ON  6                               3 = THUNDER
                        SNOW, ICE PELLETS, HAIL    4 = ICE PELLETS
                        TOTAL MONTH:   0.0 INCH    5 = HAIL
                        GRTST 24HR     0.0         6 = FREEZING RAIN OR DRIZZLE
                        GRTST DEPTH:   0           7 = DUSTSTORM OR SANDSTORM:
                                                       VSBY 1/2 MILE OR LESS
                                                   8 = SMOKE OR HAZE
[NO. OF DAYS WITH]      [WEATHER - DAYS WITH]      9 = BLOWING SNOW
                                                   X = TORNADO
MAX 32 OR BELOW:   0    0.01 INCH OR MORE:   7
MAX 90 OR ABOVE:   2    0.10 INCH OR MORE:   4
MIN 32 OR BELOW:   0    0.50 INCH OR MORE:   0
MIN  0 OR BELOW:   0    1.00 INCH OR MORE:   0

[HDD (BASE 65) ]
TOTAL THIS MO.   114    CLEAR  (SCALE 0-3)  14
DPTR FM NORMAL     M    PTCLDY (SCALE 4-7)  10
TOTAL FM JUL 1   197    CLOUDY (SCALE 8-10)  0
DPTR FM NORMAL     M

[CDD (BASE 65) ]
TOTAL THIS MO.    71
DPTR FM NORMAL     M    [PRESSURE DATA]
TOTAL FM JAN 1   332    HIGHEST SLP M ON M
DPTR FM NORMAL     M    LOWEST  SLP M ON M

[REMARKS]
