000
CXUS53 KARX 280930
CF6CMY
PRELIMINARY LOCAL CLIMATOLOGICAL DATA (WS FORM: F-6)

                                          STATION:   SPARTA - FORT MCCOY WI
                                          MONTH:     AUGUST
                                          YEAR:      2014
                                          LATITUDE:   43 58 N
                                          LONGITUDE:  90 44 W

  TEMPERATURE IN F:       :PCPN:    SNOW:  WIND      :SUNSHINE: SKY     :PK WND
================================================================================
1   2   3   4   5  6A  6B    7    8   9   10  11  12  13   14  15   16   17  18
                                     12Z  AVG MX 2MIN
DY MAX MIN AVG DEP HDD CDD  WTR  SNW DPTH SPD SPD DIR MIN PSBL S-S WX    SPD DR
================================================================================

 1  83  52  68   M   0   3 0.00  0.0    0  3.4 13 110   M    M   2 3       M  M
 2  85  52  69   M   0   4 0.00  0.0    0  1.1  7 240   M    M   2         M  M
 3  85  55  70   M   0   5 0.00  0.0    0  3.5 10 240   M    M   3 1      18 240
 4  79  59  69   M   0   4 1.09  0.0    0  2.1 10  90   M    M   5 123     M  M
 5  78  56  67   M   0   2 0.00  0.0    0  0.4  6  70   M    M   7 12      M  M
 6  81  55  68   M   0   3 0.00  0.0    0  0.7  5 230   M    M   5 2       M  M
 7  82  52  67   M   0   2 0.00  0.0    0  4.0 13 120   M    M   2 1      16 120
 8  82  51  67   M   0   2 0.00  0.0    0  2.9 10 100   M    M   5         M  M
 9  82  55  69   M   0   4 0.00  0.0    0  3.2  9 120   M    M   1        16 140
10  80  47  64   M   1   0 0.00  0.0    0  1.1  6 120   M    M   2         M  M
11  75  57  66   M   0   1 0.33  0.0    0  4.2 14  10   M    M   8 13     30  10
12  75  52  64   M   1   0 0.00  0.0    0  7.0 15 330   M    M   3        25 330
13  81  50  66   M   0   1 0.00  0.0    0  4.2 12 340   M    M   3        16 350
14  75  42  59   M   6   0 0.00  0.0    0  1.4  8 360   M    M   0         M  M
15  81  44  63   M   2   0 0.00  0.0    0  2.6  8 200   M    M   2         M  M
16  83  57  70   M   0   5 0.14  0.0    0  2.3  7 220   M    M   5 1       M  M
17  77  63  70   M   0   5 0.07  0.0    0  4.1  8 100   M    M   9         M  M
18  84  64  74   M   0   9 0.73  0.0    0  3.3  9 230   M    M   8 13     17 230
19  78  58  68   M   0   3 0.00  0.0    0  3.6 10 300   M    M   5 1      16 290
20  82  56  69   M   0   4 0.00  0.0    0  2.0  8 280   M    M   5 12      M  M
21  81  66  74   M   0   9 0.28  0.0    0  4.0 10 180   M    M   6 13     16 150
22  85  65  75   M   0  10 0.00  0.0    0  2.0  9 290   M    M   5 18      M  M
23  80  66  73   M   0   8 0.01  0.0    0  3.1  8 110   M    M   8 12      M  M
24  87  69  78   M   0  13 0.00  0.0    0  7.6 13 180   M    M   6 1      18 180
25  86  68  77   M   0  12 0.42  0.0    0  5.0 13 180   M    M   2 3       M  M
26  73  59  66   M   0   1 0.00  0.0    0  3.4 10 340   M    M   3 1       M  M
27  77  55  66   M   0   1    T  0.0    0  1.5  8 300   M    M   3         M  M
================================================================================
SM 2177 1525        10 111  3.07     0.0  83.7          M      115
================================================================================
AV 80.6 56.5                               3.1 FASTST   M    M   4    MAX(MPH)
                                 MISC ---->  # 15 330                 30    M
================================================================================
NOTES:
# LAST OF SEVERAL OCCURRENCES

COLUMN 17 PEAK WIND IN M.P.H.

PRELIMINARY LOCAL CLIMATOLOGICAL DATA (WS FORM: F-6) , PAGE 2

                                          STATION:  SPARTA - FORT MCCOY WI
                                          MONTH:    AUGUST
                                          YEAR:     2014
                                          LATITUDE:   43 58 N
                                          LONGITUDE:  90 44 W

[TEMPERATURE DATA]      [PRECIPITATION DATA]       SYMBOLS USED IN COLUMN 16

AVERAGE MONTHLY: 68.6   TOTAL FOR MONTH:   3.07    1 = FOG OR MIST
DPTR FM NORMAL:     M   DPTR FM NORMAL:       M    2 = FOG REDUCING VISIBILITY
HIGHEST:    87 ON 24    GRTST 24HR  1.09 ON  4- 4      TO 1/4 MILE OR LESS
LOWEST:     42 ON 14                               3 = THUNDER
                        SNOW, ICE PELLETS, HAIL    4 = ICE PELLETS
                        TOTAL MONTH:   0.0 INCH    5 = HAIL
                        GRTST 24HR     0.0         6 = FREEZING RAIN OR DRIZZLE
                        GRTST DEPTH:   0           7 = DUSTSTORM OR SANDSTORM:
                                                       VSBY 1/2 MILE OR LESS
                                                   8 = SMOKE OR HAZE
[NO. OF DAYS WITH]      [WEATHER - DAYS WITH]      9 = BLOWING SNOW
                                                   X = TORNADO
MAX 32 OR BELOW:   0    0.01 INCH OR MORE:   8
MAX 90 OR ABOVE:   0    0.10 INCH OR MORE:   6
MIN 32 OR BELOW:   0    0.50 INCH OR MORE:   2
MIN  0 OR BELOW:   0    1.00 INCH OR MORE:   1

[HDD (BASE 65) ]
TOTAL THIS MO.    10    CLEAR  (SCALE 0-3)  13
DPTR FM NORMAL     M    PTCLDY (SCALE 4-7)  10
TOTAL FM JUL 1    58    CLOUDY (SCALE 8-10)  4
DPTR FM NORMAL     M

[CDD (BASE 65) ]
TOTAL THIS MO.   111
DPTR FM NORMAL     M    [PRESSURE DATA]
TOTAL FM JAN 1   353    HIGHEST SLP M ON M
DPTR FM NORMAL     M    LOWEST  SLP M ON M

[REMARKS]
