129
CXUS53 KTOP 290800
CF6CNK
PRELIMINARY LOCAL CLIMATOLOGICAL DATA (WS FORM: F-6)

                                          STATION:   Concordia KS
                                          MONTH:     AUGUST
                                          YEAR:      2016
                                          LATITUDE:   39 32 N
                                          LONGITUDE:  97 39 W

  TEMPERATURE IN F:       :PCPN:    SNOW:  WIND      :SUNSHINE: SKY     :PK WND
================================================================================
1   2   3   4   5  6A  6B    7    8   9   10  11  12  13   14  15   16   17  18
                                     12Z  AVG MX 2MIN
DY MAX MIN AVG DEP HDD CDD  WTR  SNW DPTH SPD SPD DIR MIN PSBL S-S WX    SPD DR
================================================================================

 1  91  75  83   4   0  18 0.00  0.0    0 12.4 24 140   M    M   0        29 120
 2  86  72  79   0   0  14 0.04  0.0    0  9.3 22 180   M    M   3 13     30 180
 3  95  71  83   4   0  18 0.00  0.0    0  8.6 15 170   M    M   2 1      20 180
 4  96  73  85   6   0  20 0.00  0.0    0 10.9 20 180   M    M   2 3      25 190
 5  80  66  73  -5   0   8 0.15  0.0    0  7.1 20 260   M    M   9 13     26 250
 6  78  66  72  -6   0   7 0.00  0.0    0  5.5 16  90   M    M   7        22 100
 7  73  65  69  -9   0   4 1.46  0.0    0  8.3 17 260   M    M   9 13     20 260
 8  82  66  74  -4   0   9 0.00  0.0    0  5.4 13 130   M    M   8        16 130
 9  93  70  82   4   0  17 0.00  0.0    0  9.2 16 160   M    M   1        21 140
10  94  75  85   7   0  20 0.00  0.0    0 14.7 23 170   M    M   0        29 150
11  98  73  86   8   0  21 0.17  0.0    0 15.2 29 280   M    M   1 138    38 290
12  85  68  77  -1   0  12 0.00  0.0    0  8.9 22 330   M    M   3 1      27 340
13  90  63  77  -1   0  12 0.00  0.0    0  5.1 10 320   M    M   0        14 330
14  87  66  77  -1   0  12 0.00  0.0    0  5.7 14 120   M    M   1        18 130
15  86  64  75  -3   0  10 0.00  0.0    0  7.4 17 170   M    M   0        21 180
16  92  66  79   2   0  14 0.00  0.0    0 10.0 18 190   M    M   0        24 190
17  94  66  80   3   0  15 0.00  0.0    0  9.2 22 200   M    M   0 8      28 190
18  93  67  80   3   0  15 0.03  0.0    0 11.4 21 180   M    M   1 13     27 190
19  89  65  77   0   0  12 0.60  0.0    0  9.2 38 320   M    M   2 13     50 320
20  76  58  67 -10   0   2 0.00  0.0    0  8.9 21 330   M    M   2        26 340
21  82  57  70  -7   0   5 0.00  0.0    0  8.1 18 180   M    M   0        24 170
22  86  63  75  -1   0  10 0.00  0.0    0 16.6 26 180   M    M   1        34 190
23  93  69  81   5   0  16 1.05  0.0    0 16.7 39 140   M    M   2 13     52 140
24  79  60  70  -6   0   5 0.40  0.0    0  7.9 20 320   M    M   1 13     26 310
25  78  59  69  -7   0   4 0.46  0.0    0  6.7 16  30   M    M   1 13     21  20
26  76  61  69  -7   0   4 0.04  0.0    0  3.6 10 220   M    M   7 1      13 200
27  85  64  75   0   0  10 0.46  0.0    0  5.6 20 260   M    M   3 13     27 260
28  90  67  79   4   0  14 0.00  0.0    0  7.5 18 180   M    M   1 1      23 170
================================================================================
SM 2427 1855         0 328  4.86     0.0 255.1          M       67
================================================================================
AV 86.7 66.2                               9.1 FASTST   M    M   2    MAX(MPH)
                                 MISC ---->  # 39 140               # 52  140
================================================================================
NOTES:
# LAST OF SEVERAL OCCURRENCES

COLUMN 17 PEAK WIND IN M.P.H.

PRELIMINARY LOCAL CLIMATOLOGICAL DATA (WS FORM: F-6) , PAGE 2

                                          STATION:  Concordia KS
                                          MONTH:    AUGUST
                                          YEAR:     2016
                                          LATITUDE:   39 32 N
                                          LONGITUDE:  97 39 W

[TEMPERATURE DATA]      [PRECIPITATION DATA]       SYMBOLS USED IN COLUMN 16

AVERAGE MONTHLY: 76.5   TOTAL FOR MONTH:   4.86    1 = FOG OR MIST
DPTR FM NORMAL:  -0.9   DPTR FM NORMAL:    2.00    2 = FOG REDUCING VISIBILITY
HIGHEST:    98 ON 11    GRTST 24HR  1.46 ON  7- 7      TO 1/4 MILE OR LESS
LOWEST:     57 ON 21                               3 = THUNDER
                        SNOW, ICE PELLETS, HAIL    4 = ICE PELLETS
                        TOTAL MONTH:   0.0 INCH    5 = HAIL
                        GRTST 24HR     0.0         6 = FREEZING RAIN OR DRIZZLE
                        GRTST DEPTH:   0           7 = DUSTSTORM OR SANDSTORM:
                                                       VSBY 1/2 MILE OR LESS
                                                   8 = SMOKE OR HAZE
[NO. OF DAYS WITH]      [WEATHER - DAYS WITH]      9 = BLOWING SNOW
                                                   X = TORNADO
MAX 32 OR BELOW:   0    0.01 INCH OR MORE:  11
MAX 90 OR ABOVE:  12    0.10 INCH OR MORE:   8
MIN 32 OR BELOW:   0    0.50 INCH OR MORE:   3
MIN  0 OR BELOW:   0    1.00 INCH OR MORE:   2

[HDD (BASE 65) ]
TOTAL THIS MO.     0    CLEAR  (SCALE 0-3)  23
DPTR FM NORMAL     0    PTCLDY (SCALE 4-7)   3
TOTAL FM JUL 1     1    CLOUDY (SCALE 8-10)  2
DPTR FM NORMAL     1

[CDD (BASE 65) ]
TOTAL THIS MO.   328
DPTR FM NORMAL   -19    [PRESSURE DATA]
TOTAL FM JAN 1  1255    HIGHEST SLP M ON M
DPTR FM NORMAL   118    LOWEST  SLP 29.70 ON 19

[REMARKS]
