000
CXUS51 KGYX 300900
CF6CON
PRELIMINARY LOCAL CLIMATOLOGICAL DATA (WS FORM: F-6)

                                          STATION:   CONCORD NH
                                          MONTH:     MAY
                                          YEAR:      2016
                                          LATITUDE:   43 12 N
                                          LONGITUDE:  71 30 W

  TEMPERATURE IN F:       :PCPN:    SNOW:  WIND      :SUNSHINE: SKY     :PK WND
================================================================================
1   2   3   4   5  6A  6B    7    8   9   10  11  12  13   14  15   16   17  18
                                     12Z  AVG MX 2MIN
DY MAX MIN AVG DEP HDD CDD  WTR  SNW DPTH SPD SPD DIR MIN PSBL S-S WX    SPD DR
================================================================================

 1  51  39  45  -6  20   0 0.21  0.0    0  2.5  9 170   M    M   7 1      12 130
 2  48  40  44  -7  21   0 0.50  0.0    0  3.7  9 350   M    M   9 12     14  90
 3  55  41  48  -4  17   0 0.00  0.0    0  1.5  8 340   M    M  10 12     11 320
 4  50  42  46  -6  19   0 0.25  0.0    0  4.0 10  70   M    M  10 18     14 100
 5  52  42  47  -5  18   0    T  0.0    0  8.1 15  40   M    M  10 1      21  40
 6  70  46  58   5   7   0 0.09  0.0    0  5.9 13 120   M    M   9 1      18  60
 7  54  46  50  -3  15   0 0.04  0.0    0  4.4  9 100   M    M   9 18     12  50
 8  60  36  48  -5  17   0 0.04  0.0    0  9.0 28 300   M    M   8 1      37 300
 9  62  38  50  -4  15   0    T  0.0    0 10.2 23 310   M    M   6        31 310
10  73  32  53  -1  12   0 0.00  0.0    0  7.3 16 280   M    M   0        21 290
11  78  35  57   3   8   0 0.00  0.0    0  5.4 17 310   M    M   0        23 320
12  81  38  60   6   5   0 0.00  0.0    0  4.1 14 170   M    M   0 8      19 170
13  74  44  59   4   6   0 0.43  0.0    0  5.0 14 160   M    M   6 1      20 160
14  79  49  64   9   1   0 0.03  0.0    0  6.1 16 220   M    M   2 12     21 210
15  58  41  50  -6  15   0    T  0.0    0 12.9 25 270   M    M   9        35 290
16  56  35  46 -10  19   0 0.01  0.0    0 14.3 29 290   M    M   6        42 280
17  71  33  52  -4  13   0    T  0.0    0  7.5 20 340   M    M   5        29 270
18  71  42  57   1   8   0 0.00  0.0    0  4.9 12 310   M    M   1        17 110
19  72  45  59   2   6   0 0.18  0.0    0  4.1 17 350   M    M   7 1      24 340
20  77  44  61   4   4   0 0.00  0.0    0  3.2 13 300   M    M   3 12     18 300
21  78  42  60   3   5   0 0.00  0.0    0  4.4 16 200   M    M   2        20 210
22  72  51  62   4   3   0 0.00  0.0    0  2.8 13 130   M    M   3        17 140
23  84  44  64   6   1   0 0.00  0.0    0  4.2 15  40   M    M   3 1      27  30
24  66  56  61   3   4   0 0.71  0.0    0  4.3 13  80   M    M   9 1      16  60
25  90  54  72  13   0   7 0.00  0.0    0  3.9 16 300   M    M   4 12     21 270
26  88  54  71  12   0   6 0.01  0.0    0  4.4 14 100   M    M   1 1      19 300
27  85  58  72  13   0   7    T  0.0    0  4.9 13 170   M    M   3        17 180
28  94  60  77  17   0  12 0.00  0.0    0  2.9 10  10   M    M   2 18     15 360
29  71  53  62   2   3   0 0.00  0.0    0  5.9 12  40   M    M   9 18     15  90
================================================================================
SM 2020 1280       262  32  2.50     0.0 161.8          M      153
================================================================================
AV 69.7 44.1                               5.6 FASTST   M    M   5    MAX(MPH)
                                 MISC ---->  # 29 290               # 42  280
================================================================================
NOTES:
# LAST OF SEVERAL OCCURRENCES

COLUMN 17 PEAK WIND IN M.P.H.

PRELIMINARY LOCAL CLIMATOLOGICAL DATA (WS FORM: F-6) , PAGE 2

                                          STATION:  CONCORD NH
                                          MONTH:    MAY
                                          YEAR:     2016
                                          LATITUDE:   43 12 N
                                          LONGITUDE:  71 30 W

[TEMPERATURE DATA]      [PRECIPITATION DATA]       SYMBOLS USED IN COLUMN 16

AVERAGE MONTHLY: 56.9   TOTAL FOR MONTH:   2.50    1 = FOG OR MIST
DPTR FM NORMAL:   1.4   DPTR FM NORMAL:   -0.90    2 = FOG REDUCING VISIBILITY
HIGHEST:    94 ON 28    GRTST 24HR  0.71 ON 24-24      TO 1/4 MILE OR LESS
LOWEST:     32 ON 10                               3 = THUNDER
                        SNOW, ICE PELLETS, HAIL    4 = ICE PELLETS
                        TOTAL MONTH:   0.0 INCH    5 = HAIL
                        GRTST 24HR     0.0         6 = FREEZING RAIN OR DRIZZLE
                        GRTST DEPTH:   0           7 = DUSTSTORM OR SANDSTORM:
                                                       VSBY 1/2 MILE OR LESS
                                                   8 = SMOKE OR HAZE
[NO. OF DAYS WITH]      [WEATHER - DAYS WITH]      9 = BLOWING SNOW
                                                   X = TORNADO
MAX 32 OR BELOW:   0    0.01 INCH OR MORE:  12
MAX 90 OR ABOVE:   2    0.10 INCH OR MORE:   6
MIN 32 OR BELOW:   1    0.50 INCH OR MORE:   2
MIN  0 OR BELOW:   0    1.00 INCH OR MORE:   0

[HDD (BASE 65) ]
TOTAL THIS MO.   262    CLEAR  (SCALE 0-3)   9
DPTR FM NORMAL   -30    PTCLDY (SCALE 4-7)  11
TOTAL FM JUL 1  6019    CLOUDY (SCALE 8-10)  9
DPTR FM NORMAL -1120

[CDD (BASE 65) ]
TOTAL THIS MO.    32
DPTR FM NORMAL    20    [PRESSURE DATA]
TOTAL FM JAN 1    32    HIGHEST SLP M ON M
DPTR FM NORMAL    18    LOWEST  SLP 29.48 ON 15

[REMARKS]
