000
CXUS55 KPUB 251059
CF6COS
PRELIMINARY LOCAL CLIMATOLOGICAL DATA (WS FORM: F-6)

                                          STATION:   COLORADO SPRINGS CO
                                          MONTH:     APRIL
                                          YEAR:      2017
                                          LATITUDE:   38 49 N
                                          LONGITUDE: 104 43 W

  TEMPERATURE IN F:       :PCPN:    SNOW:  WIND      :SUNSHINE: SKY     :PK WND
================================================================================
1   2   3   4   5  6A  6B    7    8   9   10  11  12  13   14  15   16   17  18
                                     12Z  AVG MX 2MIN
DY MAX MIN AVG DEP HDD CDD  WTR  SNW DPTH SPD SPD DIR MIN PSBL S-S WX    SPD DR
================================================================================

 1  37  32  35  -8  30   0 0.24  3.2    T  5.9 15 170   M    M  10 128    18 170
 2  58  32  45   2  20   0 0.01  0.0    0  6.2 20 160   M    M   6 12     22 200
 3  53  33  43   0  22   0 0.11  0.8    0 13.0 29  30   M    M   7 1      33  30
 4  38  30  34  -9  31   0 0.59  4.9    4 11.7 23  20   M    M   9 18     27 340
 5  49  22  36  -8  29   0 0.00  0.0    1  6.9 16 170   M    M   4        20 340
 6  59  30  45   1  20   0 0.00  0.0    0 10.2 22 180   M    M   3        31 180
 7  75  37  56  12   9   0 0.00  0.0    0  9.7 26 200   M    M   8        33 200
 8  75  49  62  18   3   0 0.00  0.0    0 12.5 30 190   M    M   7        41 200
 9  64  42  53   8  12   0 0.00  0.0    0 17.3 33 250   M    M   2        44 230
10  58  32  45   0  20   0 0.00  0.0    0 11.3 26 150   M    M   2        44 150
11  66  28  47   2  18   0 0.00  0.0    0  8.0 26 160   M    M   5        31 160
12  74  41  58  13   7   0 0.00  0.0    0  6.2 20  90   M    M   5        24  90
13  73  41  57  11   8   0 0.00  0.0    0 10.0 24 170   M    M   3        30 170
14  80  41  61  15   4   0 0.00  0.0    0 14.3 31 200   M    M   2        39 200
15  73  45  59  13   6   0    T  0.0    0 10.6 25  70   M    M   4        32  70
16  67  41  54   8  11   0 0.00  0.0    0 11.4 23 160   M    M   6        28 170
17  73  44  59  12   6   0 0.02  0.0    0 10.2 26 190   M    M   6 1      33 130
18  72  47  60  13   5   0 0.00  0.0    0 12.6 26 180   M    M   5        33 170
19  75  45  60  13   5   0 0.00  0.0    0 13.8 37 270   M    M   4        47 250
20  58  40  49   1  16   0 0.52  0.0    0 11.9 32 170   M    M   8 13     38 160
21  53  37  45  -3  20   0 0.33  0.0    0 12.5 31 330   M    M   9 13     37 330
22  51  35  43  -5  22   0 0.03    T    0  7.0 14  70   M    M   7 1      19  60
23  68  34  51   2  14   0 0.00  0.0    0  8.8 24 180   M    M   6        28 180
24  73  48  61  12   4   0 0.00  0.0    0 11.0 30 230   M    M   6        40 230
================================================================================
SM 1522  906       342   0  1.85     8.9 253.0          M      134
================================================================================
AV 63.4 37.8                              10.5 FASTST   M    M   6    MAX(MPH)
                                 MISC ---->  # 37 270               # 47  250
================================================================================
NOTES:
# LAST OF SEVERAL OCCURRENCES

COLUMN 17 PEAK WIND IN M.P.H.

PRELIMINARY LOCAL CLIMATOLOGICAL DATA (WS FORM: F-6) , PAGE 2

                                          STATION:  COLORADO SPRINGS CO
                                          MONTH:    APRIL
                                          YEAR:     2017
                                          LATITUDE:   38 49 N
                                          LONGITUDE: 104 43 W

[TEMPERATURE DATA]      [PRECIPITATION DATA]       SYMBOLS USED IN COLUMN 16

AVERAGE MONTHLY: 50.6   TOTAL FOR MONTH:   1.85    1 = FOG OR MIST
DPTR FM NORMAL:   5.0   DPTR FM NORMAL:    0.79    2 = FOG REDUCING VISIBILITY
HIGHEST:    80 ON 14    GRTST 24HR  0.85 ON 20-21      TO 1/4 MILE OR LESS
LOWEST:     22 ON  5                               3 = THUNDER
                        SNOW, ICE PELLETS, HAIL    4 = ICE PELLETS
                        TOTAL MONTH:   8.9 INCHES  5 = HAIL
                        GRTST 24HR   4.9 ON   M    6 = FREEZING RAIN OR DRIZZLE
                        GRTST DEPTH:   4 ON  4     7 = DUSTSTORM OR SANDSTORM:
                                                       VSBY 1/2 MILE OR LESS
                                                   8 = SMOKE OR HAZE
[NO. OF DAYS WITH]      [WEATHER - DAYS WITH]      9 = BLOWING SNOW
                                                   X = TORNADO
MAX 32 OR BELOW:   0    0.01 INCH OR MORE:   8
MAX 90 OR ABOVE:   0    0.10 INCH OR MORE:   5
MIN 32 OR BELOW:   7    0.50 INCH OR MORE:   2
MIN  0 OR BELOW:   0    1.00 INCH OR MORE:   0

[HDD (BASE 65) ]
TOTAL THIS MO.   342    CLEAR  (SCALE 0-3)   5
DPTR FM NORMAL  -122    PTCLDY (SCALE 4-7)  15
TOTAL FM JUL 1  4655    CLOUDY (SCALE 8-10)  4
DPTR FM NORMAL -1177

[CDD (BASE 65) ]
TOTAL THIS MO.     0
DPTR FM NORMAL     0    [PRESSURE DATA]
TOTAL FM JAN 1     0    HIGHEST SLP M ON M
DPTR FM NORMAL     0    LOWEST  SLP 29.45 ON 24

[REMARKS]
