000
CXUS54 KCRP 221300
CF6CRP
PRELIMINARY LOCAL CLIMATOLOGICAL DATA (WS FORM: F-6)

                                          STATION:   CORPUS CHRISTI
                                          MONTH:     APRIL
                                          YEAR:      2017
                                          LATITUDE:   27 46 N
                                          LONGITUDE:  97 30 W

  TEMPERATURE IN F:       :PCPN:    SNOW:  WIND      :SUNSHINE: SKY     :PK WND
================================================================================
1   2   3   4   5  6A  6B    7    8   9   10  11  12  13   14  15   16   17  18
                                     12Z  AVG MX 2MIN
DY MAX MIN AVG DEP HDD CDD  WTR  SNW DPTH SPD SPD DIR MIN PSBL S-S WX    SPD DR
================================================================================

 1  84  72  78   9   0  13 0.00  0.0    0 21.6 32 130   M    M   8        40 140
 2  92  72  82  12   0  17    T  0.0    0 15.8 26 320   M    M   7 18     33 320
 3  94  53  74   4   0   9 0.00  0.0    0 10.0 21 320   M    M   2        26 320
 4  90  58  74   4   0   9 0.00  0.0    0 14.6 25 150   M    M   6 18     32 140
 5  80  57  69  -1   0   4 0.00  0.0    0 15.7 30  10   M    M   3 18     36 360
 6  81  48  65  -5   0   0 0.00  0.0    0  7.9 18 140   M    M   4        21 140
 7  83  52  68  -3   0   3 0.00  0.0    0 11.8 26 140   M    M   6        31 150
 8  84  65  75   4   0  10 0.00  0.0    0 17.6 29 140   M    M   4        33 150
 9  86  68  77   6   0  12 0.00  0.0    0 19.6 30 140   M    M   6        36 140
10  82  74  78   7   0  13 0.00  0.0    0 19.2 25 130   M    M  10 8      31 120
11  87  64  76   5   0  11 1.60  0.0    0 18.5 37 140   M    M  10 13     43 140
12  78  66  72   0   0   7    T  0.0    0 11.4 21  90   M    M   9 1      22 120
13  80  67  74   2   0   9 0.05  0.0    0 13.4 25 130   M    M   6        30 120
14  82  65  74   2   0   9 0.00  0.0    0 12.3 23 130   M    M   5 8      28 110
15  81  69  75   3   0  10 0.00  0.0    0 14.5 25 130   M    M   7 8      33 110
16  81  71  76   4   0  11 0.00  0.0    0 15.4 28 140   M    M   9 1      32 140
17  82  67  75   2   0  10 0.25  0.0    0  9.3 24 130   M    M  10 13     29 290
18  83  69  76   3   0  11 0.01  0.0    0  7.8 18 140   M    M   8 38     22 130
19  85  65  75   2   0  10 0.00  0.0    0  8.9 20 110   M    M   3        23 140
20  86  70  78   5   0  13 0.00  0.0    0 13.4 23 130   M    M   5        28 130
21  86  70  78   4   0  13 0.00  0.0    0 15.2 25 140   M    M   2        33 130
================================================================================
SM 1767 1362         0 204  1.91     0.0 293.9          M      130
================================================================================
AV 84.1 64.9                              14.0 FASTST   M    M   6    MAX(MPH)
                                 MISC ---->  # 37 140               # 43  140
================================================================================
NOTES:
# LAST OF SEVERAL OCCURRENCES

COLUMN 17 PEAK WIND IN M.P.H.

PRELIMINARY LOCAL CLIMATOLOGICAL DATA (WS FORM: F-6) , PAGE 2

                                          STATION:  CORPUS CHRISTI
                                          MONTH:    APRIL
                                          YEAR:     2017
                                          LATITUDE:   27 46 N
                                          LONGITUDE:  97 30 W

[TEMPERATURE DATA]      [PRECIPITATION DATA]       SYMBOLS USED IN COLUMN 16

AVERAGE MONTHLY: 74.5   TOTAL FOR MONTH:   1.91    1 = FOG OR MIST
DPTR FM NORMAL:   3.1   DPTR FM NORMAL:    0.69    2 = FOG REDUCING VISIBILITY
HIGHEST:    94 ON  3    GRTST 24HR  1.60 ON 11-11      TO 1/4 MILE OR LESS
LOWEST:     48 ON  6                               3 = THUNDER
                        SNOW, ICE PELLETS, HAIL    4 = ICE PELLETS
                        TOTAL MONTH:   0.0 INCH    5 = HAIL
                        GRTST 24HR     0.0         6 = FREEZING RAIN OR DRIZZLE
                        GRTST DEPTH:   0           7 = DUSTSTORM OR SANDSTORM:
                                                       VSBY 1/2 MILE OR LESS
                                                   8 = SMOKE OR HAZE
[NO. OF DAYS WITH]      [WEATHER - DAYS WITH]      9 = BLOWING SNOW
                                                   X = TORNADO
MAX 32 OR BELOW:   0    0.01 INCH OR MORE:   4
MAX 90 OR ABOVE:   3    0.10 INCH OR MORE:   2
MIN 32 OR BELOW:   0    0.50 INCH OR MORE:   1
MIN  0 OR BELOW:   0    1.00 INCH OR MORE:   1

[HDD (BASE 65) ]
TOTAL THIS MO.     0    CLEAR  (SCALE 0-3)   3
DPTR FM NORMAL   -15    PTCLDY (SCALE 4-7)  12
TOTAL FM JUL 1   368    CLOUDY (SCALE 8-10)  6
DPTR FM NORMAL  -528

[CDD (BASE 65) ]
TOTAL THIS MO.   204
DPTR FM NORMAL    53    [PRESSURE DATA]
TOTAL FM JAN 1   676    HIGHEST SLP M ON M
DPTR FM NORMAL   334    LOWEST  SLP 29.58 ON  2

[REMARKS]
