392
CXUS54 KCRP 291300
CF6CRP
PRELIMINARY LOCAL CLIMATOLOGICAL DATA (WS FORM: F-6)

                                          STATION:   CORPUS CHRISTI
                                          MONTH:     APRIL
                                          YEAR:      2016
                                          LATITUDE:   27 46 N
                                          LONGITUDE:  97 30 W

  TEMPERATURE IN F:       :PCPN:    SNOW:  WIND      :SUNSHINE: SKY     :PK WND
================================================================================
1   2   3   4   5  6A  6B    7    8   9   10  11  12  13   14  15   16   17  18
                                     12Z  AVG MX 2MIN
DY MAX MIN AVG DEP HDD CDD  WTR  SNW DPTH SPD SPD DIR MIN PSBL S-S WX    SPD DR
================================================================================

 1  76  59  68  -1   0   3 0.01  0.0    0 19.4 30  10   M    M   7 13     36  10
 2  76  53  65  -5   0   0 0.00  0.0    0 10.4 21  20   M    M   4        26 360
 3  79  51  65  -5   0   0 0.00  0.0    0  8.6 18 150   M    M   3        26 150
 4  84  50  67  -3   0   2 0.00  0.0    0  7.4 18 140   M    M   0        23 140
 5  82  54  68  -2   0   3 0.00  0.0    0 10.0 20 130   M    M   2        26 140
 6  85  61  73   3   0   8 0.00  0.0    0  7.0 22 200   M    M   8 1      26 200
 7  85  56  71   0   0   6 0.00  0.0    0  6.7 20 130   M    M   8 128    24 140
 8  81  61  71   0   0   6 0.00  0.0    0 10.5 21  80   M    M   7        27  80
 9  82  63  73   2   0   8 0.08  0.0    0 16.2 33 130   M    M   7        40 130
10  86  67  77   6   0  12    T  0.0    0 18.7 30 120   M    M   8 3      36 130
11  84  72  78   7   0  13    T  0.0    0 17.2 30 150   M    M   8 13     37 140
12  81  73  77   5   0  12 0.04  0.0    0 10.9 21 100   M    M   9 18     25  90
13  81  68  75   3   0  10 0.24  0.0    0 11.5 18  50   M    M   9 1      28  50
14  86  60  73   1   0   8 0.00  0.0    0  8.6 17  10   M    M   2 1      22  10
15  82  60  71  -1   0   6 0.00  0.0    0 10.9 22 120   M    M   4 18     26 110
16  78  73  76   4   0  11 0.08  0.0    0 15.5 23 130   M    M  10 1      38 130
17  83  75  79   6   0  14    T  0.0    0 18.9 26 130   M    M   9 8      32 140
18  85  68  77   4   0  12 1.98  0.0    0 16.2 31  60   M    M   9 13     41 100
19  80  70  75   2   0  10 0.00  0.0    0 10.3 21  80   M    M   9 18     25  60
20  83  71  77   4   0  12 0.00  0.0    0 10.6 21 110   M    M   7 1      24 100
21  81  67  74   0   0   9 0.34  0.0    0  9.7 38  20   M    M   7 1      46  20
22  88  67  78   4   0  13 0.00  0.0    0  7.3 16 120   M    M   4        24  30
23  84  66  75   1   0  10 0.00  0.0    0  7.6 20 130   M    M   6 18     25 130
24  81  69  75   1   0  10 0.63  0.0    0 11.5 22 150   M    M   8 13     28 260
25  84  74  79   5   0  14 0.00  0.0    0 15.5 26 140   M    M   8 1      30 140
26  83  75  79   5   0  14 0.00  0.0    0 18.8 28 150   M    M  10 18     33 150
27  89  74  82   7   0  17    T  0.0    0 10.5 43 350   M    M   5 18     51 350
28  85  76  81   6   0  16    T  0.0    0 14.5 22 130   M    M   9 18     26 120
================================================================================
SM 2314 1833         0 259  3.40     0.0 340.9          M      187
================================================================================
AV 82.6 65.5                              12.2 FASTST   M    M   7    MAX(MPH)
                                 MISC ---->  # 43 350               # 51  350
================================================================================
NOTES:
# LAST OF SEVERAL OCCURRENCES

COLUMN 17 PEAK WIND IN M.P.H.

PRELIMINARY LOCAL CLIMATOLOGICAL DATA (WS FORM: F-6) , PAGE 2

                                          STATION:  CORPUS CHRISTI
                                          MONTH:    APRIL
                                          YEAR:     2016
                                          LATITUDE:   27 46 N
                                          LONGITUDE:  97 30 W

[TEMPERATURE DATA]      [PRECIPITATION DATA]       SYMBOLS USED IN COLUMN 16

AVERAGE MONTHLY: 74.1   TOTAL FOR MONTH:   3.40    1 = FOG OR MIST
DPTR FM NORMAL:   1.9   DPTR FM NORMAL:    1.71    2 = FOG REDUCING VISIBILITY
HIGHEST:    89 ON 27    GRTST 24HR  1.98 ON 18-18      TO 1/4 MILE OR LESS
LOWEST:     50 ON  4                               3 = THUNDER
                        SNOW, ICE PELLETS, HAIL    4 = ICE PELLETS
                        TOTAL MONTH:   0.0 INCH    5 = HAIL
                        GRTST 24HR     0.0         6 = FREEZING RAIN OR DRIZZLE
                        GRTST DEPTH:   0           7 = DUSTSTORM OR SANDSTORM:
                                                       VSBY 1/2 MILE OR LESS
                                                   8 = SMOKE OR HAZE
[NO. OF DAYS WITH]      [WEATHER - DAYS WITH]      9 = BLOWING SNOW
                                                   X = TORNADO
MAX 32 OR BELOW:   0    0.01 INCH OR MORE:   8
MAX 90 OR ABOVE:   0    0.10 INCH OR MORE:   4
MIN 32 OR BELOW:   0    0.50 INCH OR MORE:   2
MIN  0 OR BELOW:   0    1.00 INCH OR MORE:   1

[HDD (BASE 65) ]
TOTAL THIS MO.     0    CLEAR  (SCALE 0-3)   4
DPTR FM NORMAL   -15    PTCLDY (SCALE 4-7)  14
TOTAL FM JUL 1   640    CLOUDY (SCALE 8-10) 10
DPTR FM NORMAL  -256

[CDD (BASE 65) ]
TOTAL THIS MO.   259
DPTR FM NORMAL    42    [PRESSURE DATA]
TOTAL FM JAN 1   536    HIGHEST SLP M ON M
DPTR FM NORMAL   128    LOWEST  SLP 29.55 ON 27

[REMARKS]
