000
CXUS54 KFWD 300730
CF6CRS
PRELIMINARY LOCAL CLIMATOLOGICAL DATA (WS FORM: F-6)

                                          STATION:   CORSICANA
                                          MONTH:     AUGUST
                                          YEAR:      2016
                                          LATITUDE:   32  1 N
                                          LONGITUDE:  96 24 W

  TEMPERATURE IN F:       :PCPN:    SNOW:  WIND      :SUNSHINE: SKY     :PK WND
================================================================================
1   2   3   4   5  6A  6B    7    8   9   10  11  12  13   14  15   16   17  18
                                     12Z  AVG MX 2MIN
DY MAX MIN AVG DEP HDD CDD  WTR  SNW DPTH SPD SPD DIR MIN PSBL S-S WX    SPD DR
================================================================================

 1  99  77  88   3   0  23 0.00  0.0    0 10.4 18 190   M    M   0        24 200
 2  99  74  87   2   0  22 0.00  0.0    0  7.7 17 220   M    M   0        23 210
 3 100  78  89   4   0  24 0.00  0.0    0  7.2 14 150   M    M   0        20 150
 4 101  77  89   4   0  24 0.00  0.0    0  7.7 15 160   M    M   0        19 130
 5 100  77  89   4   0  24 0.00  0.0    0  7.0 13 130   M    M   0        16 130
 6 100  78  89   4   0  24 0.00  0.0    0  7.8 13 130   M    M   0        18 130
 7 101  78  90   5   0  25 0.00  0.0    0  7.7 15 130   M    M   1        20 130
 8 100  78  89   4   0  24 0.00  0.0    0  7.6 13 130   M    M   0        17 180
 9 101  79  90   5   0  25 0.00  0.0    0  8.4 14 130   M    M   0        19 130
10 101  80  91   6   0  26 0.00  0.0    0  7.6 15 160   M    M   0        19 150
11 102  79  91   6   0  26 0.00  0.0    0  7.8 15 200   M    M   0        21 170
12 105  78  92   7   0  27 0.31  0.0    0  8.8 26  10   M    M   1 18     36  40
13  96  77  87   2   0  22 1.22  0.0    0  8.7 24 360   M    M   6 1      33 360
14  92  76  84  -1   0  19 0.00  0.0    0  7.1 15 190   M    M   3        19 350
15  78  72  75 -10   0  10 1.28  0.0    0  4.6 12 190   M    M   9 1      15 190
16  78  74  76  -9   0  11 0.24  0.0    0  5.4 10 110   M    M   9 1      14 120
17  83  75  79  -6   0  14 1.41  0.0    0  7.6 25 120   M    M   9 1      37 120
18  87  75  81  -4   0  16 0.43  0.0    0  7.7 18 150   M    M   7 1      24 170
19  91  75  83  -1   0  18    T  0.0    0  7.4 15 350   M    M   5 1      20 340
20  84  76  80  -4   0  15 0.01  0.0    0  7.3 18 210   M    M   5        25 200
21  82  74  78  -6   0  13 0.07  0.0    0  3.3 12 340   M    M   7 1      15 350
22  87  75  81  -3   0  16 0.15  0.0    0  7.3 23 180   M    M   5 1      29 170
23  93  76  85   1   0  20 0.00  0.0    0 10.4 20 180   M    M   4        27 180
24  93  74  84   0   0  19 0.00  0.0    0  8.1 15 170   M    M   1 1      21 160
25  93  76  85   1   0  20 0.00  0.0    0  6.5 20 110   M    M   1 1      24 110
26  92  74  83  -1   0  18    T  0.0    0  4.7 15 120   M    M   1        21 120
27  91  73  82  -1   0  17    T  0.0    0  4.3 13  70   M    M   0 1      18  70
28  89  73  81  -2   0  16    T  0.0    0  5.9 21 120   M    M   2        30 120
29  92  73  83   0   0  18 0.13  0.0    0  5.9 20  90   M    M   2 8      26  90
================================================================================
SM 2710 2201         0 576  5.25     0.0 207.9          M       78
================================================================================
AV 93.4 75.9                               7.2 FASTST   M    M   3    MAX(MPH)
                                 MISC ---->  # 26  10               # 37  120
================================================================================
NOTES:
# LAST OF SEVERAL OCCURRENCES

COLUMN 17 PEAK WIND IN M.P.H.

PRELIMINARY LOCAL CLIMATOLOGICAL DATA (WS FORM: F-6) , PAGE 2

                                          STATION:  CORSICANA
                                          MONTH:    AUGUST
                                          YEAR:     2016
                                          LATITUDE:   32  1 N
                                          LONGITUDE:  96 24 W

[TEMPERATURE DATA]      [PRECIPITATION DATA]       SYMBOLS USED IN COLUMN 16

AVERAGE MONTHLY: 84.7   TOTAL FOR MONTH:   5.25    1 = FOG OR MIST
DPTR FM NORMAL:   0.2   DPTR FM NORMAL:    3.35    2 = FOG REDUCING VISIBILITY
HIGHEST:   105 ON 12    GRTST 24HR  1.55 ON 17-18      TO 1/4 MILE OR LESS
LOWEST:     72 ON 15                               3 = THUNDER
                        SNOW, ICE PELLETS, HAIL    4 = ICE PELLETS
                        TOTAL MONTH:   0.0 INCH    5 = HAIL
                        GRTST 24HR     0.0         6 = FREEZING RAIN OR DRIZZLE
                        GRTST DEPTH:   0           7 = DUSTSTORM OR SANDSTORM:
                                                       VSBY 1/2 MILE OR LESS
                                                   8 = SMOKE OR HAZE
[NO. OF DAYS WITH]      [WEATHER - DAYS WITH]      9 = BLOWING SNOW
                                                   X = TORNADO
MAX 32 OR BELOW:   0    0.01 INCH OR MORE:  10
MAX 90 OR ABOVE:  21    0.10 INCH OR MORE:   8
MIN 32 OR BELOW:   0    0.50 INCH OR MORE:   3
MIN  0 OR BELOW:   0    1.00 INCH OR MORE:   3

[HDD (BASE 65) ]
TOTAL THIS MO.     0    CLEAR  (SCALE 0-3)  19
DPTR FM NORMAL     0    PTCLDY (SCALE 4-7)   7
TOTAL FM JUL 1     0    CLOUDY (SCALE 8-10)  3
DPTR FM NORMAL     0

[CDD (BASE 65) ]
TOTAL THIS MO.   576
DPTR FM NORMAL    10    [PRESSURE DATA]
TOTAL FM JAN 1  2263    HIGHEST SLP M ON M
DPTR FM NORMAL   245    LOWEST  SLP 29.68 ON 12

[REMARKS]
