000
CXUS51 KRLX 301151
CF6CRW
PRELIMINARY LOCAL CLIMATOLOGICAL DATA (WS FORM: F-6)

                                          STATION:   CHARLESTON WV
                                          MONTH:     APRIL
                                          YEAR:      2016
                                          LATITUDE:   38 22 N
                                          LONGITUDE:  81 36 W

  TEMPERATURE IN F:       :PCPN:    SNOW:  WIND      :SUNSHINE: SKY     :PK WND
================================================================================
1   2   3   4   5  6A  6B    7    8   9   10  11  12  13   14  15   16   17  18
                                     12Z  AVG MX 2MIN
DY MAX MIN AVG DEP HDD CDD  WTR  SNW DPTH SPD SPD DIR MIN PSBL S-S WX    SPD DR
================================================================================

 1  70  54  62  10   3   0 0.01  0.0    0 10.1 26 240   M    M   7        35 230
 2  59  37  48  -4  17   0 0.05    M    0 14.2 33 300   M    M   7        58 250
 3  58  31  45  -7  20   0 0.00  0.0    0  9.8 21 260   M    M   2        30 300
 4  70  36  53   1  12   0 0.05    T    0 13.5 24 240   M    M   6        36 230
 5  48  28  38 -15  27   0    T    T    0  4.8 20 330   M    M   2        27 330
 6  71  27  49  -4  16   0    T    M    0 10.2 30 210   M    M   6        38 200
 7  58  38  48  -6  17   0 0.34  0.0    0 12.3 30 190   M    M  10 1      41 280
 8  47  34  41 -13  24   0 0.05    T    0 10.6 22 300   M    M   9 1      33 280
 9  39  29  34 -20  31   0 0.14  1.5    1 10.0 28 300   M    M   8 1      40 300
10  63  23  43 -12  22   0 0.01  0.0    0  4.8 14 190   M    M   6        18 200
11  78  57  68  13   0   3 0.03  0.0    0 13.1 26 220   M    M   8        36 240
12  58  39  49  -6  16   0 0.17  0.0    0  7.3 25 320   M    M   4 1      33 320
13  69  31  50  -6  15   0 0.00  0.0    0  3.7 13  60   M    M   1        18  50
14  74  35  55  -1  10   0 0.00  0.0    0  1.9 10 340   M    M   1        13 340
15  76  50  63   7   2   0 0.00  0.0    0  6.2 15 150   M    M   2        20 140
16  78  45  62   6   3   0 0.00  0.0    0  3.2 13  80   M    M   0        18 320
17  83  43  63   6   2   0 0.00  0.0    0  2.3 13  70   M    M   0        16  30
18  86  47  67  10   0   2 0.00  0.0    0  2.2 12 280   M    M   1        18 360
19  86  51  69  12   0   4 0.00  0.0    0  5.4 17 330   M    M   4        23 320
20  87  52  70  12   0   5 0.00  0.0    0  4.3 17 150   M    M   3        22 140
21  82  65  74  16   0   9 0.00  0.0    0  6.7 23 260   M    M   7        31 260
22  72  55  64   6   1   0 0.17  0.0    0  4.9 14 220   M    M   9 1      18 250
23  65  47  56  -2   9   0    T    M    0  5.5 18 330   M    M   7 18     25 310
24  79  39  59   0   6   0 0.00  0.0    0  1.7  9 310   M    M   2 1      13 220
25  84  46  65   6   0   0 0.00  0.0    0  5.1 20 190   M    M   4        26 270
26  84  61  73  14   0   8 0.98  0.0    0  8.9 25 210   M    M   7 13     33 220
27  76  61  69  10   0   4 0.67  0.0    0  2.9 13 250   M    M   9 18     16 260
28  79  61  70  10   0   5 0.02  0.0    0  5.3 31 310   M    M   6 123    44 290
29  77  57  67   7   0   2 0.00  0.0    0  6.2 17 260   M    M   4 1      27 270
================================================================================
SM 2056 1279       253  42  2.69     1.5 197.1          M      142
================================================================================
AV 70.9 44.1                               6.8 FASTST   M    M   5    MAX(MPH)
                                 MISC ---->  # 33 300               # 58  250
================================================================================
NOTES:
# LAST OF SEVERAL OCCURRENCES

COLUMN 17 PEAK WIND IN M.P.H.

PRELIMINARY LOCAL CLIMATOLOGICAL DATA (WS FORM: F-6) , PAGE 2

                                          STATION:  CHARLESTON WV
                                          MONTH:    APRIL
                                          YEAR:     2016
                                          LATITUDE:   38 22 N
                                          LONGITUDE:  81 36 W

[TEMPERATURE DATA]      [PRECIPITATION DATA]       SYMBOLS USED IN COLUMN 16

AVERAGE MONTHLY: 57.5   TOTAL FOR MONTH:   2.69    1 = FOG OR MIST
DPTR FM NORMAL:   1.5   DPTR FM NORMAL:   -0.44    2 = FOG REDUCING VISIBILITY
HIGHEST:    87 ON 20    GRTST 24HR  1.48 ON 26-27      TO 1/4 MILE OR LESS
LOWEST:     23 ON 10                               3 = THUNDER
                        SNOW, ICE PELLETS, HAIL    4 = ICE PELLETS
                        TOTAL MONTH:   1.5 INCHES  5 = HAIL
                        GRTST 24HR   1.5 ON  9- 9  6 = FREEZING RAIN OR DRIZZLE
                        GRTST DEPTH:   1 ON  9     7 = DUSTSTORM OR SANDSTORM:
                                                       VSBY 1/2 MILE OR LESS
                                                   8 = SMOKE OR HAZE
[NO. OF DAYS WITH]      [WEATHER - DAYS WITH]      9 = BLOWING SNOW
                                                   X = TORNADO
MAX 32 OR BELOW:   0    0.01 INCH OR MORE:  13
MAX 90 OR ABOVE:   0    0.10 INCH OR MORE:   6
MIN 32 OR BELOW:   6    0.50 INCH OR MORE:   2
MIN  0 OR BELOW:   0    1.00 INCH OR MORE:   0

[HDD (BASE 65) ]
TOTAL THIS MO.   253    CLEAR  (SCALE 0-3)   9
DPTR FM NORMAL   -35    PTCLDY (SCALE 4-7)  16
TOTAL FM JUL 1  3573    CLOUDY (SCALE 8-10)  4
DPTR FM NORMAL  -769

[CDD (BASE 65) ]
TOTAL THIS MO.    42
DPTR FM NORMAL    14    [PRESSURE DATA]
TOTAL FM JAN 1    46    HIGHEST SLP M ON M
DPTR FM NORMAL    13    LOWEST  SLP 29.51 ON  2

[REMARKS]
