000
CXUS52 KFFC 181110
CF6CSG
PRELIMINARY LOCAL CLIMATOLOGICAL DATA (WS FORM: F-6)

                                          STATION:   COLUMBUS
                                          MONTH:     SEPTEMBER
                                          YEAR:      2014
                                          LATITUDE:   32 31 N
                                          LONGITUDE:  84 56 W

  TEMPERATURE IN F:       :PCPN:    SNOW:  WIND      :SUNSHINE: SKY     :PK WND
================================================================================
1   2   3   4   5  6A  6B    7    8   9   10  11  12  13   14  15   16   17  18
                                     12Z  AVG MX 2MIN
DY MAX MIN AVG DEP HDD CDD  WTR  SNW DPTH SPD SPD DIR MIN PSBL S-S WX    SPD DR
================================================================================

 1  96  74  85   5   0  20 0.14  0.0    0  2.7 18 120   M    M   1 138    30 120
 2  96  73  85   5   0  20    T  0.0    0  3.9 18 160   M    M   2 3      25 150
 3  92  72  82   2   0  17 2.48  0.0    0  4.3 24 150   M    M   1 138    35 200
 4  90  70  80   0   0  15 0.81  0.0    0  3.4 20 110   M    M   4 13     25 170
 5  92  71  82   2   0  17 0.00  0.0    0  2.9 10 310   M    M   2 3      13 140
 6  94  73  84   5   0  19    T  0.0    0  2.8 20 210   M    M   2 3      25 220
 7  93  71  82   3   0  17 0.34  0.0    0  3.4 20  90   M    M   4 138    25  90
 8  90  71  81   2   0  16 0.00  0.0    0  3.1 13 100   M    M   5        16 120
 9  84  71  78  -1   0  13 0.00  0.0    0  4.7 12 150   M    M   6        14 150
10  87  72  80   2   0  15 0.00  0.0    0  4.6 10  90   M    M   5 1      14 130
11  92  71  82   4   0  17 0.00  0.0    0  1.7 10 220   M    M   1        14 210
12  94  73  84   6   0  19 0.00  0.0    0  2.8 12 220   M    M   1        14 210
13  90  74  82   4   0  17 0.11  0.0    0  3.6 15 300   M    M   2 38     17  80
14  90  70  80   3   0  15    T  0.0    0  3.6 17  90   M    M   3 3      21  90
15  87  71  79   2   0  14 0.00  0.0    0  4.1  9  80   M    M   6 1      12  90
16  90  73  82   5   0  17    T  0.0    0  2.8 12 220   M    M   5 1      14 220
17  91  71  81   5   0  16 0.00  0.0    0  4.4 16 330   M    M   1        22 320
================================================================================
SM 1548 1221         0 284  3.88     0.0  58.8          M       51
================================================================================
AV 91.1 71.8                               3.5 FASTST   M    M   3    MAX(MPH)
                                 MISC ---->  # 24 150               # 35  200
================================================================================
NOTES:
# LAST OF SEVERAL OCCURRENCES

COLUMN 17 PEAK WIND IN M.P.H.

PRELIMINARY LOCAL CLIMATOLOGICAL DATA (WS FORM: F-6) , PAGE 2

                                          STATION:  COLUMBUS
                                          MONTH:    SEPTEMBER
                                          YEAR:     2014
                                          LATITUDE:   32 31 N
                                          LONGITUDE:  84 56 W

[TEMPERATURE DATA]      [PRECIPITATION DATA]       SYMBOLS USED IN COLUMN 16

AVERAGE MONTHLY: 81.4   TOTAL FOR MONTH:   3.88    1 = FOG OR MIST
DPTR FM NORMAL:   2.9   DPTR FM NORMAL:    2.08    2 = FOG REDUCING VISIBILITY
HIGHEST:    96 ON  2, 1 GRTST 24HR  2.48 ON  3- 3      TO 1/4 MILE OR LESS
LOWEST:     70 ON 14, 4                            3 = THUNDER
                        SNOW, ICE PELLETS, HAIL    4 = ICE PELLETS
                        TOTAL MONTH:   0.0 INCH    5 = HAIL
                        GRTST 24HR     0.0         6 = FREEZING RAIN OR DRIZZLE
                        GRTST DEPTH:   0           7 = DUSTSTORM OR SANDSTORM:
                                                       VSBY 1/2 MILE OR LESS
                                                   8 = SMOKE OR HAZE
[NO. OF DAYS WITH]      [WEATHER - DAYS WITH]      9 = BLOWING SNOW
                                                   X = TORNADO
MAX 32 OR BELOW:   0    0.01 INCH OR MORE:   5
MAX 90 OR ABOVE:  14    0.10 INCH OR MORE:   5
MIN 32 OR BELOW:   0    0.50 INCH OR MORE:   2
MIN  0 OR BELOW:   0    1.00 INCH OR MORE:   1

[HDD (BASE 65) ]
TOTAL THIS MO.     0    CLEAR  (SCALE 0-3)  10
DPTR FM NORMAL     0    PTCLDY (SCALE 4-7)   7
TOTAL FM JUL 1     0    CLOUDY (SCALE 8-10)  0
DPTR FM NORMAL     0

[CDD (BASE 65) ]
TOTAL THIS MO.   284
DPTR FM NORMAL    54    [PRESSURE DATA]
TOTAL FM JAN 1  2079    HIGHEST SLP M ON M
DPTR FM NORMAL   -23    LOWEST  SLP 29.85 ON 17

[REMARKS]
