000
CXUS52 KFFC 251110
CF6CSG
PRELIMINARY LOCAL CLIMATOLOGICAL DATA (WS FORM: F-6)

                                          STATION:   COLUMBUS
                                          MONTH:     SEPTEMBER
                                          YEAR:      2016
                                          LATITUDE:   32 31 N
                                          LONGITUDE:  84 56 W

  TEMPERATURE IN F:       :PCPN:    SNOW:  WIND      :SUNSHINE: SKY     :PK WND
================================================================================
1   2   3   4   5  6A  6B    7    8   9   10  11  12  13   14  15   16   17  18
                                     12Z  AVG MX 2MIN
DY MAX MIN AVG DEP HDD CDD  WTR  SNW DPTH SPD SPD DIR MIN PSBL S-S WX    SPD DR
================================================================================

 1  90  73  82   2   0  17 0.00  0.0    0  6.4 15 150   M    M   3        19 160
 2  88  73  81   1   0  16    T  0.0    0  7.8 14 360   M    M   4        19  10
 3  90  69  80   0   0  15 0.00  0.0    0  8.4 15 140   M    M   6        19 130
 4  90  71  81   1   0  16 0.00  0.0    0  7.6 17 170   M    M   4        22 150
 5  92  68  80   0   0  15 0.00  0.0    0  5.3 15 130   M    M   2        19 140
 6  94  65  80   1   0  15 0.00  0.0    0  1.7 10  60   M    M   1        14  20
 7  96  65  81   2   0  16 0.00  0.0    0  2.5 12 240   M    M   0        16 200
 8  95  67  81   2   0  16 0.00  0.0    0  3.3 13 200   M    M   1        15 200
 9  96  67  82   3   0  17 0.00  0.0    0  3.4 12 230   M    M   0        16 160
10  94  69  82   4   0  17 0.00  0.0    0  2.9 13 230   M    M   1        17 210
11  95  71  83   5   0  18 0.28  0.0    0  4.3 29 300   M    M   1 3      43 290
12  91  70  81   3   0  16 0.04  0.0    0  4.8 18 120   M    M   2 13     30 120
13  89  70  80   2   0  15 0.01  0.0    0  7.6 20 130   M    M   2 3      26 130
14  91  71  81   4   0  16 0.00  0.0    0  6.0 14 100   M    M   4        18  90
15  94  70  82   5   0  17 0.00  0.0    0  5.4 15 100   M    M   1        23 130
16  93  71  82   5   0  17 0.00  0.0    0  8.0 18 120   M    M   0        25 120
17  87  70  79   3   0  14    T  0.0    0  6.1 15 240   M    M   8        21 160
18  89  74  82   6   0  17 0.01  0.0    0  3.9 13 290   M    M   4 1      17 270
19  94  74  84   8   0  19 0.00  0.0    0  5.9 15 330   M    M   5        18 330
20  93  69  81   6   0  16 0.00  0.0    0  5.6 14  90   M    M   1        20  80
21  94  69  82   7   0  17 0.00  0.0    0  4.4 14  50   M    M   2        17  40
22  94  71  83   8   0  18 0.00  0.0    0  5.2 16 350   M    M   3        23 330
23  96  70  83   9   0  18 0.00  0.0    0  5.2 15  40   M    M   1        20  30
24  96  69  83   9   0  18    T  0.0    0  1.8 13 110   M    M   2 3      18  90
================================================================================
SM 2221 1676         0 396  0.34     0.0 123.5          M       58
================================================================================
AV 92.5 69.8                               5.1 FASTST   M    M   2    MAX(MPH)
                                 MISC ---->  # 29 300               # 43  290
================================================================================
NOTES:
# LAST OF SEVERAL OCCURRENCES

COLUMN 17 PEAK WIND IN M.P.H.

PRELIMINARY LOCAL CLIMATOLOGICAL DATA (WS FORM: F-6) , PAGE 2

                                          STATION:  COLUMBUS
                                          MONTH:    SEPTEMBER
                                          YEAR:     2016
                                          LATITUDE:   32 31 N
                                          LONGITUDE:  84 56 W

[TEMPERATURE DATA]      [PRECIPITATION DATA]       SYMBOLS USED IN COLUMN 16

AVERAGE MONTHLY: 81.2   TOTAL FOR MONTH:   0.34    1 = FOG OR MIST
DPTR FM NORMAL:   3.7   DPTR FM NORMAL:   -2.13    2 = FOG REDUCING VISIBILITY
HIGHEST:    96 ON 24,23 GRTST 24HR  0.28 ON 11-11      TO 1/4 MILE OR LESS
LOWEST:     65 ON  7, 6                            3 = THUNDER
                        SNOW, ICE PELLETS, HAIL    4 = ICE PELLETS
                        TOTAL MONTH:   0.0 INCH    5 = HAIL
                        GRTST 24HR     0.0         6 = FREEZING RAIN OR DRIZZLE
                        GRTST DEPTH:   0           7 = DUSTSTORM OR SANDSTORM:
                                                       VSBY 1/2 MILE OR LESS
                                                   8 = SMOKE OR HAZE
[NO. OF DAYS WITH]      [WEATHER - DAYS WITH]      9 = BLOWING SNOW
                                                   X = TORNADO
MAX 32 OR BELOW:   0    0.01 INCH OR MORE:   4
MAX 90 OR ABOVE:  20    0.10 INCH OR MORE:   1
MIN 32 OR BELOW:   0    0.50 INCH OR MORE:   0
MIN  0 OR BELOW:   0    1.00 INCH OR MORE:   0

[HDD (BASE 65) ]
TOTAL THIS MO.     0    CLEAR  (SCALE 0-3)  16
DPTR FM NORMAL     0    PTCLDY (SCALE 4-7)   8
TOTAL FM JUL 1     0    CLOUDY (SCALE 8-10)  0
DPTR FM NORMAL     0

[CDD (BASE 65) ]
TOTAL THIS MO.   396
DPTR FM NORMAL    96    [PRESSURE DATA]
TOTAL FM JAN 1  2453    HIGHEST SLP M ON M
DPTR FM NORMAL   281    LOWEST  SLP 29.78 ON  2

[REMARKS]
