000
CXUS54 KOUN 010800
CF6CSM
PRELIMINARY LOCAL CLIMATOLOGICAL DATA (WS FORM: F-6)

                                          STATION:   CLINTON
                                          MONTH:     JUNE
                                          YEAR:      2015
                                          LATITUDE:   35 20 N
                                          LONGITUDE:  99 12 W

  TEMPERATURE IN F:       :PCPN:    SNOW:  WIND      :SUNSHINE: SKY     :PK WND
================================================================================
1   2   3   4   5  6A  6B    7    8   9   10  11  12  13   14  15   16   17  18
                                     12Z  AVG MX 2MIN
DY MAX MIN AVG DEP HDD CDD  WTR  SNW DPTH SPD SPD DIR MIN PSBL S-S WX    SPD DR
================================================================================

 1  85  61  73  -1   0   8 0.00  0.0    0 11.4 20 150   M    M   1        25 150
 2  92  66  79   5   0  14 0.00  0.0    0 16.4 26 170   M    M   0        33 180
 3  93  68  81   7   0  16 0.00  0.0    0 17.6 28 170   M    M   0        36 180
 4  94  67  81   6   0  16 0.00  0.0    0 16.5 26 170   M    M   0        35 160
 5  93  68  81   6   0  16 0.00  0.0    0 11.6 21 160   M    M   0        25 140
 6  94  66  80   5   0  15 0.00  0.0    0 10.9 22 170   M    M   1        27 190
 7  95  69  82   7   0  17 0.15  0.0    0 12.8 25 330   M    M   1 138    35 330
 8  94  67  81   5   0  16 0.00  0.0    0  6.9 15  10   M    M   0        19 330
 9  96  69  83   7   0  18 0.00  0.0    0  7.8 16 190   M    M   1        22 180
10 100  72  86  10   0  21    T  0.0    0 13.6 22 180   M    M   1 8      27 190
11  97  75  86  10   0  21    T  0.0    0 18.4 28 190   M    M   1 3      36 190
12  86  68  77   0   0  12 0.78  0.0    0 11.6 25  80   M    M   7 138    32 310
13  81  66  74  -3   0   9 0.55  0.0    0 10.2 30 250   M    M   4 138    38 240
14  86  66  76  -1   0  11 1.57  0.0    0 10.4 30 140   M    M   5 123    37 140
15  85  66  76  -2   0  11 0.40  0.0    0  7.1 20 180   M    M   6 13     23 180
16  86  69  78   0   0  13    T  0.0    0  7.7 15 150   M    M   6         M  M
17  82  70  76  -2   0  11    T  0.0    0  7.9 15  60   M    M   5 1      18  70
18  89  68  79   1   0  14 0.00  0.0    0  8.4 17  10   M    M   0        24 330
19  94  71  83   5   0  18 0.00  0.0    0 10.2 22 180   M    M   1 3      27 190
20  94  72  83   4   0  18 0.00  0.0    0 19.7 32 190   M    M   0        38 190
21  93  71  82   3   0  17 0.00  0.0    0 17.3 24 160   M    M   1 1      34 180
22  93  73  83   4   0  18 0.00  0.0    0 20.7 33 190   M    M   0        40 200
23  94  70  82   3   0  17 0.00  0.0    0 16.5 25 200   M    M   0        31 190
24  95  73  84   4   0  19 0.00  0.0    0 16.7 24 210   M    M   0        35 210
25  96  72  84   4   0  19 0.00  0.0    0 16.2 25 230   M    M   0        32 220
26  93  72  83   3   0  18    T  0.0    0 10.5 22 360   M    M   1 3      26 360
27  89  67  78  -2   0  13 0.00  0.0    0  7.0 15  30   M    M   1        19 320
28  95  66  81   1   0  16 0.00  0.0    0 13.0 20 190   M    M   0        25 230
29  99  71  85   4   0  20    T  0.0    0 13.3 28 140   M    M   3 3      34 140
30  94  65  80  -1   0  15 0.00  0.0    0 11.0 21 260   M    M   0        25 210
================================================================================
SM 2757 2064         0 467  3.45     0.0 379.3          M       46
================================================================================
AV 91.9 68.8                              12.6 FASTST   M    M   2    MAX(MPH)
                                 MISC ---->  # 33 190               # 40  200
================================================================================
NOTES:
# LAST OF SEVERAL OCCURRENCES

COLUMN 17 PEAK WIND IN M.P.H.

PRELIMINARY LOCAL CLIMATOLOGICAL DATA (WS FORM: F-6) , PAGE 2

                                          STATION:  CLINTON
                                          MONTH:    JUNE
                                          YEAR:     2015
                                          LATITUDE:   35 20 N
                                          LONGITUDE:  99 12 W

[TEMPERATURE DATA]      [PRECIPITATION DATA]       SYMBOLS USED IN COLUMN 16

AVERAGE MONTHLY: 80.4   TOTAL FOR MONTH:   3.45    1 = FOG OR MIST
DPTR FM NORMAL:   2.9   DPTR FM NORMAL:   -0.30    2 = FOG REDUCING VISIBILITY
HIGHEST:   100 ON 10    GRTST 24HR  1.97 ON 14-15      TO 1/4 MILE OR LESS
LOWEST:     61 ON  1                               3 = THUNDER
                        SNOW, ICE PELLETS, HAIL    4 = ICE PELLETS
                        TOTAL MONTH:   0.0 INCH    5 = HAIL
                        GRTST 24HR     0.0         6 = FREEZING RAIN OR DRIZZLE
                        GRTST DEPTH:   0           7 = DUSTSTORM OR SANDSTORM:
                                                       VSBY 1/2 MILE OR LESS
                                                   8 = SMOKE OR HAZE
[NO. OF DAYS WITH]      [WEATHER - DAYS WITH]      9 = BLOWING SNOW
                                                   X = TORNADO
MAX 32 OR BELOW:   0    0.01 INCH OR MORE:   5
MAX 90 OR ABOVE:  21    0.10 INCH OR MORE:   5
MIN 32 OR BELOW:   0    0.50 INCH OR MORE:   3
MIN  0 OR BELOW:   0    1.00 INCH OR MORE:   1

[HDD (BASE 65) ]
TOTAL THIS MO.     0    CLEAR  (SCALE 0-3)  24
DPTR FM NORMAL    -2    PTCLDY (SCALE 4-7)   6
TOTAL FM JUL 1  3530    CLOUDY (SCALE 8-10)  0
DPTR FM NORMAL  -109

[CDD (BASE 65) ]
TOTAL THIS MO.   467
DPTR FM NORMAL    90    [PRESSURE DATA]
TOTAL FM JAN 1   594    HIGHEST SLP M ON M
DPTR FM NORMAL    14    LOWEST  SLP 29.65 ON 11

[REMARKS]
#FINAL-06-15#
