000
CXUS54 KOUN 280800
CF6CSM
PRELIMINARY LOCAL CLIMATOLOGICAL DATA (WS FORM: F-6)

                                          STATION:   CLINTON
                                          MONTH:     JULY
                                          YEAR:      2014
                                          LATITUDE:   35 20 N
                                          LONGITUDE:  99 12 W

  TEMPERATURE IN F:       :PCPN:    SNOW:  WIND      :SUNSHINE: SKY     :PK WND
================================================================================
1   2   3   4   5  6A  6B    7    8   9   10  11  12  13   14  15   16   17  18
                                     12Z  AVG MX 2MIN
DY MAX MIN AVG DEP HDD CDD  WTR  SNW DPTH SPD SPD DIR MIN PSBL S-S WX    SPD DR
================================================================================

 1  85  68  77  -4   0  12 0.04  0.0    0 10.8 36 340   M    M   3 3      46 340
 2  83  65  74  -7   0   9 0.00  0.0    0  8.9 21  40   M    M   3        25  40
 3  85  62  74  -8   0   9 0.00  0.0    0  9.5 20 160   M    M   4        24 140
 4  94  67  81  -1   0  16 0.00  0.0    0 12.3 23 140   M    M   0        28 140
 5  98  71  85   3   0  20 0.00  0.0    0 16.9 26 180   M    M   0        32 200
 6 101  73  87   5   0  22 0.00  0.0    0 17.8 26 200   M    M   0        33 210
 7 102  73  88   6   0  23 0.00  0.0    0 14.4 23 190   M    M   0        29 190
 8  95  74  85   3   0  20 0.00  0.0    0 11.6 20  40   M    M   0        25  20
 9  94  69  82  -1   0  17    T  0.0    0 12.1 21 140   M    M   3        25 150
10 100  74  87   4   0  22 0.00  0.0    0 12.7 26 190   M    M   0        35 170
11  95  75  85   2   0  20 0.00  0.0    0 16.5 28 160   M    M   0        35 160
12  98  74  86   3   0  21 0.00  0.0    0 16.4 29 190   M    M   0        36 200
13  99  72  86   3   0  21 1.15  0.0    0  9.3 35 330   M    M   3 3      54 250
14  93  73  83   0   0  18 0.10  0.0    0  8.1 26  40   M    M   3 3      31  40
15  80  66  73 -10   0   8 0.00  0.0    0 11.5 20  60   M    M   4        26  70
16  77  62  70 -14   0   5 0.16  0.0    0 13.0 23 150   M    M   8 3      27 140
17  67  61  64 -20   1   0 0.19  0.0    0  9.1 17 110   M    M  10        22 110
18  74  63  69 -15   0   4 0.03  0.0    0  6.2 13 130   M    M   8        15 140
19  85  62  74 -10   0   9 0.00  0.0    0 13.1 20 190   M    M   5        24 170
20  96  65  81  -3   0  16 0.00  0.0    0 15.8 22 200   M    M   0 8      26 190
21 100  73  87   3   0  22 0.00  0.0    0 14.3 23 190   M    M   0 8      28 160
22  99  75  87   3   0  22 0.00  0.0    0  9.2 15 200   M    M   0        20 180
23 102  73  88   4   0  23 0.00  0.0    0  6.7 18 180   M    M   0 3      25 170
24  99  74  87   3   0  22 0.00  0.0    0  9.3 17 170   M    M   0        22 160
25 105  74  90   6   0  25 0.00  0.0    0 18.9 28 200   M    M   0        38 210
26 104  73  89   5   0  24 0.00  0.0    0 14.9 23 190   M    M   0        29 190
27 100  74  87   3   0  22 0.00  0.0    0 14.0 28  50   M    M   0        35  40
================================================================================
SM 2510 1885         1 452  1.67     0.0 333.3          M       54
================================================================================
AV 93.0 69.8                              12.3 FASTST   M    M   2    MAX(MPH)
                                 MISC ---->  # 36 340               # 54  250
================================================================================
NOTES:
# LAST OF SEVERAL OCCURRENCES

COLUMN 17 PEAK WIND IN M.P.H.

PRELIMINARY LOCAL CLIMATOLOGICAL DATA (WS FORM: F-6) , PAGE 2

                                          STATION:  CLINTON
                                          MONTH:    JULY
                                          YEAR:     2014
                                          LATITUDE:   35 20 N
                                          LONGITUDE:  99 12 W

[TEMPERATURE DATA]      [PRECIPITATION DATA]       SYMBOLS USED IN COLUMN 16

AVERAGE MONTHLY: 81.4   TOTAL FOR MONTH:   1.67    1 = FOG OR MIST
DPTR FM NORMAL:  -1.7   DPTR FM NORMAL:   -0.14    2 = FOG REDUCING VISIBILITY
HIGHEST:   105 ON 25    GRTST 24HR  1.25 ON 13-14      TO 1/4 MILE OR LESS
LOWEST:     61 ON 17                               3 = THUNDER
                        SNOW, ICE PELLETS, HAIL    4 = ICE PELLETS
                        TOTAL MONTH:   0.0 INCH    5 = HAIL
                        GRTST 24HR     0.0         6 = FREEZING RAIN OR DRIZZLE
                        GRTST DEPTH:   0           7 = DUSTSTORM OR SANDSTORM:
                                                       VSBY 1/2 MILE OR LESS
                                                   8 = SMOKE OR HAZE
[NO. OF DAYS WITH]      [WEATHER - DAYS WITH]      9 = BLOWING SNOW
                                                   X = TORNADO
MAX 32 OR BELOW:   0    0.01 INCH OR MORE:   6
MAX 90 OR ABOVE:  19    0.10 INCH OR MORE:   4
MIN 32 OR BELOW:   0    0.50 INCH OR MORE:   1
MIN  0 OR BELOW:   0    1.00 INCH OR MORE:   1

[HDD (BASE 65) ]
TOTAL THIS MO.     1    CLEAR  (SCALE 0-3)  20
DPTR FM NORMAL     1    PTCLDY (SCALE 4-7)   6
TOTAL FM JUL 1     1    CLOUDY (SCALE 8-10)  1
DPTR FM NORMAL     1

[CDD (BASE 65) ]
TOTAL THIS MO.   452
DPTR FM NORMAL   -35    [PRESSURE DATA]
TOTAL FM JAN 1  1156    HIGHEST SLP M ON M
DPTR FM NORMAL    89    LOWEST  SLP 29.78 ON  1

[REMARKS]
