000
CXUS56 KTFX 311205
CF6CTB
PRELIMINARY LOCAL CLIMATOLOGICAL DATA (WS FORM: F-6)

                                          STATION:   CUT BANK MT
                                          MONTH:     AUGUST
                                          YEAR:      2015
                                          LATITUDE:   48 37 N
                                          LONGITUDE: 112 23 W

  TEMPERATURE IN F:       :PCPN:    SNOW:  WIND      :SUNSHINE: SKY     :PK WND
================================================================================
1   2   3   4   5  6A  6B    7    8   9   10  11  12  13   14  15   16   17  18
                                     12Z  AVG MX 2MIN
DY MAX MIN AVG DEP HDD CDD  WTR  SNW DPTH SPD SPD DIR MIN PSBL S-S WX    SPD DR
================================================================================

 1  95  52  74   8   0   9 0.00    M    0 11.6 24 280   M    M   0        31 270
 2  86  50  68   2   0   3 0.00    M    0 10.0 20 330   M    M   0        24 330
 3  94  50  72   6   0   7 0.00    M    0  9.3 31 220   M    M   0        37 210
 4  85  55  70   4   0   5 0.00    M    0 10.1 29 260   M    M   3 8      39  80
 5  81  50  66   0   0   1 0.00    M    0 10.9 23 220   M    M   2        31 230
 6  73  47  60  -6   5   0 0.00    M    0 14.2 38 260   M    M   0        45 260
 7  79  44  62  -4   3   0 0.00    M    0  8.4 15  50   M    M   0        19  50
 8  82  43  63  -3   2   0 0.00    M    0  9.3 22 160   M    M   0        29 140
 9  89  43  66   0   0   1 0.00    M    0  5.8 28 280   M    M   1        34 270
10  90  51  71   6   0   6    T    M    0  7.8 33 270   M    M   1        40 270
11  94  56  75  10   0  10 0.00    M    0  8.0 18 320   M    M   3 8      24 300
12  93  52  73   8   0   8 0.00    M    0  7.0 18 250   M    M   2 38     26 230
13  97  57  77  12   0  12 0.00    M    0  8.1 18 260   M    M   1 8      24 240
14  85  56  71   7   0   6 0.18    M    0 11.0 28 340   M    M   2 38     38 360
15  70  44  57  -7   8   0 0.00    M    0 14.4 29 240   M    M   5 38     33 250
16  68  44  56  -8   9   0 0.09    M    0  5.5 22  20   M    M   9 13     24  10
17  68  47  58  -6   7   0 0.07    M    0  6.3 15  40   M    M   4 13     18  40
18  69  49  59  -5   6   0 0.08    M    0 11.0 23 360   M    M   6 13     29 360
19  85  43  64   1   1   0 0.00    M    0  8.0 22 270   M    M   2 8      25 270
20  80  53  67   4   0   2 0.00    M    0  8.5 18 260   M    M   5 8      24 270
21  71  36  54  -9  11   0 0.18    M    0 16.5 45 330   M    M   8 18     56 330
22  65  39  52 -10  13   0 0.00    M    0 10.6 24 320   M    M   3        32 320
23  80  32  56  -6   9   0 0.00    M    0  4.3 13 160   M    M   0        17 180
24  86  48  67   5   0   2 0.00    M    0  2.6 13 250   M    M   7 8      14 260
25  90  50  70   9   0   5 0.00    M    0  8.6 21 250   M    M   3 8      28 280
26  90  47  69   8   0   4 0.00    M    0  6.6 17  50   M    M   4 8      23  70
27  88  49  69   8   0   4 0.00    M    0  9.8 24 270   M    M   8 8      30 270
28  83  61  72  12   0   7 0.00    M    0 15.0 39 250   M    M   8 38     46 250
29  89  52  71  11   0   6 0.00    M    0 13.4 39 220   M    M   8 8      49 230
30  76  49  63   3   2   0 0.00    M    0 24.1 52 260   M    M   1 8      62 250
================================================================================
SM 2481 1449        76  98  0.60    M    296.7          M       96
================================================================================
AV 82.7 48.3                               9.9 FASTST   M    M   3    MAX(MPH)
                                 MISC ---->  # 52 260               # 62  250
================================================================================
NOTES:
# LAST OF SEVERAL OCCURRENCES

COLUMN 17 PEAK WIND IN M.P.H.

PRELIMINARY LOCAL CLIMATOLOGICAL DATA (WS FORM: F-6) , PAGE 2

                                          STATION:  CUT BANK MT
                                          MONTH:    AUGUST
                                          YEAR:     2015
                                          LATITUDE:   48 37 N
                                          LONGITUDE: 112 23 W

[TEMPERATURE DATA]      [PRECIPITATION DATA]       SYMBOLS USED IN COLUMN 16

AVERAGE MONTHLY: 65.5   TOTAL FOR MONTH:   0.60    1 = FOG OR MIST
DPTR FM NORMAL:   1.8   DPTR FM NORMAL:   -0.55    2 = FOG REDUCING VISIBILITY
HIGHEST:    97 ON 13    GRTST 24HR  0.18 ON 21-21      TO 1/4 MILE OR LESS
LOWEST:     32 ON 23                               3 = THUNDER
                        SNOW, ICE PELLETS, HAIL    4 = ICE PELLETS
                        TOTAL MONTH:    M          5 = HAIL
                        GRTST 24HR    M  ON   M    6 = FREEZING RAIN OR DRIZZLE
                        GRTST DEPTH:   0           7 = DUSTSTORM OR SANDSTORM:
                                                       VSBY 1/2 MILE OR LESS
                                                   8 = SMOKE OR HAZE
[NO. OF DAYS WITH]      [WEATHER - DAYS WITH]      9 = BLOWING SNOW
                                                   X = TORNADO
MAX 32 OR BELOW:   0    0.01 INCH OR MORE:   5
MAX 90 OR ABOVE:   8    0.10 INCH OR MORE:   2
MIN 32 OR BELOW:   1    0.50 INCH OR MORE:   0
MIN  0 OR BELOW:   0    1.00 INCH OR MORE:   0

[HDD (BASE 65) ]
TOTAL THIS MO.    76    CLEAR  (SCALE 0-3)  17
DPTR FM NORMAL   -26    PTCLDY (SCALE 4-7)  12
TOTAL FM JUL 1   143    CLOUDY (SCALE 8-10)  1
DPTR FM NORMAL   -45

[CDD (BASE 65) ]
TOTAL THIS MO.    98
DPTR FM NORMAL    34    [PRESSURE DATA]
TOTAL FM JAN 1   228    HIGHEST SLP M ON M
DPTR FM NORMAL    75    LOWEST  SLP 29.55 ON 21

[REMARKS]
