000
CXUS55 KCAE 291400
CF6CUB
PRELIMINARY LOCAL CLIMATOLOGICAL DATA (WS FORM: F-6)

                                          STATION:   HAMILTON - OWENS AIRPORT SC
                                          MONTH:     APRIL
                                          YEAR:      2016
                                          LATITUDE:   33 58 N
                                          LONGITUDE:  80 59 W

  TEMPERATURE IN F:       :PCPN:    SNOW:  WIND      :SUNSHINE: SKY     :PK WND
================================================================================
1   2   3   4   5  6A  6B    7    8   9   10  11  12  13   14  15   16   17  18
                                     12Z  AVG MX 2MIN
DY MAX MIN AVG DEP HDD CDD  WTR  SNW DPTH SPD SPD DIR MIN PSBL S-S WX    SPD DR
================================================================================

 1  75  64  70   9   0   5 1.35    M    M  6.1 25 270   M    M   5 13     39 240
 2  75  60  68   7   0   3 0.05    M    M 11.4 30 270   M    M   4 1      38 260
 3  72  49  61  -1   4   0 0.00    M    M  4.7 17 270   M    M   0        24 270
 4  80  45  63   1   2   0 0.00    M    M  4.7 16 270   M    M   0        22 230
 5  68  49  59  -3   6   0 0.00    M    M  5.3 14  20   M    M   0        23  20
 6  68  39  54  -8  11   0 0.04    M    M  4.6 14 170   M    M   1 3      18 150
 7  73  53  63   1   2   0 0.38    M    M  9.5 24 260   M    M   3 13     32 280
 8  68  52  60  -3   5   0    T    M    M  7.3 21 280   M    M   4        27 290
 9  68  43  56  -7   9   0 0.00    M    M  7.7 24 270   M    M   0        34 270
10  62  37  50 -13  15   0 0.00    M    M  3.0 10 180   M    M   1        16 100
11  77  46  62  -1   3   0 0.00    M    M  5.8 15 170   M    M   3        21 190
12  72  61  67   3   0   2 0.23    M    M  3.0 12 190   M    M   9 1      17 190
13  72  55  64   0   1   0 0.00    M    M  3.8 13  60   M    M   4 1      24  70
14  71  54  63  -1   2   0 0.00    M    M  5.0 13  80   M    M   3        20  80
15  70  52  61  -3   4   0 0.00    M    M  4.9 10  70   M    M   7        18  80
16  74  50  62  -2   3   0 0.00    M    M  3.8 12  70   M    M   2        16  50
17  77  46  62  -3   3   0 0.00    M    M  2.3 12  70   M    M   0        19  70
18  84  44  64  -1   1   0 0.00    M    M  1.7 10 220   M    M   0        14 210
19  88  50  69   4   0   4 0.00    M    M  2.3 12 270   M    M   0        16 270
20  85  56  71   6   0   6 0.00    M    M  2.8 10 170   M    M   0        16 160
21  83  65  74   8   0   9 0.00    M    M  6.5 16 180   M    M   4 18     21 210
22  80  65  73   7   0   8 0.25    M    M  3.5 14 170   M    M   6 138    19 280
23  81  62  72   6   0   7 0.00    M    M  3.9 13 320   M    M   5 1      21 280
24  81  55  68   2   0   3 0.00    M    M  2.6  9 170   M    M   1        14 160
25  84  56  70   3   0   5 0.00    M    M  2.9 13 170   M    M   1        16 180
26  87  59  73   6   0   8 0.00    M    M  5.8 14 200   M    M   2 8      18 180
27  89  62  76   9   0  11 0.00    M    M  5.8 17 210   M    M   1        22 210
28  89  67  78  11   0  13 0.00    M    M  5.5 14 240   M    M   4 8      20 220
================================================================================
SM 2153 1496        71  84  2.30    M    136.2          M       70
================================================================================
AV 76.9 53.4                               4.9 FASTST   M    M   3    MAX(MPH)
                                 MISC ---->  # 30 270               # 39  240
================================================================================
NOTES:
# LAST OF SEVERAL OCCURRENCES

COLUMN 17 PEAK WIND IN M.P.H.

PRELIMINARY LOCAL CLIMATOLOGICAL DATA (WS FORM: F-6) , PAGE 2

                                          STATION:  HAMILTON - OWENS AIRPORT SC
                                          MONTH:    APRIL
                                          YEAR:     2016
                                          LATITUDE:   33 58 N
                                          LONGITUDE:  80 59 W

[TEMPERATURE DATA]      [PRECIPITATION DATA]       SYMBOLS USED IN COLUMN 16

AVERAGE MONTHLY: 65.2   TOTAL FOR MONTH:   2.30    1 = FOG OR MIST
DPTR FM NORMAL:   1.0   DPTR FM NORMAL:   -0.22    2 = FOG REDUCING VISIBILITY
HIGHEST:    89 ON 28,27 GRTST 24HR  1.50 ON 31- 1      TO 1/4 MILE OR LESS
LOWEST:     37 ON 10                               3 = THUNDER
                        SNOW, ICE PELLETS, HAIL    4 = ICE PELLETS
                        TOTAL MONTH:    M          5 = HAIL
                        GRTST 24HR    M  ON   M    6 = FREEZING RAIN OR DRIZZLE
                        GRTST DEPTH:  M  ON   M    7 = DUSTSTORM OR SANDSTORM:
                                                       VSBY 1/2 MILE OR LESS
                                                   8 = SMOKE OR HAZE
[NO. OF DAYS WITH]      [WEATHER - DAYS WITH]      9 = BLOWING SNOW
                                                   X = TORNADO
MAX 32 OR BELOW:   0    0.01 INCH OR MORE:   6
MAX 90 OR ABOVE:   0    0.10 INCH OR MORE:   4
MIN 32 OR BELOW:   0    0.50 INCH OR MORE:   1
MIN  0 OR BELOW:   0    1.00 INCH OR MORE:   1

[HDD (BASE 65) ]
TOTAL THIS MO.    71    CLEAR  (SCALE 0-3)  18
DPTR FM NORMAL   -25    PTCLDY (SCALE 4-7)   9
TOTAL FM JUL 1  1711    CLOUDY (SCALE 8-10)  1
DPTR FM NORMAL  -588

[CDD (BASE 65) ]
TOTAL THIS MO.    84
DPTR FM NORMAL     9    [PRESSURE DATA]
TOTAL FM JAN 1   162    HIGHEST SLP M ON M
DPTR FM NORMAL    69    LOWEST  SLP 29.65 ON  2

[REMARKS]
