000
CXUS53 KUNR 290945
CF6CUT
PRELIMINARY LOCAL CLIMATOLOGICAL DATA (WS FORM: F-6)

                                          STATION:   CUSTER COUNTY AIRPORT SD
                                          MONTH:     SEPTEMBER
                                          YEAR:      2014
                                          LATITUDE:   43 43 N
                                          LONGITUDE: 103 37 W

  TEMPERATURE IN F:       :PCPN:    SNOW:  WIND      :SUNSHINE: SKY     :PK WND
================================================================================
1   2   3   4   5  6A  6B    7    8   9   10  11  12  13   14  15   16   17  18
                                     12Z  AVG MX 2MIN
DY MAX MIN AVG DEP HDD CDD  WTR  SNW DPTH SPD SPD DIR MIN PSBL S-S WX    SPD DR
================================================================================

 1  64  42  53  -7  12   0    T    M    M  6.4 17 280   M    M   3        25 280
 2  75  42  59  -1   6   0 0.00    M    M  5.9 14 290   M    M   0        21 260
 3  86  47  67   7   0   2 0.00    M    M  6.3 20 280   M    M   1        26 230
 4  68  46  57  -2   8   0 0.00    M    M  6.4 15 120   M    M   1        21 120
 5  63  40  52  -7  13   0 0.00    M    M  3.9 13 180   M    M   3        18 260
 6  74  37  56  -3   9   0 0.00    M    M  4.6 14 270   M    M   0 1      18 260
 7  81  45  63   5   2   0 0.00    M    M  6.0 20 270   M    M   1        29 250
 8  83  52  68  10   0   3 0.00    M    M  6.2 16 210   M    M   1        24 220
 9  67  46  57   0   8   0    T    M    M  5.8 14  90   M    M   8        19  10
10  47  31  39 -18  26   0 0.41    M    M  6.9 14  50   M    M  10 128    18  40
11  31  25  28 -28  37   0 0.30    M    M  6.9 17  40   M    M  10 12     21  50
12  45  23  34 -22  31   0    T    M    M  5.8 13 270   M    M   5 1      18 240
13  61  31  46 -10  19   0 0.00    M    M  6.4 16 120   M    M   0        21 170
14  51  30  41 -14  24   0 0.00    M    M  5.3 13 100   M    M   3        17  80
15  63  34  49  -6  16   0 0.00    M    M  4.5 15 200   M    M   0 1      20 190
16  80  43  62   8   3   0 0.00    M    M  6.9 20 290   M    M   1        26 280
17  78  46  62   8   3   0 0.00    M    M  6.0 13 170   M    M   2        20 110
18  86  48  67  14   0   2 0.00    M    M  5.0 15 270   M    M   0        23 200
19  79  57  68  15   0   3    T    M    M  4.9 15 270   M    M   2        20 280
20  72  43  58   6   7   0 0.00    M    M  6.7 22 270   M    M   1        32 280
21  70  38  54   2  11   0 0.00    M    M  4.6 14 110   M    M   0        18 110
22  71  42  57   6   8   0 0.04    M    M  4.8 13 230   M    M   3        18 210
23  74  50  62  11   3   0 0.03    M    M  5.0 15 310   M    M   5        20 340
24  81  49  65  15   0   0 0.00    M    M  3.5 10 210   M    M   0        16 250
25  84  49  67  17   0   2 0.00    M    M  5.1 15 180   M    M   0        23 130
26  87  53  70  20   0   5 0.00    M    M  4.2 14 220   M    M   0        22 260
27  79  52  66  17   0   1 0.00    M    M  6.8 13  80   M    M   0        19 110
28  69  47  58   9   7   0 0.23    M    M  7.2 15  50   M    M   2 13     19  60
================================================================================
SM 1969 1188       253  18  1.01    M    158.0          M       62
================================================================================
AV 70.3 42.4                               5.6 FASTST   M    M   2    MAX(MPH)
                                 MISC ---->  # 22 270               # 32  280
================================================================================
NOTES:
# LAST OF SEVERAL OCCURRENCES

COLUMN 17 PEAK WIND IN M.P.H.

PRELIMINARY LOCAL CLIMATOLOGICAL DATA (WS FORM: F-6) , PAGE 2

                                          STATION:  CUSTER COUNTY AIRPORT SD
                                          MONTH:    SEPTEMBER
                                          YEAR:     2014
                                          LATITUDE:   43 43 N
                                          LONGITUDE: 103 37 W

[TEMPERATURE DATA]      [PRECIPITATION DATA]       SYMBOLS USED IN COLUMN 16

AVERAGE MONTHLY: 56.4   TOTAL FOR MONTH:   1.01    1 = FOG OR MIST
DPTR FM NORMAL:   1.6   DPTR FM NORMAL:   -0.49    2 = FOG REDUCING VISIBILITY
HIGHEST:    87 ON 26    GRTST 24HR  0.70 ON 10-11      TO 1/4 MILE OR LESS
LOWEST:     23 ON 12                               3 = THUNDER
                        SNOW, ICE PELLETS, HAIL    4 = ICE PELLETS
                        TOTAL MONTH:    M          5 = HAIL
                        GRTST 24HR    M  ON   M    6 = FREEZING RAIN OR DRIZZLE
                        GRTST DEPTH:  M  ON   M    7 = DUSTSTORM OR SANDSTORM:
                                                       VSBY 1/2 MILE OR LESS
                                                   8 = SMOKE OR HAZE
[NO. OF DAYS WITH]      [WEATHER - DAYS WITH]      9 = BLOWING SNOW
                                                   X = TORNADO
MAX 32 OR BELOW:   1    0.01 INCH OR MORE:   5
MAX 90 OR ABOVE:   0    0.10 INCH OR MORE:   3
MIN 32 OR BELOW:   5    0.50 INCH OR MORE:   0
MIN  0 OR BELOW:   0    1.00 INCH OR MORE:   0

[HDD (BASE 65) ]
TOTAL THIS MO.   253    CLEAR  (SCALE 0-3)  21
DPTR FM NORMAL   -45    PTCLDY (SCALE 4-7)   5
TOTAL FM JUL 1   384    CLOUDY (SCALE 8-10)  2
DPTR FM NORMAL   -68

[CDD (BASE 65) ]
TOTAL THIS MO.    18
DPTR FM NORMAL     7    [PRESSURE DATA]
TOTAL FM JAN 1   152    HIGHEST SLP M ON M
DPTR FM NORMAL   -25    LOWEST  SLP 29.46 ON  3

[REMARKS]
