000
CXUS56 KSGX 221445
CF6CZZ
PRELIMINARY LOCAL CLIMATOLOGICAL DATA (WS FORM: F-6)

                                          STATION:   CAMPO ASOS CA
                                          MONTH:     MARCH
                                          YEAR:      2017
                                          LATITUDE:   32 37 N
                                          LONGITUDE: 116 28 W

  TEMPERATURE IN F:       :PCPN:    SNOW:  WIND      :SUNSHINE: SKY     :PK WND
================================================================================
1   2   3   4   5  6A  6B    7    8   9   10  11  12  13   14  15   16   17  18
                                     12Z  AVG MX 2MIN
DY MAX MIN AVG DEP HDD CDD  WTR  SNW DPTH SPD SPD DIR MIN PSBL S-S WX    SPD DR
================================================================================

 1  59  39  49  -1  16   0 0.00  0.0    0 15.5 32  60   M    M   0        41  60
 2  63  49  56   5   9   0 0.00  0.0    0 17.3 38  50   M    M   0        49  60
 3  72  37  55   4  10   0 0.00  0.0    0 11.3 23  70   M    M   0        32  40
 4  66  30  48  -3  17   0 0.00  0.0    0  6.7 18 240   M    M   0        24 240
 5  53  29  41 -10  24   0 0.00  0.0    0 11.4 28 240   M    M   0        35 220
 6  57  33  45  -6  20   0 0.00  0.0    0  6.9 16 230   M    M   0        21 210
 7  67  34  51   0  14   0 0.00  0.0    0 12.4 25  70   M    M   0        33  80
 8  74  38  56   5   9   0 0.00  0.0    0 10.3 23  80   M    M   0        28  80
 9  82  39  61  10   4   0 0.00  0.0    0  7.3 17  80   M    M   0        20  80
10  79  40  60   9   5   0 0.00  0.0    0  6.8 18 230   M    M   0        22 230
11  81  35  58   7   7   0 0.00  0.0    0  7.6 17  80   M    M   0        20  70
12  81  43  62  11   3   0 0.00  0.0    0  8.0 21  50   M    M   0        28  60
13  85  39  62  11   3   0 0.00  0.0    0  7.4 21  60   M    M   0        23  50
14  86  41  64  13   1   0 0.00  0.0    0  7.5 21 210   M    M   0        25 220
15  83  42  63  11   2   0 0.00  0.0    0  6.4 17 230   M    M   0        24 210
16  80  40  60   8   5   0 0.00  0.0    0  6.3 16 210   M    M   0        25 260
17  86  39  63  11   2   0 0.00  0.0    0  5.9 16 220   M    M   0        20 250
18  81  40  61   9   4   0 0.00  0.0    0  6.1 15 230   M    M   0        20 240
19  82  40  61   9   4   0 0.00  0.0    0  7.1 16 220   M    M   0        19 230
20  69  41  55   3  10   0 0.00  0.0    0  7.7 20 220   M    M   0        22 210
21  67  40  54   2  11   0 0.02    M    0  7.1 21 260   M    M   0        25 250
================================================================================
SM 1553  808       180   0  0.02     0.0 183.0          M        0
================================================================================
AV 74.0 38.5                               8.7 FASTST   M    M   0    MAX(MPH)
                                 MISC ---->  # 38  50               # 49   60
================================================================================
NOTES:
# LAST OF SEVERAL OCCURRENCES

COLUMN 17 PEAK WIND IN M.P.H.

PRELIMINARY LOCAL CLIMATOLOGICAL DATA (WS FORM: F-6) , PAGE 2

                                          STATION:  CAMPO ASOS CA
                                          MONTH:    MARCH
                                          YEAR:     2017
                                          LATITUDE:   32 37 N
                                          LONGITUDE: 116 28 W

[TEMPERATURE DATA]      [PRECIPITATION DATA]       SYMBOLS USED IN COLUMN 16

AVERAGE MONTHLY: 56.2   TOTAL FOR MONTH:   0.02    1 = FOG OR MIST
DPTR FM NORMAL:   4.9   DPTR FM NORMAL:   -2.02    2 = FOG REDUCING VISIBILITY
HIGHEST:    86 ON 17,14 GRTST 24HR  0.02 ON 21-21      TO 1/4 MILE OR LESS
LOWEST:     29 ON  5                               3 = THUNDER
                        SNOW, ICE PELLETS, HAIL    4 = ICE PELLETS
                        TOTAL MONTH:   0.0 INCH    5 = HAIL
                        GRTST 24HR     0.0         6 = FREEZING RAIN OR DRIZZLE
                        GRTST DEPTH:   0           7 = DUSTSTORM OR SANDSTORM:
                                                       VSBY 1/2 MILE OR LESS
                                                   8 = SMOKE OR HAZE
[NO. OF DAYS WITH]      [WEATHER - DAYS WITH]      9 = BLOWING SNOW
                                                   X = TORNADO
MAX 32 OR BELOW:   0    0.01 INCH OR MORE:   1
MAX 90 OR ABOVE:   0    0.10 INCH OR MORE:   0
MIN 32 OR BELOW:   2    0.50 INCH OR MORE:   0
MIN  0 OR BELOW:   0    1.00 INCH OR MORE:   0

[HDD (BASE 65) ]
TOTAL THIS MO.   180    CLEAR  (SCALE 0-3)  21
DPTR FM NORMAL  -109    PTCLDY (SCALE 4-7)   0
TOTAL FM JUL 1  2090    CLOUDY (SCALE 8-10)  0
DPTR FM NORMAL  -250

[CDD (BASE 65) ]
TOTAL THIS MO.     0
DPTR FM NORMAL     0    [PRESSURE DATA]
TOTAL FM JAN 1     0    HIGHEST SLP M ON M
DPTR FM NORMAL     0    LOWEST  SLP 29.87 ON  5

[REMARKS]
