000
CXUS56 KSGX 251445
CF6CZZ

PRELIMINARY LOCAL CLIMATOLOGICAL DATA (WS FORM: F-6)

                                          STATION:   CAMPO ASOS CA
                                          MONTH:     JULY
                                          YEAR:      2014
                                          LATITUDE:   32 37 N
                                          LONGITUDE: 116 28 W

  TEMPERATURE IN F:       :PCPN:    SNOW:  WIND      :SUNSHINE: SKY     :PK WND
================================================================================
1   2   3   4   5  6A  6B    7    8   9   10  11  12  13   14  15   16   17  18
                                     12Z  AVG MX 2MIN
DY MAX MIN AVG DEP HDD CDD  WTR  SNW DPTH SPD SPD DIR MIN PSBL S-S WX    SPD DR
================================================================================

 1  92  54  73   3   0   8 0.00  0.0    0  8.7 22 220   M    M   0        26 220
 2  93  55  74   4   0   9 0.00  0.0    0  9.3 22 210   M    M   0        26 220
 3  98  55  77   6   0  12 0.00  0.0    0  7.5 21 230   M    M   0        25 220
 4  90  63  77   6   0  12 0.13  0.0    0  8.0 22 220   M    M   0        25 210
 5  92  60  76   5   0  11 0.00  0.0    0  7.2 24 220   M    M   0        30 210
 6  94  59  77   6   0  12 0.00  0.0    0  8.1 21 280   M    M   0        26 280
 7  94  57  76   4   0  11 0.00  0.0    0  8.6 22 220   M    M   0        28 230
 8  94  58  76   4   0  11 0.00  0.0    0  9.2 22 220   M    M   0        27 210
 9  93  54  74   2   0   9 0.00  0.0    0  8.9 22 210   M    M   0        27 220
10  91  50  71  -1   0   6 0.00  0.0    0  8.1 21 230   M    M   0        30 230
11  86  52  69  -3   0   4 0.00  0.0    0  8.2 21 240   M    M   0        27 240
12  89  50  70  -3   0   5 0.00  0.0    0  7.5 22 220   M    M   0        27 220
13  97  59  78   5   0  13 0.00  0.0    0  7.9 23 220   M    M   0        26 220
14  89  64  77   4   0  12 0.01  0.0    0 10.0 26  30   M    M   0        35  40
15  85  57  71  -2   0   6 0.00  0.0    0  7.6 21 210   M    M   0        23 210
16  85  49  67  -6   0   2 0.00  0.0    0  8.7 21 230   M    M   0        25 220
17  82  50  66  -7   0   1 0.00  0.0    0  8.2 23 210   M    M   0        31 220
18  85  48  67  -7   0   2 0.00  0.0    0  8.5 23 220   M    M   0        30 210
19  82  55  69  -5   0   4 0.00  0.0    0  7.9 23 210   M    M   0        27 210
20  84  53  69  -5   0   4 0.00  0.0    0  6.3 18 230   M    M   0        23 220
21  89  49  69  -5   0   4 0.00  0.0    0  8.5 22 220   M    M   0        25 230
22  93  46  70  -4   0   5 0.00  0.0    0  7.6 20 210   M    M   0        24 220
23  99  52  76   2   0  11 0.00  0.0    0  7.6 17 300   M    M   0        25 230
24 105  60  83   9   0  18 0.00  0.0    0  7.4 21 220   M    M   0        25 210
================================================================================
SM 2181 1309         0 192  0.14     0.0 195.5          M        0
================================================================================
AV 90.9 54.5                               8.1 FASTST   M    M   0    MAX(MPH)
                                 MISC ---->  # 26  30               # 35   40
================================================================================
NOTES:
# LAST OF SEVERAL OCCURRENCES

COLUMN 17 PEAK WIND IN M.P.H.

PRELIMINARY LOCAL CLIMATOLOGICAL DATA (WS FORM: F-6) , PAGE 2

                                          STATION:  CAMPO ASOS CA
                                          MONTH:    JULY
                                          YEAR:     2014
                                          LATITUDE:   32 37 N
                                          LONGITUDE: 116 28 W

[TEMPERATURE DATA]      [PRECIPITATION DATA]       SYMBOLS USED IN COLUMN 16

AVERAGE MONTHLY: 72.7   TOTAL FOR MONTH:   0.14    1 = FOG OR MIST
DPTR FM NORMAL:   0.2   DPTR FM NORMAL:   -0.07    2 = FOG REDUCING VISIBILITY
HIGHEST:   105 ON 24    GRTST 24HR  0.13 ON  4- 4      TO 1/4 MILE OR LESS
LOWEST:     46 ON 22                               3 = THUNDER
                        SNOW, ICE PELLETS, HAIL    4 = ICE PELLETS
                        TOTAL MONTH:   0.0 INCH    5 = HAIL
                        GRTST 24HR     0.0         6 = FREEZING RAIN OR DRIZZLE
                        GRTST DEPTH:   0           7 = DUSTSTORM OR SANDSTORM:
                                                       VSBY 1/2 MILE OR LESS
                                                   8 = SMOKE OR HAZE
[NO. OF DAYS WITH]      [WEATHER - DAYS WITH]      9 = BLOWING SNOW
                                                   X = TORNADO
MAX 32 OR BELOW:   0    0.01 INCH OR MORE:   2
MAX 90 OR ABOVE:  14    0.10 INCH OR MORE:   1
MIN 32 OR BELOW:   0    0.50 INCH OR MORE:   0
MIN  0 OR BELOW:   0    1.00 INCH OR MORE:   0

[HDD (BASE 65) ]
TOTAL THIS MO.     0    CLEAR  (SCALE 0-3)  24
DPTR FM NORMAL    -4    PTCLDY (SCALE 4-7)   0
TOTAL FM JUL 1     0    CLOUDY (SCALE 8-10)  0
DPTR FM NORMAL    -4

[CDD (BASE 65) ]
TOTAL THIS MO.   192
DPTR FM NORMAL     5    [PRESSURE DATA]
TOTAL FM JAN 1   304    HIGHEST SLP M ON M
DPTR FM NORMAL    -5    LOWEST  SLP 29.70 ON 24

[REMARKS]
