000
CXUS52 KMLB 190803
CF6DAB
PRELIMINARY LOCAL CLIMATOLOGICAL DATA (WS FORM: F-6)

                                          STATION:   DAYTONA BEACH
                                          MONTH:     FEBRUARY
                                          YEAR:      2018
                                          LATITUDE:   29 10 N
                                          LONGITUDE:  81  3 W

  TEMPERATURE IN F:       :PCPN:    SNOW:  WIND      :SUNSHINE: SKY     :PK WND
================================================================================
1   2   3   4   5  6A  6B    7    8   9   10  11  12  13   14  15   16   17  18
                                     12Z  AVG MX 2MIN
DY MAX MIN AVG DEP HDD CDD  WTR  SNW DPTH SPD SPD DIR MIN PSBL S-S WX    SPD DR
================================================================================

 1  72  47  60   1   5   0 0.00  0.0    0  1.6  9  90   M    M   6 1      13 160
 2  76  55  66   7   0   1 0.00  0.0    0  9.0 24  30   M    M   7        30  20
 3  67  54  61   2   4   0 0.00  0.0    0  9.9 16  70   M    M   6        21  70
 4  77  59  68   9   0   3 0.11  0.0    0  7.2 25 170   M    M   7 1      33 170
 5  67  50  59   0   6   0 0.00  0.0    0  7.7 18  20   M    M   7 1      22  10
 6  75  50  63   4   2   0 0.00  0.0    0  4.4 15  70   M    M   3 1      18  70
 7  81  63  72  12   0   7 0.00  0.0    0  5.4 20 200   M    M   5        26 200
 8  72  60  66   6   0   1 0.00  0.0    0  7.9 21  10   M    M   8 12     26  20
 9  78  62  70  10   0   5 0.00  0.0    0  5.5 14  80   M    M   7        27 190
10  81  60  71  11   0   6 0.00  0.0    0  5.6 16 160   M    M   4 128    23 160
11  85  65  75  15   0  10 0.01  0.0    0  7.4 18 210   M    M   5 1      26 170
12  83  69  76  16   0  11 0.16  0.0    0  5.7 14 170   M    M   8 1      21 180
13  73  59  66   6   0   1 0.06  0.0    0  7.3 16 360   M    M  10 12     21 350
14  65  56  61   1   4   0 0.00  0.0    0  7.3 17  10   M    M  10 12     20  20
15  78  56  67   7   0   2 0.00  0.0    0  3.8 10 240   M    M   7 12     13 250
16  80  57  69   8   0   4 0.00  0.0    0  6.7 17 260   M    M   2 18     22 280
17  81  59  70   9   0   5 0.00  0.0    0  6.5 17 230   M    M   4 128    23 240
18  78  58  68   7   0   3 0.00  0.0    0  5.4 20  40   M    M   3 128    23  30
================================================================================
SM 1369 1039        21  59  0.34     0.0 114.3          M      109
================================================================================
AV 76.1 57.7                               6.4 FASTST   M    M   6    MAX(MPH)
                                 MISC ---->  # 25 170               # 33  170
================================================================================
NOTES:
# LAST OF SEVERAL OCCURRENCES

COLUMN 17 PEAK WIND IN M.P.H.

PRELIMINARY LOCAL CLIMATOLOGICAL DATA (WS FORM: F-6) , PAGE 2

                                          STATION:  DAYTONA BEACH
                                          MONTH:    FEBRUARY
                                          YEAR:     2018
                                          LATITUDE:   29 10 N
                                          LONGITUDE:  81  3 W

[TEMPERATURE DATA]      [PRECIPITATION DATA]       SYMBOLS USED IN COLUMN 16

AVERAGE MONTHLY: 66.9   TOTAL FOR MONTH:   0.34    1 = FOG OR MIST
DPTR FM NORMAL:   7.1   DPTR FM NORMAL:   -1.40    2 = FOG REDUCING VISIBILITY
HIGHEST:    85 ON 11    GRTST 24HR  0.16 ON 12-12      TO 1/4 MILE OR LESS
LOWEST:     47 ON  1                               3 = THUNDER
                        SNOW, ICE PELLETS, HAIL    4 = ICE PELLETS
                        TOTAL MONTH:   0.0 INCH    5 = HAIL
                        GRTST 24HR     0.0         6 = FREEZING RAIN OR DRIZZLE
                        GRTST DEPTH:   0           7 = DUSTSTORM OR SANDSTORM:
                                                       VSBY 1/2 MILE OR LESS
                                                   8 = SMOKE OR HAZE
[NO. OF DAYS WITH]      [WEATHER - DAYS WITH]      9 = BLOWING SNOW
                                                   X = TORNADO
MAX 32 OR BELOW:   0    0.01 INCH OR MORE:   4
MAX 90 OR ABOVE:   0    0.10 INCH OR MORE:   2
MIN 32 OR BELOW:   0    0.50 INCH OR MORE:   0
MIN  0 OR BELOW:   0    1.00 INCH OR MORE:   0

[HDD (BASE 65) ]
TOTAL THIS MO.    21    CLEAR  (SCALE 0-3)   3
DPTR FM NORMAL   -95    PTCLDY (SCALE 4-7)  13
TOTAL FM JUL 1   497    CLOUDY (SCALE 8-10)  2
DPTR FM NORMAL  -136

[CDD (BASE 65) ]
TOTAL THIS MO.    59
DPTR FM NORMAL    41    [PRESSURE DATA]
TOTAL FM JAN 1    86    HIGHEST SLP M ON M
DPTR FM NORMAL    39    LOWEST  SLP 29.94 ON  4

[REMARKS]
