000
CXUS54 KFWD 251648
CF6DAL
PRELIMINARY LOCAL CLIMATOLOGICAL DATA (WS FORM: F-6)

                                          STATION:   DALLAS LOVE FIELD
                                          MONTH:     MAY
                                          YEAR:      2017
                                          LATITUDE:   32 50 N
                                          LONGITUDE:  96 51 W

  TEMPERATURE IN F:       :PCPN:    SNOW:  WIND      :SUNSHINE: SKY     :PK WND
================================================================================
1   2   3   4   5  6A  6B    7    8   9   10  11  12  13   14  15   16   17  18
                                     12Z  AVG MX 2MIN
DY MAX MIN AVG DEP HDD CDD  WTR  SNW DPTH SPD SPD DIR MIN PSBL S-S WX    SPD DR
================================================================================

 1  84  49  67  -4   0   2 0.00  0.0    0  6.0 14 120   M    M   1        19 210
 2  88  64  76   5   0  11 0.00  0.0    0 13.9 24 170   M    M   3        31 170
 3  78  59  69  -2   0   4 0.08  0.0    0 14.7 31 330   M    M   7 13     42 320
 4  75  55  65  -6   0   0 0.00  0.0    0 14.6 24 350   M    M   3        32  10
 5  81  52  67  -5   0   2 0.00  0.0    0  7.9 21 340   M    M   2        28 360
 6  87  57  72   0   0   7 0.00  0.0    0  5.2 13 130   M    M   1        15 130
 7  87  62  75   3   0  10 0.00  0.0    0 10.5 20 130   M    M   1        25 140
 8  84  65  75   2   0  10 0.00  0.0    0 13.1 21 130   M    M   3        31 140
 9  82  69  76   3   0  11 0.00  0.0    0 10.8 20 160   M    M   7        24 150
10  82  71  77   4   0  12 0.01  0.0    0 15.4 25 170   M    M   8 38     31 180
11  87  71  79   6   0  14 0.00  0.0    0  9.3 20 320   M    M   7 3      28 330
12  80  63  72  -2   0   7 0.00  0.0    0 14.0 24 350   M    M   4        33 330
13  85  60  73  -1   0   8 0.00  0.0    0  5.4 14 130   M    M   1        17 110
14  90  63  77   3   0  12 0.00  0.0    0 11.3 21 140   M    M   1        24 140
15  89  70  80   5   0  15 0.00  0.0    0 14.6 23 140   M    M   4        28 160
16  84  70  77   2   0  12 0.00  0.0    0 19.0 26 160   M    M   7        34 160
17  91  70  81   6   0  16 0.16  0.0    0 13.9 28 160   M    M   5 13     39 170
18  93  77  85  10   0  20    T  0.0    0 17.7 30 170   M    M   8 8      43 140
19  89  73  81   5   0  16 0.07  0.0    0 17.3 29 160   M    M  10 3      37 160
20  81  68  75  -1   0  10 0.15  0.0    0  8.9 26 210   M    M   7 3      36 240
21  81  62  72  -4   0   7 0.09  0.0    0  8.1 21 260   M    M   8 38     26 260
22  79  63  71  -5   0   6 0.36  0.0    0  9.0 15 140   M    M   7 1      19 110
23  77  60  69  -8   0   4    T  0.0    0  9.6 23 320   M    M   8 3      31 330
24  83  56  70  -7   0   5 0.00  0.0    0  9.2 22 320   M    M   1        29 330
================================================================================
SM 2017 1529         0 221  0.92     0.0 279.4          M      114
================================================================================
AV 84.0 63.7                              11.6 FASTST   M    M   5    MAX(MPH)
                                 MISC ---->  # 31 330               # 43  140
================================================================================
NOTES:
# LAST OF SEVERAL OCCURRENCES

COLUMN 17 PEAK WIND IN M.P.H.

PRELIMINARY LOCAL CLIMATOLOGICAL DATA (WS FORM: F-6) , PAGE 2

                                          STATION:  DALLAS LOVE FIELD
                                          MONTH:    MAY
                                          YEAR:     2017
                                          LATITUDE:   32 50 N
                                          LONGITUDE:  96 51 W

[TEMPERATURE DATA]      [PRECIPITATION DATA]       SYMBOLS USED IN COLUMN 16

AVERAGE MONTHLY: 73.9   TOTAL FOR MONTH:   0.92    1 = FOG OR MIST
DPTR FM NORMAL:   0.0   DPTR FM NORMAL:   -2.83    2 = FOG REDUCING VISIBILITY
HIGHEST:    93 ON 18    GRTST 24HR  0.36 ON 22-22      TO 1/4 MILE OR LESS
LOWEST:     49 ON  1                               3 = THUNDER
                        SNOW, ICE PELLETS, HAIL    4 = ICE PELLETS
                        TOTAL MONTH:   0.0 INCH    5 = HAIL
                        GRTST 24HR     0.0         6 = FREEZING RAIN OR DRIZZLE
                        GRTST DEPTH:   0           7 = DUSTSTORM OR SANDSTORM:
                                                       VSBY 1/2 MILE OR LESS
                                                   8 = SMOKE OR HAZE
[NO. OF DAYS WITH]      [WEATHER - DAYS WITH]      9 = BLOWING SNOW
                                                   X = TORNADO
MAX 32 OR BELOW:   0    0.01 INCH OR MORE:   7
MAX 90 OR ABOVE:   3    0.10 INCH OR MORE:   3
MIN 32 OR BELOW:   0    0.50 INCH OR MORE:   0
MIN  0 OR BELOW:   0    1.00 INCH OR MORE:   0

[HDD (BASE 65) ]
TOTAL THIS MO.     0    CLEAR  (SCALE 0-3)   9
DPTR FM NORMAL    -2    PTCLDY (SCALE 4-7)  13
TOTAL FM JUL 1  1223    CLOUDY (SCALE 8-10)  2
DPTR FM NORMAL  -909

[CDD (BASE 65) ]
TOTAL THIS MO.   221
DPTR FM NORMAL     4    [PRESSURE DATA]
TOTAL FM JAN 1   582    HIGHEST SLP M ON M
DPTR FM NORMAL   198    LOWEST  SLP 29.60 ON 17

[REMARKS]
