000
CXUS51 KILN 270613
CF6DAY
PRELIMINARY LOCAL CLIMATOLOGICAL DATA (WS FORM: F-6)

                                          STATION:   DAYTON OH
                                          MONTH:     JULY
                                          YEAR:      2016
                                          LATITUDE:   39 54 N
                                          LONGITUDE:  84 12 W

  TEMPERATURE IN F:       :PCPN:    SNOW:  WIND      :SUNSHINE: SKY     :PK WND
================================================================================
1   2   3   4   5  6A  6B    7    8   9   10  11  12  13   14  15   16   17  18
                                     12Z  AVG MX 2MIN
DY MAX MIN AVG DEP HDD CDD  WTR  SNW DPTH SPD SPD DIR MIN PSBL S-S WX    SPD DR
================================================================================

 1  80  60  70  -4   0   5 0.11  0.0    0  9.8 16 330   M    M   5 13     21 310
 2  74  52  63 -11   2   0 0.00  0.0    0  5.1  9 100   M    M   7        14  50
 3  67  60  64 -10   1   0 0.32  0.0    0  7.3 13 130   M    M  10 1      16 130
 4  73  61  67  -7   0   2 0.03  0.0    0  7.0 12 210   M    M   9 1      25 150
 5  84  69  77   3   0  12 0.52  0.0    0  6.1 14 290   M    M   8 18     19 260
 6  85  67  76   2   0  11 0.06  0.0    0  9.0 29 250   M    M   5 138    35 260
 7  84  70  77   3   0  12 0.00  0.0    0  8.7 17 230   M    M   6 12     20 200
 8  85  70  78   4   0  13 0.00  0.0    0 12.2 20 240   M    M   8 3      24 220
 9  82  65  74   0   0   9 0.00  0.0    0 10.6 21 300   M    M   4        25 300
10  84  59  72  -2   0   7 0.00  0.0    0  3.9 10 230   M    M   4        12 230
11  87  63  75   1   0  10 0.00  0.0    0  4.9 12 250   M    M   2        14 240
12  88  67  78   4   0  13 0.00  0.0    0  9.3 23 220   M    M   3        29 210
13  91  69  80   6   0  15 0.65  0.0    0 11.9 33 240   M    M   5 13     43 250
14  82  66  74   0   0   9 0.17  0.0    0 10.5 18 230   M    M   6 13     23 230
15  85  69  77   3   0  12 0.00  0.0    0  8.9 17 300   M    M   5 1      21 300
16  80  61  71  -3   0   6 0.00  0.0    0  5.5 13 290   M    M   5        15 320
17  86  62  74   0   0   9 0.00  0.0    0  7.7 20 240   M    M   6        24 200
18  85  68  77   3   0  12 0.48  0.0    0 10.7 23 330   M    M   7 13     28 280
19  86  68  77   3   0  12 0.00  0.0    0  4.8 12 340   M    M   3 1      16 350
20  87  65  76   2   0  11 0.00  0.0    0  5.1 11 310   M    M   2        11 310
21  89  68  79   5   0  14 0.09  0.0    0  8.1 26 320   M    M   4        33 320
22  85  70  78   4   0  13 0.06  0.0    0  8.6 15 200   M    M   7 38     18 230
23  90  71  81   7   0  16 0.00  0.0    0  5.0 12 250   M    M   5 1      15 250
24  92  73  83   9   0  18 0.00  0.0    0  6.9 16 240   M    M   7        20 260
25  90  76  83   9   0  18 0.00  0.0    0  9.1 16 270   M    M   8 1      20 270
26  84  70  77   3   0  12    T  0.0    0  4.3  9 240   M    M   8        11 310
================================================================================
SM 2185 1719         3 271  2.49     0.0 201.0          M      149
================================================================================
AV 84.0 66.1                               7.7 FASTST   M    M   6    MAX(MPH)
                                 MISC ---->  # 33 240               # 43  250
================================================================================
NOTES:
# LAST OF SEVERAL OCCURRENCES

COLUMN 17 PEAK WIND IN M.P.H.

PRELIMINARY LOCAL CLIMATOLOGICAL DATA (WS FORM: F-6) , PAGE 2

                                          STATION:  DAYTON OH
                                          MONTH:    JULY
                                          YEAR:     2016
                                          LATITUDE:   39 54 N
                                          LONGITUDE:  84 12 W

[TEMPERATURE DATA]      [PRECIPITATION DATA]       SYMBOLS USED IN COLUMN 16

AVERAGE MONTHLY: 75.1   TOTAL FOR MONTH:   2.49    1 = FOG OR MIST
DPTR FM NORMAL:   1.1   DPTR FM NORMAL:   -1.06    2 = FOG REDUCING VISIBILITY
HIGHEST:    92 ON 24    GRTST 24HR  0.82 ON 13-14      TO 1/4 MILE OR LESS
LOWEST:     52 ON  2                               3 = THUNDER
                        SNOW, ICE PELLETS, HAIL    4 = ICE PELLETS
                        TOTAL MONTH:   0.0 INCH    5 = HAIL
                        GRTST 24HR     0.0         6 = FREEZING RAIN OR DRIZZLE
                        GRTST DEPTH:   0           7 = DUSTSTORM OR SANDSTORM:
                                                       VSBY 1/2 MILE OR LESS
                                                   8 = SMOKE OR HAZE
[NO. OF DAYS WITH]      [WEATHER - DAYS WITH]      9 = BLOWING SNOW
                                                   X = TORNADO
MAX 32 OR BELOW:   0    0.01 INCH OR MORE:  10
MAX 90 OR ABOVE:   4    0.10 INCH OR MORE:   6
MIN 32 OR BELOW:   0    0.50 INCH OR MORE:   2
MIN  0 OR BELOW:   0    1.00 INCH OR MORE:   0

[HDD (BASE 65) ]
TOTAL THIS MO.     3    CLEAR  (SCALE 0-3)   2
DPTR FM NORMAL     3    PTCLDY (SCALE 4-7)  22
TOTAL FM JUL 1     3    CLOUDY (SCALE 8-10)  2
DPTR FM NORMAL     3

[CDD (BASE 65) ]
TOTAL THIS MO.   271
DPTR FM NORMAL    37    [PRESSURE DATA]
TOTAL FM JAN 1   591    HIGHEST SLP 30.27 ON 20
DPTR FM NORMAL    97    LOWEST  SLP 29.81 ON  8

[REMARKS]
