000
CXUS53 KDDC 271200
CF6DDC
PRELIMINARY LOCAL CLIMATOLOGICAL DATA (WS FORM: F-6)

                                          STATION:   DODGE CITY KS
                                          MONTH:     JULY
                                          YEAR:      2015
                                          LATITUDE:   37 46 N
                                          LONGITUDE:  99 58 W

  TEMPERATURE IN F:       :PCPN:    SNOW:  WIND      :SUNSHINE: SKY     :PK WND
================================================================================
1   2   3   4   5  6A  6B    7    8   9   10  11  12  13   14  15   16   17  18
                                     12Z  AVG MX 2MIN
DY MAX MIN AVG DEP HDD CDD  WTR  SNW DPTH SPD SPD DIR MIN PSBL S-S WX    SPD DR
================================================================================

 1  98  72  85   7   0  20    T  0.0    0 13.0 21  10   M    M   0        28 230
 2  83  67  75  -3   0  10    T  0.0    0  8.3 22  30   M    M   2 8      27  30
 3  87  64  76  -2   0  11 0.00  0.0    0  7.3 15  60   M    M   1 18     20  60
 4  91  63  77  -2   0  12 0.00  0.0    0 13.4 23 160   M    M   1 138    30 160
 5  95  71  83   4   0  18    T  0.0    0 18.3 29 180   M    M   0        36 190
 6  82  68  75  -4   0  10 0.00  0.0    0 18.0 29 360   M    M   5 8      37 350
 7  77  54  66 -13   0   1 0.00  0.0    0 12.9 23  30   M    M   4 18     30  30
 8  78  49  64 -15   1   0 0.00  0.0    0  5.8 15 140   M    M   0 18     19 140
 9  79  62  71  -8   0   6 0.11  0.0    0  8.5 15 140   M    M   8 138    19 140
10  88  64  76  -4   0  11 0.31  0.0    0 15.3 25 190   M    M   2 13     33 200
11  92  69  81   1   0  16 0.00  0.0    0 15.9 25 200   M    M   0        31 210
12 101  70  86   6   0  21 0.00  0.0    0  9.1 16 210   M    M   0        23 200
13 106  69  88   8   0  23    T  0.0    0  8.7 32 300   M    M   0 3      44 310
14  97  67  82   2   0  17    T  0.0    0  9.0 37 300   M    M   0 3      46 320
15  97  67  82   2   0  17 0.06  0.0    0 10.3 39 300   M    M   1 13     47 300
16  96  67  82   2   0  17    T  0.0    0  5.4 23 320   M    M   0 3      30 330
17 101  68  85   5   0  20 0.00  0.0    0 12.4 36 210   M    M   0        44 210
18 100  73  87   7   0  22 0.00  0.0    0  9.7 21 250   M    M   0 3      26 250
19  98  68  83   3   0  18 0.16  0.0    0 10.3 36 270   M    M   3 13     48 280
20  94  68  81   1   0  16 0.04  0.0    0  9.4 16 320   M    M   2        21 320
21  83  66  75  -5   0  10 0.00  0.0    0 11.2 23  70   M    M   4        29  70
22  87  66  77  -3   0  12 0.29  0.0    0  9.2 17 120   M    M   6 1      22 120
23  98  70  84   4   0  19 0.00  0.0    0 11.8 20 170   M    M   1 1      26 160
24 101  70  86   6   0  21 0.00  0.0    0 12.2 21 180   M    M   0        27 200
25 100  69  85   5   0  20 0.44  0.0    0 13.3 41 360   M    M   1 13     51  10
26  94  68  81   1   0  16 0.00  0.0    0 13.9 28 360   M    M   0 3      43 350
================================================================================
SM 2403 1729         1 384  1.41     0.0 292.6          M       41
================================================================================
AV 92.4 66.5                              11.3 FASTST   M    M   2    MAX(MPH)
                                 MISC ---->  # 41 360               # 51   10
================================================================================
NOTES:
# LAST OF SEVERAL OCCURRENCES

COLUMN 17 PEAK WIND IN M.P.H.

PRELIMINARY LOCAL CLIMATOLOGICAL DATA (WS FORM: F-6) , PAGE 2

                                          STATION:  DODGE CITY KS
                                          MONTH:    JULY
                                          YEAR:     2015
                                          LATITUDE:   37 46 N
                                          LONGITUDE:  99 58 W

[TEMPERATURE DATA]      [PRECIPITATION DATA]       SYMBOLS USED IN COLUMN 16

AVERAGE MONTHLY: 79.5   TOTAL FOR MONTH:   1.41    1 = FOG OR MIST
DPTR FM NORMAL:  -0.1   DPTR FM NORMAL:   -1.17    2 = FOG REDUCING VISIBILITY
HIGHEST:   106 ON 13    GRTST 24HR  0.44 ON 25-25      TO 1/4 MILE OR LESS
LOWEST:     49 ON  8                               3 = THUNDER
                        SNOW, ICE PELLETS, HAIL    4 = ICE PELLETS
                        TOTAL MONTH:   0.0 INCH    5 = HAIL
                        GRTST 24HR     0.0         6 = FREEZING RAIN OR DRIZZLE
                        GRTST DEPTH:   0           7 = DUSTSTORM OR SANDSTORM:
                                                       VSBY 1/2 MILE OR LESS
                                                   8 = SMOKE OR HAZE
[NO. OF DAYS WITH]      [WEATHER - DAYS WITH]      9 = BLOWING SNOW
                                                   X = TORNADO
MAX 32 OR BELOW:   0    0.01 INCH OR MORE:   7
MAX 90 OR ABOVE:  17    0.10 INCH OR MORE:   5
MIN 32 OR BELOW:   0    0.50 INCH OR MORE:   0
MIN  0 OR BELOW:   0    1.00 INCH OR MORE:   0

[HDD (BASE 65) ]
TOTAL THIS MO.     1    CLEAR  (SCALE 0-3)  21
DPTR FM NORMAL     1    PTCLDY (SCALE 4-7)   4
TOTAL FM JUL 1     1    CLOUDY (SCALE 8-10)  1
DPTR FM NORMAL     1

[CDD (BASE 65) ]
TOTAL THIS MO.   384
DPTR FM NORMAL     6    [PRESSURE DATA]
TOTAL FM JAN 1   798    HIGHEST SLP M ON M
DPTR FM NORMAL    33    LOWEST  SLP 29.63 ON 17

[REMARKS]
