000
CXUS55 KALY 270710
CF6DDH
PRELIMINARY LOCAL CLIMATOLOGICAL DATA (WS FORM: F-6)

                                          STATION:   BENNINGTON VT
                                          MONTH:     JULY
                                          YEAR:      2017
                                          LATITUDE:   42 53 N
                                          LONGITUDE:  73 15 W

  TEMPERATURE IN F:       :PCPN:    SNOW:  WIND      :SUNSHINE: SKY     :PK WND
================================================================================
1   2   3   4   5  6A  6B    7    8   9   10  11  12  13   14  15   16   17  18
                                     12Z  AVG MX 2MIN
DY MAX MIN AVG DEP HDD CDD  WTR  SNW DPTH SPD SPD DIR MIN PSBL S-S WX    SPD DR
================================================================================

 1  84  64  74   7   0   9 3.47    M    M  4.7 23 320   M    M   5 123    36 320
 2  81  61  71   4   0   6 0.00    M    M  5.2 15 250   M    M   3 1      22 270
 3  78  56  67  -1   0   2 0.00  0.0    0  6.3 15 230   M    M   1 1      24 230
 4  79  52  66  -2   0   1 0.00    M    M  2.3 10 280   M    M   2 18     14 360
 5  83  51  67  -1   0   2 0.00  0.0    0  1.2  9 270   M    M   2 8      12 160
 6  79  60  70   2   0   5    T    M    0  2.8 12 180   M    M   6        17 170
 7  82  64  73   5   0   8    T    M    M  2.1 12 180   M    M   6 8      14 190
 8  77  61  69   1   0   4 0.29    M    0  3.9 12 260   M    M   6 13     18 310
 9  77  53  65  -3   0   0 0.00    M    M  5.1 15 230   M    M   2 18     21 240
10  81  55  68   0   0   3    T    M    M  4.3 13 190   M    M   5 18     19 190
11  80  64  72   4   0   7 0.05    M    M  2.5  9 250   M    M   5 1      14 300
12  86  62  74   6   0   9 0.13    M    M  1.8  9 330   M    M   6 1      14 360
13  77  63  70   2   0   5 0.39    M    M  4.5 13 230   M    M   9 18     18 250
14  74  62  68   0   0   3    T    M    0  6.3 15 140   M    M   9        21 160
15  78  61  70   2   0   5 0.06    M    0  3.7 14 270   M    M   9 1      19 260
16  82  57  70   2   0   5 0.00    M    M  2.3  9 270   M    M   2 18     12 290
17  85  59  72   4   0   7 1.40    M    M  4.2 22 270   M    M   4 13     36 280
18  83  62  73   5   0   8    T    M    M  1.9  9 320   M    M   4 1238   13 320
19  83  61  72   4   0   7 0.00    M    M  3.2 13 260   M    M   4 18     18 280
20  84  60  72   4   0   7 0.00    M    M  2.9 12 280   M    M   3 18     16 270
21  82  56  69   1   0   4 0.00    M    M  4.5 14 260   M    M   1 1      19 310
22  77  61  69   1   0   4    T    M    M  1.0  7 240   M    M   1 1       9 230
23  78  59  69   1   0   4 0.00    M    0  3.0 10 190   M    M   6 18     15 100
24  68  56  62  -6   3   0 0.28    M    0  7.7 16 120   M    M  10        24 110
25  64  56  60  -8   5   0 0.02    M    M  2.1 12 130   M    M   9 18     17 110
26  76  53  65  -3   0   0 0.00    M    M  3.2 10 190   M    M   6 128    15 190
================================================================================
SM 2058 1529         8 115  6.09     0.0  92.7          M      126
================================================================================
AV 79.2 58.8                               3.6 FASTST   M    M   5    MAX(MPH)
                                 MISC ---->  # 23 320               # 36  320
================================================================================
NOTES:
# LAST OF SEVERAL OCCURRENCES

COLUMN 17 PEAK WIND IN M.P.H.

PRELIMINARY LOCAL CLIMATOLOGICAL DATA (WS FORM: F-6) , PAGE 2

                                          STATION:  BENNINGTON VT
                                          MONTH:    JULY
                                          YEAR:     2017
                                          LATITUDE:   42 53 N
                                          LONGITUDE:  73 15 W

[TEMPERATURE DATA]      [PRECIPITATION DATA]       SYMBOLS USED IN COLUMN 16

AVERAGE MONTHLY: 69.0   TOTAL FOR MONTH:   6.09    1 = FOG OR MIST
DPTR FM NORMAL:   1.1   DPTR FM NORMAL:    2.45    2 = FOG REDUCING VISIBILITY
HIGHEST:    86 ON 12    GRTST 24HR  3.47 ON  1- 1      TO 1/4 MILE OR LESS
LOWEST:     51 ON  5                               3 = THUNDER
                        SNOW, ICE PELLETS, HAIL    4 = ICE PELLETS
                        TOTAL MONTH:   0.0 INCH    5 = HAIL
                        GRTST 24HR     0.0         6 = FREEZING RAIN OR DRIZZLE
                        GRTST DEPTH:   0           7 = DUSTSTORM OR SANDSTORM:
                                                       VSBY 1/2 MILE OR LESS
                                                   8 = SMOKE OR HAZE
[NO. OF DAYS WITH]      [WEATHER - DAYS WITH]      9 = BLOWING SNOW
                                                   X = TORNADO
MAX 32 OR BELOW:   0    0.01 INCH OR MORE:   9
MAX 90 OR ABOVE:   0    0.10 INCH OR MORE:   6
MIN 32 OR BELOW:   0    0.50 INCH OR MORE:   2
MIN  0 OR BELOW:   0    1.00 INCH OR MORE:   2

[HDD (BASE 65) ]
TOTAL THIS MO.     8    CLEAR  (SCALE 0-3)   8
DPTR FM NORMAL   -18    PTCLDY (SCALE 4-7)  13
TOTAL FM JUL 1     8    CLOUDY (SCALE 8-10)  5
DPTR FM NORMAL   -18

[CDD (BASE 65) ]
TOTAL THIS MO.   115
DPTR FM NORMAL    12    [PRESSURE DATA]
TOTAL FM JAN 1   217    HIGHEST SLP M ON M
DPTR FM NORMAL    42    LOWEST  SLP 29.68 ON  7

[REMARKS]
