000
CXUS53 KARX 242156
CF6DEH
PRELIMINARY LOCAL CLIMATOLOGICAL DATA (WS FORM: F-6)

                                          STATION:   DECORAH IA
                                          MONTH:     FEBRUARY
                                          YEAR:      2018
                                          LATITUDE:   43 16 N
                                          LONGITUDE:  91 44 W

  TEMPERATURE IN F:       :PCPN:    SNOW:  WIND      :SUNSHINE: SKY     :PK WND
================================================================================
1   2   3   4   5  6A  6B    7    8   9   10  11  12  13   14  15   16   17  18
                                     12Z  AVG MX 2MIN
DY MAX MIN AVG DEP HDD CDD  WTR  SNW DPTH SPD SPD DIR MIN PSBL S-S WX    SPD DR
================================================================================

 1  28   0  14   M  51   0 0.00  0.0    M 15.3 23 320   M    M   4        38 320
 2  19  -4   8   M  57   0    T    T    M  5.6 12 190   M    M   4        18 200
 3  30  19  25   M  40   0    M    M    M  7.6 12 350   M    M   8        18 190
 4  19  -4   8   M  57   0    M    M    M 12.7 20 360   M    M   4        27 360
 5  10  -6   2   M  63   0    M    M    M  5.0  9 200   M    M   4        18 180
 6   9  -8   1   M  64   0    M    M    M  3.0  9 320   M    M   4         M  M
 7  14   1   8   M  57   0    M    M    M  6.0 15 320   M    M   5        13  99
 8  18   3  11   M  54   0    M    M    M  2.4  7  99   M    M   8         M  M
 9  16   3  10   M  55   0    M    M    M  9.8 14 330   M    M   5        24  10
10  12   3   8   M  57   0 0.00  0.0    M  5.0 10 330   M    M   3         M  M
11  18   5  12   M  53   0    M    M    M  5.3  9 260   M    M   3        18 260
12  16   0   8   M  57   0 0.00  0.0    M  3.7  7 340   M    M   0        13  99
13  30   7  19   M  46   0 0.00  0.0    M  8.0 12 200   M    M   5        18 170
14  41  25  33   M  32   0 0.00  0.0    M  7.7 10 210   M    M   0 1      20 190
15  41  28  35   M  30   0    M    M    M  9.7 17 330   M    M   3 1      23 330
16  28   9  19   M  46   0 0.00  0.0    M 10.7 23 330   M    M   2        33 330
17  30  12  21   M  44   0    M    M    M  7.7 12 200   M    M   4        20 190
18  39  16  28   M  37   0 0.00  0.0    M 11.8 21 160   M    M   4 1      32 160
19  37  34  36   M  29   0 0.06  0.0    M  6.0 12  80   M    M  10 128    18  80
20  34  14  24   M  41   0 0.38  0.0    M  8.1 14 320   M    M   9 16     23 300
21  23   9  16   M  49   0 0.00  0.0    M  6.3 14 330   M    M   1         M  M
22  32  19  26   M  39   0 0.02    M    M  9.3 14 110   M    M   9 1      21 110
23  32  21  27   M  38   0 0.16  0.0    M  8.5 15 130   M    M   6 1      22 130
================================================================================
SM  576  206      1096   0  0.62    T    175.2          M      105
================================================================================
AV 25.0  9.0                               7.6 FASTST   M    M   5    MAX(MPH)
                                 MISC ---->  # 23 320               # 38  320
================================================================================
NOTES:
# LAST OF SEVERAL OCCURRENCES

COLUMN 17 PEAK WIND IN M.P.H.

PRELIMINARY LOCAL CLIMATOLOGICAL DATA (WS FORM: F-6) , PAGE 2

                                          STATION:  DECORAH IA
                                          MONTH:    FEBRUARY
                                          YEAR:     2018
                                          LATITUDE:   43 16 N
                                          LONGITUDE:  91 44 W

[TEMPERATURE DATA]      [PRECIPITATION DATA]       SYMBOLS USED IN COLUMN 16

AVERAGE MONTHLY: 17.0   TOTAL FOR MONTH:   0.62    1 = FOG OR MIST
DPTR FM NORMAL:     M   DPTR FM NORMAL:       M    2 = FOG REDUCING VISIBILITY
HIGHEST:    41 ON 15,14 GRTST 24HR  0.38 ON 20-20      TO 1/4 MILE OR LESS
LOWEST:     -8 ON  6                               3 = THUNDER
                        SNOW, ICE PELLETS, HAIL    4 = ICE PELLETS
                        TOTAL MONTH:    T          5 = HAIL
                        GRTST 24HR    T  ON  2- 2  6 = FREEZING RAIN OR DRIZZLE
                        GRTST DEPTH:  M  ON   M    7 = DUSTSTORM OR SANDSTORM:
                                                       VSBY 1/2 MILE OR LESS
                                                   8 = SMOKE OR HAZE
[NO. OF DAYS WITH]      [WEATHER - DAYS WITH]      9 = BLOWING SNOW
                                                   X = TORNADO
MAX 32 OR BELOW:  18    0.01 INCH OR MORE:   4
MAX 90 OR ABOVE:   0    0.10 INCH OR MORE:   2
MIN 32 OR BELOW:  22    0.50 INCH OR MORE:   0
MIN  0 OR BELOW:   6    1.00 INCH OR MORE:   0

[HDD (BASE 65) ]
TOTAL THIS MO.  1096    CLEAR  (SCALE 0-3)   5
DPTR FM NORMAL     M    PTCLDY (SCALE 4-7)  15
TOTAL FM JUL 1  5300    CLOUDY (SCALE 8-10)  3
DPTR FM NORMAL     M

[CDD (BASE 65) ]
TOTAL THIS MO.     0
DPTR FM NORMAL     M    [PRESSURE DATA]
TOTAL FM JAN 1     0    HIGHEST SLP M ON M
DPTR FM NORMAL     M    LOWEST  SLP M ON M

[REMARKS]
