000
CXUS55 KBOU 241033
CF6DEN
PRELIMINARY LOCAL CLIMATOLOGICAL DATA (WS FORM: F-6)

                                          STATION:   DENVER CO
                                          MONTH:     MARCH
                                          YEAR:      2017
                                          LATITUDE:   39 52 N
                                          LONGITUDE: 104 40 W

  TEMPERATURE IN F:       :PCPN:    SNOW:  WIND      :SUNSHINE: SKY     :PK WND
================================================================================
1   2   3   4   5  6A  6B    7    8   9   10  11  12  13   14  15   16   17  18
                                     12Z  AVG MX 2MIN
DY MAX MIN AVG DEP HDD CDD  WTR  SNW DPTH SPD SPD DIR MIN PSBL S-S WX    SPD DR
================================================================================

 1  48  14  31  -5  34   0 0.00  0.0    T 13.0 26 290   M    M   2        34 280
 2  53  19  36   0  29   0 0.00  0.0    0  6.5 17 200   M    M   2        22 330
 3  64  25  45   8  20   0 0.00  0.0    0 11.4 21 300   M    M   4        26 270
 4  71  32  52  15  13   0 0.00  0.0    0 10.0 24 210   M    M   4        32 200
 5  69  42  56  19   9   0 0.00  0.0    0 14.3 32 210   M    M   7        40 210
 6  53  24  39   1  26   0 0.00  0.0    0 24.2 45 280   M    M   5        57 280
 7  53  18  36  -2  29   0 0.00  0.0    0 18.3 46 290   M    M   2        60 290
 8  67  21  44   6  21   0 0.00  0.0    0 11.2 25 290   M    M   5        33 270
 9  72  33  53  14  12   0 0.00  0.0    0 12.8 29 320   M    M   6        35 330
10  65  26  46   7  19   0 0.00  0.0    0  6.9 14 100   M    M   8        16  90
11  48  32  40   1  25   0 0.02    T    0  6.2 16 160   M    M   8 1      19 170
12  61  31  46   6  19   0 0.00  0.0    0 13.9 35 280   M    M   8        44 270
13  57  19  38  -2  27   0 0.00  0.0    0  7.3 16  80   M    M   7        19  50
14  69  37  53  13  12   0 0.00  0.0    0  7.6 21  70   M    M   7        27  60
15  77  38  58  18   7   0 0.00  0.0    0 13.8 28 270   M    M   5        34 270
16  76  48  62  21   3   0 0.00  0.0    0 13.5 30 300   M    M   7        36 290
17  71  37  54  13  11   0 0.00  0.0    0 13.2 22 100   M    M   5        29  70
18  81  35  58  17   7   0 0.00  0.0    0  7.4 18  90   M    M   5        26  80
19  80  48  64  23   1   0 0.00  0.0    0 10.9 22 310   M    M   7        29 310
20  77  45  61  19   4   0 0.00  0.0    0 10.9 26 100   M    M   7        34  40
21  70  34  52  10  13   0 0.00  0.0    0 11.2 24 170   M    M   5        32 170
22  71  37  54  12  11   0 0.00  0.0    0  9.7 21 170   M    M   6        25 170
23  77  37  57  15   8   0 0.08  0.0    0 19.3 43  10   M    M   5 1378   55  10
================================================================================
SM 1530  732       360   0  0.10   T     273.5            M    127
================================================================================
AV 66.5 31.8                              11.9 FASTST            6    MAX(MPH)
                                 MISC ---->  # 46 290     M   M     # 60  290
================================================================================
NOTES: SUNSHINE DATA WILL NO LONGER BE AVAILABLE EFFECTIVE OCTOBER 1ST 2009.

# LAST OF SEVERAL OCCURRENCES

COLUMN 17 PEAK WIND IN M.P.H.

PRELIMINARY LOCAL CLIMATOLOGICAL DATA (WS FORM: F-6) , PAGE 2

                                          STATION:  DENVER CO
                                          MONTH:    MARCH
                                          YEAR:     2017
                                          LATITUDE:   39 52 N
                                          LONGITUDE: 104 40 W

[TEMPERATURE DATA]      [PRECIPITATION DATA]       SYMBOLS USED IN COLUMN 16

AVERAGE MONTHLY: 49.2   TOTAL FOR MONTH:   0.10    1 = FOG OR MIST
DPTR FM NORMAL:   9.8   DPTR FM NORMAL:   -0.51    2 = FOG REDUCING VISIBILITY
HIGHEST:    81 ON 18    GRTST 24HR  0.08 ON 23-23      TO 1/4 MILE OR LESS
LOWEST:     14 ON  1                               3 = THUNDER
                        SNOW, ICE PELLETS, HAIL    4 = ICE PELLETS
                        TOTAL MONTH:    T          5 = HAIL
                        GRTST 24HR     T ON 11-11  6 = FREEZING RAIN OR DRIZZLE
                        GRTST DEPTH:   T ON  1     7 = DUSTSTORM OR SANDSTORM:
                                                       VSBY 1/2 MILE OR LESS
                                                   8 = SMOKE OR HAZE
[NO. OF DAYS WITH]      [WEATHER - DAYS WITH]      9 = BLOWING SNOW
                                                   X = TORNADO
MAX 32 OR BELOW:   0    0.01 INCH OR MORE:   2
MAX 90 OR ABOVE:   0    0.10 INCH OR MORE:   0
MIN 32 OR BELOW:  11    0.50 INCH OR MORE:   0
MIN  0 OR BELOW:   0    1.00 INCH OR MORE:   0

[HDD (BASE 65) ]
TOTAL THIS MO.   360    CLEAR  (SCALE 0-3)   3
DPTR FM NORMAL  -229    PTCLDY (SCALE 4-7)  19
TOTAL FM JUL 1  4162    CLOUDY (SCALE 8-10)  1
DPTR FM NORMAL  -866

[CDD (BASE 65) ]
TOTAL THIS MO.     0
DPTR FM NORMAL     0    [PRESSURE DATA]
TOTAL FM JAN 1     0    HIGHEST SLP M ON M
DPTR FM NORMAL     0    LOWEST  SLP 29.15 ON  6

[REMARKS]
