000
CXUS55 KBOU 010800
CF6DEN
PRELIMINARY LOCAL CLIMATOLOGICAL DATA (WS FORM: F-6)

                                          STATION:   DENVER CO
                                          MONTH:     JUNE
                                          YEAR:      2015
                                          LATITUDE:   39 52 N
                                          LONGITUDE: 104 40 W

  TEMPERATURE IN F:       :PCPN:    SNOW:  WIND      :SUNSHINE: SKY     :PK WND
================================================================================
1   2   3   4   5  6A  6B    7    8   9   10  11  12  13   14  15   16   17  18
                                     12Z  AVG MX 2MIN
DY MAX MIN AVG DEP HDD CDD  WTR  SNW DPTH SPD SPD DIR MIN PSBL S-S WX    SPD DR
================================================================================

 1  85  52  69   6   0   4    T  0.0    0 12.1 32 240   M    M   6 3      39 240
 2  86  53  70   7   0   5 0.00  0.0    0  9.4 20 200   M    M   4        24 200
 3  74  51  63   0   2   0 0.01  0.0    0  9.0 23 110   M    M   7 1348   29 110
 4  82  52  67   3   0   2 0.01  0.0    0  9.8 28  60   M    M   7 1238   35  60
 5  70  55  63  -1   2   0 0.99  0.0    0  7.7 28 230   M    M   7 13     35 230
 6  76  52  64   0   1   0    T  0.0    0  7.1 24 360   M    M   7 3      30 360
 7  77  52  65   0   0   0 0.27  0.0    0  7.5 30 290   M    M   5 35     36 280
 8  80  53  67   2   0   2 0.00  0.0    0  7.3 13 180   M    M   2        17 230
 9  85  59  72   7   0   7 0.06  0.0    0 10.7 35 270   M    M   4 3      47 300
10  75  61  68   2   0   3 0.04  0.0    0  7.7 16  90   M    M   8 3      20 180
11  76  54  65  -1   0   0 0.56  0.0    0  8.3 28 360   M    M   8 13     34 350
12  70  54  62  -4   3   0 0.01  0.0    0  7.1 12 190   M    M   7 1      14 160
13  85  54  70   3   0   5 0.29  0.0    0 10.3 29 270   M    M   4 35     37 270
14  83  56  70   3   0   5 0.00  0.0    0 10.0 22  80   M    M   6 3      27  80
15  71  53  62  -5   3   0    T  0.0    0  7.5 17  90   M    M   7 3      20 170
16  85  57  71   3   0   6    T  0.0    0 11.5 33 290   M    M   7        43 290
17  82  53  68   0   0   3 0.00  0.0    0  6.9 20 120   M    M   6        23 150
18  80  58  69   1   0   4 0.01  0.0    0  7.9 32 160   M    M   6 1      40 160
19  93  61  77   9   0  12 0.00  0.0    0  8.7 17 150   M    M   3        21 150
20  85  57  71   2   0   6 0.00  0.0    0  7.5 17 110   M    M   2        23 340
21  92  57  75   6   0  10 0.00  0.0    0 10.7 28 150   M    M   4        34 160
22  79  58  69  -1   0   4 0.00  0.0    0  9.8 28  30   M    M   5        35  20
23  91  56  74   4   0   9 0.01  0.0    0  9.7 22 160   M    M   3 3      28 260
24  91  63  77   7   0  12 0.05  0.0    0 12.4 36 160   M    M   7 3      47 160
25  89  57  73   3   0   8    T  0.0    0  9.4 25  90   M    M   6 3      31  80
26  81  58  70  -1   0   5 0.00  0.0    0  8.8 16  30   M    M   6        22  30
27  89  57  73   2   0   8 0.00  0.0    0  8.1 20  30   M    M   3        24  30
28  93  56  75   4   0  10 0.22  0.0    0  9.1 32 350   M    M   6 358    38 350
29  88  61  75   3   0  10 0.00  0.0    0  8.1 15  30   M    M   5        21  40
30  94  63  79   7   0  14    T  0.0    0 10.2 33 280   M    M   5        41 320
================================================================================
SM 2487 1683        11 154  2.53     0.0 270.3            M    163
================================================================================
AV 82.9 56.1                               9.0 FASTST            5    MAX(MPH)
                                 MISC ---->  # 36 160     M   M     # 47  300
================================================================================
NOTES: SUNSHINE DATA WILL NO LONGER BE AVAILABLE EFFECTIVE OCTOBER 1ST 2009.

# LAST OF SEVERAL OCCURRENCES

COLUMN 17 PEAK WIND IN M.P.H.

PRELIMINARY LOCAL CLIMATOLOGICAL DATA (WS FORM: F-6) , PAGE 2

                                          STATION:  DENVER CO
                                          MONTH:    JUNE
                                          YEAR:     2015
                                          LATITUDE:   39 52 N
                                          LONGITUDE: 104 40 W

[TEMPERATURE DATA]      [PRECIPITATION DATA]       SYMBOLS USED IN COLUMN 16

AVERAGE MONTHLY: 69.5   TOTAL FOR MONTH:   2.53    1 = FOG OR MIST
DPTR FM NORMAL:   2.1   DPTR FM NORMAL:    0.55    2 = FOG REDUCING VISIBILITY
HIGHEST:    94 ON 30    GRTST 24HR  0.99 ON  5- 5      TO 1/4 MILE OR LESS
LOWEST:     51 ON  3                               3 = THUNDER
                        SNOW, ICE PELLETS, HAIL    4 = ICE PELLETS
                        TOTAL MONTH:   0.0 INCH    5 = HAIL
                        GRTST 24HR     0.0         6 = FREEZING RAIN OR DRIZZLE
                        GRTST DEPTH:   0           7 = DUSTSTORM OR SANDSTORM:
                                                       VSBY 1/2 MILE OR LESS
                                                   8 = SMOKE OR HAZE
[NO. OF DAYS WITH]      [WEATHER - DAYS WITH]      9 = BLOWING SNOW
                                                   X = TORNADO
MAX 32 OR BELOW:   0    0.01 INCH OR MORE:  13
MAX 90 OR ABOVE:   6    0.10 INCH OR MORE:   5
MIN 32 OR BELOW:   0    0.50 INCH OR MORE:   2
MIN  0 OR BELOW:   0    1.00 INCH OR MORE:   0

[HDD (BASE 65) ]
TOTAL THIS MO.    11    CLEAR  (SCALE 0-3)   5
DPTR FM NORMAL   -51    PTCLDY (SCALE 4-7)  24
TOTAL FM JUL 1  5583    CLOUDY (SCALE 8-10)  1
DPTR FM NORMAL  -475

[CDD (BASE 65) ]
TOTAL THIS MO.   154
DPTR FM NORMAL    21    [PRESSURE DATA]
TOTAL FM JAN 1   158    HIGHEST SLP M ON M
DPTR FM NORMAL     3    LOWEST  SLP 29.64 ON M

[REMARKS]
