000
CXUS54 KSHV 010041
CF6DEQ
PRELIMINARY LOCAL CLIMATOLOGICAL DATA (WS FORM: F-6)

                                          STATION:   DE QUEEN
                                          MONTH:     FEBRUARY
                                          YEAR:      2015
                                          LATITUDE:   34  2 N
                                          LONGITUDE:  94 24 W

  TEMPERATURE IN F:       :PCPN:    SNOW:  WIND      :SUNSHINE: SKY     :PK WND
================================================================================
1   2   3   4   5  6A  6B    7    8   9   10  11  12  13   14  15   16   17  18
                                     12Z  AVG MX 2MIN
DY MAX MIN AVG DEP HDD CDD  WTR  SNW DPTH SPD SPD DIR MIN PSBL S-S WX    SPD DR
================================================================================

 1  56  30  43   1  22   0 0.46  0.0    0  8.9 24 310   M    M   7 1      31 320
 2  43  19  31 -11  34   0 0.00  0.0    0  5.6 20 330   M    M   0        30 330
 3  53  23  38  -4  27   0 0.00  0.0    0  2.3 12 220   M    M   0 1      15 230
 4  55  38  47   4  18   0    T  0.0    0  2.7 15 360   M    M   9 18     21 350
 5  48  37  43   0  22   0    T  0.0    0  5.7 15  30   M    M  10 18     20  30
 6  54  32  43   0  22   0 0.00  0.0    0  2.7 12 230   M    M   7 12     16 240
 7  68  29  49   6  16   0 0.00  0.0    0  3.8 16 190   M    M   5 128    22 200
 8  68  37  53  10  12   0 0.00  0.0    0  2.3 12 220   M    M   6 128    15 250
 9  73  35  54  10  11   0 0.00  0.0    0  4.1 17 310   M    M   2 12     23 310
10  59  35  47   3  18   0 0.00  0.0    0  6.3 15 110   M    M   0 18     17 110
11  67  39  53   9  12   0 0.00  0.0    0  4.5 14 360   M    M   1 8      19 360
12  57  33  45   1  20   0 0.00  0.0    0  5.5 14 320   M    M   1 8      19 310
13  53  28  41  -4  24   0 0.00  0.0    0  2.6  9 180   M    M   0        13 250
14  73  27  50   5  15   0 0.00  0.0    0  3.5 15 250   M    M   0 18     20 250
15  53  31  42  -3  23   0 0.02    T    0 12.2 22 110   M    M   4 16     34 110
16  34  26  30 -15  35   0 0.87  0.1    0  7.2 15 340   M    M   9 146    21 330
17  48  21  35 -11  30   0    T  0.0    0  2.8 20 340   M    M   1 1      28 320
18  48  21  35 -11  30   0 0.00  0.0    0  4.7 16 310   M    M   3 1      21 320
19  45  19  32 -14  33   0 0.00  0.0    0  5.9 14 100   M    M   1        18 110
20  45  32  39  -7  26   0    T  0.0    0  9.0 15  80   M    M  10 18     20  90
21  63  34  49   2  16   0    T  0.0    0  5.4 17  40   M    M   6 123    24  40
22  45  33  39  -8  26   0 0.88  0.0    0  9.0 17  70   M    M   7 18     23  50
23  34  27  31 -16  34   0 0.15  0.2    0  7.3 16  60   M    M  10 148    20  50
24  38  27  33 -15  32   0 0.00  0.0    0  3.6 10 250   M    M   5 1      13 240
25  36  26  31 -17  34   0 0.35  4.0    0  1.2  6 130   M    M   8 126     8 110
26  42  27  35 -13  30   0 0.00  0.0    3  6.7 18  20   M    M   5 12     25  20
27  32  22  27 -22  38   0    T    T    0  7.4 15  90   M    M   5 8      22 100
================================================================================
SM 1390  788       660   0  2.73     4.3 142.9          M      122
================================================================================
AV 51.5 29.2                               5.3 FASTST   M    M   5    MAX(MPH)
                                 MISC ---->  # 24 310               # 34  110
================================================================================
NOTES:
# LAST OF SEVERAL OCCURRENCES

COLUMN 17 PEAK WIND IN M.P.H.

PRELIMINARY LOCAL CLIMATOLOGICAL DATA (WS FORM: F-6) , PAGE 2

                                          STATION:  DE QUEEN
                                          MONTH:    FEBRUARY
                                          YEAR:     2015
                                          LATITUDE:   34  2 N
                                          LONGITUDE:  94 24 W

[TEMPERATURE DATA]      [PRECIPITATION DATA]       SYMBOLS USED IN COLUMN 16

AVERAGE MONTHLY: 40.3   TOTAL FOR MONTH:   2.73    1 = FOG OR MIST
DPTR FM NORMAL:  -4.7   DPTR FM NORMAL:   -0.85    2 = FOG REDUCING VISIBILITY
HIGHEST:    73 ON 14, 9 GRTST 24HR  0.88 ON 22-22      TO 1/4 MILE OR LESS
LOWEST:     19 ON 19, 2                            3 = THUNDER
                        SNOW, ICE PELLETS, HAIL    4 = ICE PELLETS
                        TOTAL MONTH:   4.3 INCHES  5 = HAIL
                        GRTST 24HR   4.0 ON 25-25  6 = FREEZING RAIN OR DRIZZLE
                        GRTST DEPTH:   3 ON 26     7 = DUSTSTORM OR SANDSTORM:
                                                       VSBY 1/2 MILE OR LESS
                                                   8 = SMOKE OR HAZE
[NO. OF DAYS WITH]      [WEATHER - DAYS WITH]      9 = BLOWING SNOW
                                                   X = TORNADO
MAX 32 OR BELOW:   1    0.01 INCH OR MORE:   6
MAX 90 OR ABOVE:   0    0.10 INCH OR MORE:   5
MIN 32 OR BELOW:  18    0.50 INCH OR MORE:   2
MIN  0 OR BELOW:   0    1.00 INCH OR MORE:   0

[HDD (BASE 65) ]
TOTAL THIS MO.   660    CLEAR  (SCALE 0-3)  10
DPTR FM NORMAL   121    PTCLDY (SCALE 4-7)  12
TOTAL FM JUL 1  2618    CLOUDY (SCALE 8-10)  5
DPTR FM NORMAL   143

[CDD (BASE 65) ]
TOTAL THIS MO.     0
DPTR FM NORMAL     0    [PRESSURE DATA]
TOTAL FM JAN 1     0    HIGHEST SLP M ON M
DPTR FM NORMAL    -1    LOWEST  SLP 29.70 ON 21

[REMARKS]
#FINAL-02-15#
