000
CXUS56 KOTX 270900
CF6DEW
PRELIMINARY LOCAL CLIMATOLOGICAL DATA (WS FORM: F-6)

                                          STATION:   DEER_PARK WA AIRPORT
                                          MONTH:     MARCH
                                          YEAR:      2017
                                          LATITUDE:   47 58 N
                                          LONGITUDE: 117 25 W

  TEMPERATURE IN F:       :PCPN:    SNOW:  WIND      :SUNSHINE: SKY     :PK WND
================================================================================
1   2   3   4   5  6A  6B    7    8   9   10  11  12  13   14  15   16   17  18
                                     12Z  AVG MX 2MIN
DY MAX MIN AVG DEP HDD CDD  WTR  SNW DPTH SPD SPD DIR MIN PSBL S-S WX    SPD DR
================================================================================

 1  42  27  35   2  30   0 0.00    M    M 10.1 26 210   M    M   6        33 220
 2  41  29  35   1  30   0 0.13    M    M  6.3 20 190   M    M   8 1      24 200
 3  43  32  38   4  27   0 0.10    M    M  8.2 23 180   M    M   9 1      34 180
 4  39  23  31  -3  34   0 0.00    M    M  8.5 18 200   M    M   2        23 190
 5  37  20  29  -5  36   0 0.05    M    M  7.3 18 210   M    M   6 1      23 210
 6  37  19  28  -7  37   0    T    M    M  9.7 25 210   M    M   6        30 190
 7  33  14  24 -11  41   0 0.39    M    M  5.1 14 160   M    M   7 18     15 180
 8  38  23  31  -4  34   0    T    M    M  8.8 17 240   M    M   6 12     22 230
 9  38  31  35  -1  30   0 0.35    M    M  4.7 12  10   M    M  10 1      12  20
10  48  28  38   2  27   0 0.00    M    M  7.9 21 210   M    M   6 1      26 210
11  47  27  37   1  28   0 0.16    M    M  7.0 18 220   M    M   5 1      21 220
12  46  34  40   3  25   0 0.00    M    M  6.8 15 190   M    M   4        19 190
13  42  34  38   1  27   0 0.36    M    0  2.9  8  30   M    M  10 1      11  30
14  56  37  47  10  18   0 0.46    M    M  5.3 18 200   M    M   9 12     26 270
15  51  37  44   6  21   0 0.20    M    M  6.1 21 200   M    M  10 12     25 210
16  50  25  38   0  27   0    T    M    M 10.7 23 200   M    M   3        27 190
17  46  25  36  -2  29   0 0.27    M    M  7.5 16  30   M    M   5 1      21  40
18  57  34  46   7  19   0 0.51    M    M 11.8 29 200   M    M   7 1238   38 220
19  47  25  36  -3  29   0 0.00    M    M  3.1 13 190   M    M   0        14 180
20  53  28  41   2  24   0    T    M    M 12.9 22  30   M    M   4        29  50
21  49  40  45   5  20   0 0.35    M    M 10.8 18  50   M    M   9 1      24  20
22  51  39  45   5  20   0 0.10    M    M  3.7 23 210   M    M   9 1      28 240
23  49  31  40   0  25   0 0.00    M    M  7.6 15 170   M    M   6        18 170
24  44  35  40   0  25   0 0.61    M    M  6.2 18 200   M    M  10 1      24 210
25  52  30  41   0  24   0 0.07    M    M  7.5 21 230   M    M   7 1      25 210
26  50  26  38  -3  27   0 0.17    M    M  4.7 14  40   M    M   7 1      18  30
================================================================================
SM 1186  753       714   0  4.28    M    191.2          M      171
================================================================================
AV 45.6 29.0                               7.4 FASTST   M    M   7    MAX(MPH)
                                 MISC ---->  # 29 200               # 38  220
================================================================================
NOTES:
# LAST OF SEVERAL OCCURRENCES

COLUMN 17 PEAK WIND IN M.P.H.

PRELIMINARY LOCAL CLIMATOLOGICAL DATA (WS FORM: F-6) , PAGE 2

                                          STATION:  DEER_PARK WA AIRPORT
                                          MONTH:    MARCH
                                          YEAR:     2017
                                          LATITUDE:   47 58 N
                                          LONGITUDE: 117 25 W

[TEMPERATURE DATA]      [PRECIPITATION DATA]       SYMBOLS USED IN COLUMN 16

AVERAGE MONTHLY: 37.3   TOTAL FOR MONTH:   4.28    1 = FOG OR MIST
DPTR FM NORMAL:   0.1   DPTR FM NORMAL:    2.57    2 = FOG REDUCING VISIBILITY
HIGHEST:    57 ON 18    GRTST 24HR  0.61 ON 24-24      TO 1/4 MILE OR LESS
LOWEST:     14 ON  7                               3 = THUNDER
                        SNOW, ICE PELLETS, HAIL    4 = ICE PELLETS
                        TOTAL MONTH:    M          5 = HAIL
                        GRTST 24HR    M  ON   M    6 = FREEZING RAIN OR DRIZZLE
                        GRTST DEPTH:   0           7 = DUSTSTORM OR SANDSTORM:
                                                       VSBY 1/2 MILE OR LESS
                                                   8 = SMOKE OR HAZE
[NO. OF DAYS WITH]      [WEATHER - DAYS WITH]      9 = BLOWING SNOW
                                                   X = TORNADO
MAX 32 OR BELOW:   0    0.01 INCH OR MORE:  16
MAX 90 OR ABOVE:   0    0.10 INCH OR MORE:  14
MIN 32 OR BELOW:  18    0.50 INCH OR MORE:   2
MIN  0 OR BELOW:   0    1.00 INCH OR MORE:   0

[HDD (BASE 65) ]
TOTAL THIS MO.   714    CLEAR  (SCALE 0-3)   3
DPTR FM NORMAL   -11    PTCLDY (SCALE 4-7)  15
TOTAL FM JUL 1  6224    CLOUDY (SCALE 8-10)  8
DPTR FM NORMAL   134

[CDD (BASE 65) ]
TOTAL THIS MO.     0
DPTR FM NORMAL     0    [PRESSURE DATA]
TOTAL FM JAN 1     0    HIGHEST SLP M ON M
DPTR FM NORMAL     0    LOWEST  SLP 29.48 ON  5

[REMARKS]
