000
CXUS53 KIWX 280800
CF6DFI
PRELIMINARY LOCAL CLIMATOLOGICAL DATA (WS FORM: F-6)

                                          STATION:   DEFIANCE MEMORIAL
                                          MONTH:     MAY
                                          YEAR:      2015
                                          LATITUDE:   41 20 N
                                          LONGITUDE:  84 26 W

  TEMPERATURE IN F:       :PCPN:    SNOW:  WIND      :SUNSHINE: SKY     :PK WND
================================================================================
1   2   3   4   5  6A  6B    7    8   9   10  11  12  13   14  15   16   17  18
                                     12Z  AVG MX 2MIN
DY MAX MIN AVG DEP HDD CDD  WTR  SNW DPTH SPD SPD DIR MIN PSBL S-S WX    SPD DR
================================================================================

 1  76  44  60   5   5   0 0.00  0.0    0  6.3 15 340   M    M   3        21 350
 2  75  46  61   6   4   0 0.00  0.0    0  4.0 14 240   M    M   0        19 260
 3  79  49  64   9   1   0 0.00  0.0    0  7.0 18 220   M    M   0        25 220
 4  73  60  67  11   0   2 0.09  0.0    0  7.9 22 230   M    M   4 18     32 230
 5  65  53  59   3   6   0 0.40  0.0    0  6.8 17  30   M    M   8 18     20  50
 6  76  53  65   9   0   0 0.00  0.0    0  5.9 10  90   M    M   6 128    13 100
 7  87  53  70  13   0   5 0.00  0.0    0  3.8 13 160   M    M   2 18     17 170
 8  87  59  73  16   0   8 0.00  0.0    0  6.9 16 210   M    M   2 18     23 230
 9  83  62  73  16   0   8 0.18  0.0    0  6.6 18 200   M    M   6 13     23 200
10  79  65  72  14   0   7 0.40  0.0    0  5.7 25 220   M    M   5 138    42 220
11  82  63  73  15   0   8 0.34  0.0    0  8.2 21 250   M    M   3 138    33 260
12  63  50  57  -1   8   0 0.00  0.0    0  9.3 18 240   M    M   7        27 260
13  60  46  53  -6  12   0 0.00  0.0    0  8.8 22 330   M    M   4        28 340
14  64  40  52  -7  13   0 0.00  0.0    0  6.7 16 100   M    M   0        21 100
15  81  52  67   8   0   2 0.24  0.0    0  7.6 17 220   M    M   7 1      24 230
16  76  66  71  11   0   6 0.02  0.0    0  6.4 14 190   M    M   6 1      17 190
17  84  66  75  15   0  10 0.17  0.0    0  8.4 23 180   M    M   7 138    36 170
18  82  63  73  13   0   8    T  0.0    0 10.6 18 330   M    M   4 3      26 190
19  62  41  52  -8  13   0 0.00  0.0    0  9.9 20 310   M    M   6        26 310
20  57  36  47 -14  18   0    T    M    0  6.7 16  30   M    M   3        21  30
21  63  46  55  -6  10   0 0.00  0.0    0  7.0 17 310   M    M   7        22 310
22  71  44  58  -3   7   0 0.00  0.0    0  4.9 14 340   M    M   2        18 330
23  80  45  63   1   2   0 0.00  0.0    0  3.3 13 300   M    M   0        17 290
24  84  51  68   6   0   3    T  0.0    0  6.4 16 210   M    M   1 1      21 200
25  82  68  75  13   0  10    T  0.0    0 13.9 29 210   M    M   3        38 200
26  86  63  75  13   0  10 0.05  0.0    0 11.0 21 180   M    M   4 13     32 250
27  80  61  71   8   0   6 0.61  0.0    0  8.0 25 210   M    M   4 138    34 200
================================================================================
SM 2037 1445        99  93  2.50     0.0 198.0          M      104
================================================================================
AV 75.4 53.5                               7.3 FASTST   M    M   4    MAX(MPH)
                                 MISC ---->  # 29 210               # 42  220
================================================================================
NOTES:
# LAST OF SEVERAL OCCURRENCES

COLUMN 17 PEAK WIND IN M.P.H.

PRELIMINARY LOCAL CLIMATOLOGICAL DATA (WS FORM: F-6) , PAGE 2

                                          STATION:  DEFIANCE MEMORIAL
                                          MONTH:    MAY
                                          YEAR:     2015
                                          LATITUDE:   41 20 N
                                          LONGITUDE:  84 26 W

[TEMPERATURE DATA]      [PRECIPITATION DATA]       SYMBOLS USED IN COLUMN 16

AVERAGE MONTHLY: 64.5   TOTAL FOR MONTH:   2.50    1 = FOG OR MIST
DPTR FM NORMAL:   5.6   DPTR FM NORMAL:   -0.78    2 = FOG REDUCING VISIBILITY
HIGHEST:    87 ON  8, 7 GRTST 24HR  0.66 ON 26-27      TO 1/4 MILE OR LESS
LOWEST:     36 ON 20                               3 = THUNDER
                        SNOW, ICE PELLETS, HAIL    4 = ICE PELLETS
                        TOTAL MONTH:   0.0 INCH    5 = HAIL
                        GRTST 24HR     0.0         6 = FREEZING RAIN OR DRIZZLE
                        GRTST DEPTH:   0           7 = DUSTSTORM OR SANDSTORM:
                                                       VSBY 1/2 MILE OR LESS
                                                   8 = SMOKE OR HAZE
[NO. OF DAYS WITH]      [WEATHER - DAYS WITH]      9 = BLOWING SNOW
                                                   X = TORNADO
MAX 32 OR BELOW:   0    0.01 INCH OR MORE:  10
MAX 90 OR ABOVE:   0    0.10 INCH OR MORE:   7
MIN 32 OR BELOW:   0    0.50 INCH OR MORE:   1
MIN  0 OR BELOW:   0    1.00 INCH OR MORE:   0

[HDD (BASE 65) ]
TOTAL THIS MO.    99    CLEAR  (SCALE 0-3)  10
DPTR FM NORMAL   -97    PTCLDY (SCALE 4-7)  16
TOTAL FM JUL 1  6448    CLOUDY (SCALE 8-10)  1
DPTR FM NORMAL   270

[CDD (BASE 65) ]
TOTAL THIS MO.    93
DPTR FM NORMAL    64    [PRESSURE DATA]
TOTAL FM JAN 1    93    HIGHEST SLP M ON M
DPTR FM NORMAL    58    LOWEST  SLP 29.77 ON 11

[REMARKS]
