000
CXUS54 KFWD 200730
CF6DFW
PRELIMINARY LOCAL CLIMATOLOGICAL DATA (WS FORM: F-6)

                                          STATION:   DALLAS FORT WORTH
                                          MONTH:     JANUARY
                                          YEAR:      2018
                                          LATITUDE:   32 54 N
                                          LONGITUDE:  97  2 W

  TEMPERATURE IN F:       :PCPN:    SNOW:  WIND      :SUNSHINE: SKY     :PK WND
================================================================================
1   2   3   4   5  6A  6B    7    8   9   10  11  12  13   14  15   16   17  18
                                     12Z  AVG MX 2MIN
DY MAX MIN AVG DEP HDD CDD  WTR  SNW DPTH SPD SPD DIR MIN PSBL S-S WX    SPD DR
================================================================================

 1  30  17  24 -21  41   0 0.00  0.0    0 11.3 18  40   M    M   5        24  20
 2  28  21  25 -20  40   0 0.00  0.0    0  8.0 14 340   M    M  10        16 350
 3  50  19  35 -10  30   0 0.00  0.0    0  7.5 15 330   M    M   1        19 310
 4  51  27  39  -6  26   0 0.00  0.0    0  3.3  8  70   M    M   6        12  80
 5  64  31  48   3  17   0 0.00  0.0    0  6.2 16 200   M    M   4        19 200
 6  66  34  50   5  15   0 0.00  0.0    0  9.8 20 190   M    M   5        24 150
 7  62  53  58  13   7   0 0.18  0.0    0 14.8 23 170   M    M   9 13     33 170
 8  61  41  51   5  14   0 0.00  0.0    0 10.2 18 360   M    M   2 18     24 330
 9  54  37  46   0  19   0 0.00  0.0    0  8.2 17 150   M    M   7 128    21 160
10  60  47  54   8  11   0 0.00  0.0    0 15.2 25 170   M    M   8 18     33 170
11  62  31  47   1  18   0    T    T    0 22.0 37 330   M    M   5 1      47 320
12  45  24  35 -11  30   0 0.00  0.0    0 14.3 35 340   M    M   1        40 330
13  48  27  38  -8  27   0 0.00  0.0    0  8.8 17 360   M    M   2        20 350
14  57  28  43  -3  22   0 0.00  0.0    0  7.7 20 200   M    M   4        24 190
15  59  30  45  -1  20   0    T    T    0 15.7 32  10   M    M   5 4      40 360
16  32  19  26 -20  39   0    T    T    0 16.6 28 350   M    M   2        32 360
17  37  13  25 -21  40   0 0.00  0.0    0  3.6  9 190   M    M   0        10 230
18  48  18  33 -13  32   0 0.00  0.0    0  9.2 17 180   M    M   3        19 190
19  58  37  48   2  17   0 0.00  0.0    0 14.4 25 190   M    M   8        32 200
================================================================================
SM  972  554       465   0  0.18    T    206.8          M       87
================================================================================
AV 51.2 29.2                              10.9 FASTST   M    M   5    MAX(MPH)
                                 MISC ---->  # 37 330               # 47  320
================================================================================
NOTES:
# LAST OF SEVERAL OCCURRENCES

COLUMN 17 PEAK WIND IN M.P.H.

PRELIMINARY LOCAL CLIMATOLOGICAL DATA (WS FORM: F-6) , PAGE 2

                                          STATION:  DALLAS FORT WORTH
                                          MONTH:    JANUARY
                                          YEAR:     2018
                                          LATITUDE:   32 54 N
                                          LONGITUDE:  97  2 W

[TEMPERATURE DATA]      [PRECIPITATION DATA]       SYMBOLS USED IN COLUMN 16

AVERAGE MONTHLY: 40.2   TOTAL FOR MONTH:   0.18    1 = FOG OR MIST
DPTR FM NORMAL:  -5.5   DPTR FM NORMAL:   -1.03    2 = FOG REDUCING VISIBILITY
HIGHEST:    66 ON  6    GRTST 24HR  0.18 ON  7- 7      TO 1/4 MILE OR LESS
LOWEST:     13 ON 17                               3 = THUNDER
                        SNOW, ICE PELLETS, HAIL    4 = ICE PELLETS
                        TOTAL MONTH:    T          5 = HAIL
                        GRTST 24HR    T  ON 16-16  6 = FREEZING RAIN OR DRIZZLE
                        GRTST DEPTH:   0           7 = DUSTSTORM OR SANDSTORM:
                                                       VSBY 1/2 MILE OR LESS
                                                   8 = SMOKE OR HAZE
[NO. OF DAYS WITH]      [WEATHER - DAYS WITH]      9 = BLOWING SNOW
                                                   X = TORNADO
MAX 32 OR BELOW:   3    0.01 INCH OR MORE:   1
MAX 90 OR ABOVE:   0    0.10 INCH OR MORE:   1
MIN 32 OR BELOW:  13    0.50 INCH OR MORE:   0
MIN  0 OR BELOW:   0    1.00 INCH OR MORE:   0

[HDD (BASE 65) ]
TOTAL THIS MO.   465    CLEAR  (SCALE 0-3)   7
DPTR FM NORMAL    93    PTCLDY (SCALE 4-7)   9
TOTAL FM JUL 1  1144    CLOUDY (SCALE 8-10)  3
DPTR FM NORMAL  -140

[CDD (BASE 65) ]
TOTAL THIS MO.     0
DPTR FM NORMAL     0    [PRESSURE DATA]
TOTAL FM JAN 1     0    HIGHEST SLP M ON M
DPTR FM NORMAL     0    LOWEST  SLP 29.64 ON 11

[REMARKS]
