000
CXUS54 KFWD 270730
CF6DFW
PRELIMINARY LOCAL CLIMATOLOGICAL DATA (WS FORM: F-6)

                                          STATION:   DALLAS FORT WORTH
                                          MONTH:     JULY
                                          YEAR:      2015
                                          LATITUDE:   32 54 N
                                          LONGITUDE:  97  2 W

  TEMPERATURE IN F:       :PCPN:    SNOW:  WIND      :SUNSHINE: SKY     :PK WND
================================================================================
1   2   3   4   5  6A  6B    7    8   9   10  11  12  13   14  15   16   17  18
                                     12Z  AVG MX 2MIN
DY MAX MIN AVG DEP HDD CDD  WTR  SNW DPTH SPD SPD DIR MIN PSBL S-S WX    SPD DR
================================================================================

 1  94  75  85   1   0  20 0.00  0.0    0 15.1 26 200   M    M   5 8      31 180
 2  93  74  84   0   0  19 0.00  0.0    0 17.0 26 210   M    M   6        32 200
 3  92  79  86   2   0  21 0.00  0.0    0 13.8 23 220   M    M   8        29 220
 4  94  78  86   2   0  21 0.00  0.0    0 11.5 20 170   M    M   6        23 170
 5  93  77  85   1   0  20 0.00  0.0    0 15.5 24 200   M    M   5        30 170
 6  93  80  87   3   0  22 0.00  0.0    0 19.5 29 180   M    M   7        36 200
 7  92  80  86   1   0  21 0.00  0.0    0 17.3 25 210   M    M   9        31 210
 8  85  74  80  -5   0  15 0.92  0.0    0 14.2 25 230   M    M  10 13     32 190
 9  92  77  85   0   0  20 0.00  0.0    0 15.2 26 200   M    M   6        32 190
10  92  73  83  -2   0  18 0.00  0.0    0 11.7 23 170   M    M   5        28 180
11  94  76  85   0   0  20 0.00  0.0    0 11.2 17 170   M    M   2        27 140
12  96  77  87   2   0  22 0.00  0.0    0 10.8 16 170   M    M   1        21 170
13  98  77  88   3   0  23 0.00  0.0    0 10.8 18 170   M    M   1 8      27 200
14  98  79  89   4   0  24 0.00  0.0    0 11.5 17 190   M    M   0        22 200
15  96  76  86   1   0  21 0.00  0.0    0  9.8 16 190   M    M   0        21 150
16  96  75  86   1   0  21 0.00  0.0    0 12.2 18 180   M    M   1        24 190
17  97  79  88   2   0  23 0.00  0.0    0 13.8 21 200   M    M   1        26 160
18  99  79  89   3   0  24 0.00  0.0    0 13.5 21 190   M    M   1        25 180
19  99  78  89   3   0  24 0.00  0.0    0 11.5 17 170   M    M   1        22 150
20  99  78  89   3   0  24 0.00  0.0    0 10.0 17 170   M    M   1        23 190
21  97  79  88   2   0  23 0.00  0.0    0 10.3 16 160   M    M   5        21 150
22  98  80  89   3   0  24 0.00  0.0    0 12.3 18 170   M    M   7        23 200
23  99  80  90   4   0  25 0.00  0.0    0 11.7 20 190   M    M   5        23 190
24  99  79  89   3   0  24 0.00  0.0    0 11.1 20 190   M    M   1        24 190
25  99  79  89   3   0  24 0.00  0.0    0  9.4 15 150   M    M   3        18 210
26 100  77  89   3   0  24 0.00  0.0    0  7.6 16 150   M    M   2        21 170
================================================================================
SM 2484 2015         0 567  0.92     0.0 328.3          M       99
================================================================================
AV 95.5 77.5                              12.6 FASTST   M    M   4    MAX(MPH)
                                 MISC ---->  # 29 180               # 36  200
================================================================================
NOTES:
# LAST OF SEVERAL OCCURRENCES

COLUMN 17 PEAK WIND IN M.P.H.

PRELIMINARY LOCAL CLIMATOLOGICAL DATA (WS FORM: F-6) , PAGE 2

                                          STATION:  DALLAS FORT WORTH
                                          MONTH:    JULY
                                          YEAR:     2015
                                          LATITUDE:   32 54 N
                                          LONGITUDE:  97  2 W

[TEMPERATURE DATA]      [PRECIPITATION DATA]       SYMBOLS USED IN COLUMN 16

AVERAGE MONTHLY: 86.5   TOTAL FOR MONTH:   0.92    1 = FOG OR MIST
DPTR FM NORMAL:   1.4   DPTR FM NORMAL:   -0.97    2 = FOG REDUCING VISIBILITY
HIGHEST:   100 ON 26    GRTST 24HR  0.92 ON  8- 8      TO 1/4 MILE OR LESS
LOWEST:     73 ON 10                               3 = THUNDER
                        SNOW, ICE PELLETS, HAIL    4 = ICE PELLETS
                        TOTAL MONTH:   0.0 INCH    5 = HAIL
                        GRTST 24HR     0.0         6 = FREEZING RAIN OR DRIZZLE
                        GRTST DEPTH:   0           7 = DUSTSTORM OR SANDSTORM:
                                                       VSBY 1/2 MILE OR LESS
                                                   8 = SMOKE OR HAZE
[NO. OF DAYS WITH]      [WEATHER - DAYS WITH]      9 = BLOWING SNOW
                                                   X = TORNADO
MAX 32 OR BELOW:   0    0.01 INCH OR MORE:   1
MAX 90 OR ABOVE:  25    0.10 INCH OR MORE:   1
MIN 32 OR BELOW:   0    0.50 INCH OR MORE:   1
MIN  0 OR BELOW:   0    1.00 INCH OR MORE:   0

[HDD (BASE 65) ]
TOTAL THIS MO.     0    CLEAR  (SCALE 0-3)  13
DPTR FM NORMAL     0    PTCLDY (SCALE 4-7)  10
TOTAL FM JUL 1     0    CLOUDY (SCALE 8-10)  3
DPTR FM NORMAL     0

[CDD (BASE 65) ]
TOTAL THIS MO.   567
DPTR FM NORMAL    42    [PRESSURE DATA]
TOTAL FM JAN 1  1406    HIGHEST SLP M ON M
DPTR FM NORMAL   -32    LOWEST  SLP 29.75 ON 21

[REMARKS]
