000
CXUS55 KCYS 281000
CF6DGW
PRELIMINARY LOCAL CLIMATOLOGICAL DATA (WS FORM: F-6)

                                          STATION:   CONVERSE CO (DOUGLAS) WY ARPT
                                          MONTH:     JULY
                                          YEAR:      2017
                                          LATITUDE:   42 46 N
                                          LONGITUDE: 105 22 W

  TEMPERATURE IN F:       :PCPN:    SNOW:  WIND      :SUNSHINE: SKY     :PK WND
================================================================================
1   2   3   4   5  6A  6B    7    8   9   10  11  12  13   14  15   16   17  18
                                     12Z  AVG MX 2MIN
DY MAX MIN AVG DEP HDD CDD  WTR  SNW DPTH SPD SPD DIR MIN PSBL S-S WX    SPD DR
================================================================================

 1  87  40  64  -5   1   0 0.00    M    M  4.8 12 290   M    M   0        17 280
 2  91  52  72   3   0   7 0.00    M    M  5.7 16 120   M    M   0        20 290
 3  93  50  72   3   0   7 0.00    M    M  7.9 23 320   M    M   0        28 320
 4  93  49  71   2   0   6 0.00    M    M  6.0 20  80   M    M   0        26  70
 5  99  54  77   7   0  12 0.00    M    M  6.2 20 340   M    M   0        25 340
 6  96  58  77   7   0  12 0.01    M    M  7.5 37 280   M    M   0 3      45 280
 7  94  50  72   2   0   7 0.00    M    M  6.2 18  30   M    M   1        23  30
 8  94  57  76   6   0  11 0.00    M    M  7.1 14 150   M    M   1        17 170
 9 100  55  78   8   0  13    T    M    M  8.8 35 300   M    M   1 3      43 280
10  89  58  74   3   0   9    T    M    M  6.1 18 310   M    M   1        22 310
11  94  53  74   3   0   9 0.18    M    M  9.0 21 340   M    M   0 3      28 280
12  85  55  70  -1   0   5 0.00    M    M 13.5 24 140   M    M   0        31 130
13  94  58  76   5   0  11 0.00    M    M 12.4 24 150   M    M   0        30 140
14  95  59  77   6   0  12 0.00    M    M 11.1 24 140   M    M   0        31 150
15  93  57  75   4   0  10 0.00    M    M  7.9 23 140   M    M   0        29 130
16  96  51  74   2   0   9    T    M    M  9.0 22  90   M    M   0        29  90
17  96  57  77   5   0  12 0.00    M    M  6.6 17  10   M    M   1 8      23 360
18  98  61  80   8   0  15 0.00    M    M 10.9 25 130   M    M   1        30 120
19  99  62  81   9   0  16    T    M    M 11.6 35 250   M    M   1 3      42 250
20  98  64  81   9   0  16 0.18    M    M 10.4 31 320   M    M   2 3      46 300
21  93  62  78   6   0  13 0.00    M    M  8.7 23 320   M    M   1 8      32 330
22  92  58  75   3   0  10 0.00    M    M  7.9 20 280   M    M   0        25  10
23  95  53  74   2   0   9 0.00    M    M  7.2 20 140   M    M   0        27 140
24  99  57  78   6   0  13 0.00    M    M  7.6 23 280   M    M   0        28 300
25  86  60  73   1   0   8 0.06    M    M  9.6 21 320   M    M   4        25 320
26  77  59  68  -4   0   3 0.38    M    M  8.0 22 140   M    M   6 1      26 140
27  90  60  75   3   0  10    T    M    M  7.5 33 250   M    M   1 3      43 240
================================================================================
SM 2516 1509         1 265  0.81    M    225.2          M       21
================================================================================
AV 93.2 55.9                               8.3 FASTST   M    M   1    MAX(MPH)
                                 MISC ---->  # 37 280               # 46  300
================================================================================
NOTES:
# LAST OF SEVERAL OCCURRENCES

COLUMN 17 PEAK WIND IN M.P.H.

PRELIMINARY LOCAL CLIMATOLOGICAL DATA (WS FORM: F-6) , PAGE 2

                                          STATION:  CONVERSE CO (DOUGLAS) WY ARPT
                                          MONTH:    JULY
                                          YEAR:     2017
                                          LATITUDE:   42 46 N
                                          LONGITUDE: 105 22 W

[TEMPERATURE DATA]      [PRECIPITATION DATA]       SYMBOLS USED IN COLUMN 16

AVERAGE MONTHLY: 74.5   TOTAL FOR MONTH:   0.81    1 = FOG OR MIST
DPTR FM NORMAL:   3.6   DPTR FM NORMAL:   -0.41    2 = FOG REDUCING VISIBILITY
HIGHEST:   100 ON  9    GRTST 24HR  0.38 ON 26-26      TO 1/4 MILE OR LESS
LOWEST:     40 ON  1                               3 = THUNDER
                        SNOW, ICE PELLETS, HAIL    4 = ICE PELLETS
                        TOTAL MONTH:    M          5 = HAIL
                        GRTST 24HR    M  ON   M    6 = FREEZING RAIN OR DRIZZLE
                        GRTST DEPTH:  M  ON   M    7 = DUSTSTORM OR SANDSTORM:
                                                       VSBY 1/2 MILE OR LESS
                                                   8 = SMOKE OR HAZE
[NO. OF DAYS WITH]      [WEATHER - DAYS WITH]      9 = BLOWING SNOW
                                                   X = TORNADO
MAX 32 OR BELOW:   0    0.01 INCH OR MORE:   5
MAX 90 OR ABOVE:  22    0.10 INCH OR MORE:   3
MIN 32 OR BELOW:   0    0.50 INCH OR MORE:   0
MIN  0 OR BELOW:   0    1.00 INCH OR MORE:   0

[HDD (BASE 65) ]
TOTAL THIS MO.     1    CLEAR  (SCALE 0-3)  25
DPTR FM NORMAL    -8    PTCLDY (SCALE 4-7)   2
TOTAL FM JUL 1     1    CLOUDY (SCALE 8-10)  0
DPTR FM NORMAL    -8

[CDD (BASE 65) ]
TOTAL THIS MO.   265
DPTR FM NORMAL    90    [PRESSURE DATA]
TOTAL FM JAN 1   306    HIGHEST SLP M ON M
DPTR FM NORMAL    54    LOWEST  SLP 29.73 ON 11

[REMARKS]
