000
CXUS53 KBIS 200724
CF6DIK
PRELIMINARY LOCAL CLIMATOLOGICAL DATA (WS FORM: F-6)

                                          STATION:   DICKINSON ND
                                          MONTH:     OCTOBER
                                          YEAR:      2014
                                          LATITUDE:   46 47 N
                                          LONGITUDE: 102 48 W

  TEMPERATURE IN F:       :PCPN:    SNOW:  WIND      :SUNSHINE: SKY     :PK WND
================================================================================
1   2   3   4   5  6A  6B    7    8   9   10  11  12  13   14  15   16   17  18
                                     12Z  AVG MX 2MIN
DY MAX MIN AVG DEP HDD CDD  WTR  SNW DPTH SPD SPD DIR MIN PSBL S-S WX    SPD DR
================================================================================

 1  56  41  49  -1  16   0    T    M    M 14.8 30 290   M    M   9        37 300
 2  56  36  46  -4  19   0    T    M    M 19.1 32 310   M    M   7        41 300
 3  45  25  35 -14  30   0 0.00    M    M 18.5 33 320   M    M   4        42 320
 4  56  25  41  -8  24   0    T    M    M  6.5 16 310   M    M   8        22 320
 5  61  39  50   2  15   0 0.00    M    M 16.4 38 330   M    M   4        47 320
 6  60  40  50   2  15   0    T    M    M 14.9 29 300   M    M   5        38 310
 7  59  39  49   1  16   0 0.00    M    M 15.1 33 320   M    M   0        41 310
 8  53  33  43  -4  22   0    T    M    M  8.1 15 120   M    M   6        19 140
 9  58  31  45  -2  20   0 0.00    M    M  4.9  9 150   M    M   3        13 150
10  60  27  44  -2  21   0 0.00    M    M  9.8 18 140   M    M   0        22 140
11  76  37  57  11   8   0    T    M    M 11.7 21 260   M    M   1 8      26 230
12  59  39  49   3  16   0 0.35    M    M 12.6 22 320   M    M   5 1      27 320
13  63  34  49   4  16   0 0.00    M    M  8.8 18 290   M    M   1        22 290
14  71  34  53   8  12   0 0.00    M    M 12.8 22 200   M    M   0        27 200
15  73  42  58  14   7   0 0.00    M    M  9.1 17 180   M    M   0        25 290
16  56  43  50   6  15   0    T    M    M 24.2 41 280   M    M   7        54 280
17  52  32  42  -2  23   0 0.00    M    M  8.1 17 330   M    M   4 1      22 330
18  65  33  49   6  16   0 0.00    M    M 13.6 26 170   M    M   2 1      33 160
19  70  39  55  12  10   0 0.00    M    M  9.2 18 290   M    M   0        23 280
================================================================================
SM 1149  669       321   0  0.35    M    238.2          M       66
================================================================================
AV 60.5 35.2                              12.5 FASTST   M    M   3    MAX(MPH)
                                 MISC ---->  # 41 280               # 54  280
================================================================================
NOTES:
# LAST OF SEVERAL OCCURRENCES

COLUMN 17 PEAK WIND IN M.P.H.

PRELIMINARY LOCAL CLIMATOLOGICAL DATA (WS FORM: F-6) , PAGE 2

                                          STATION:  DICKINSON ND
                                          MONTH:    OCTOBER
                                          YEAR:     2014
                                          LATITUDE:   46 47 N
                                          LONGITUDE: 102 48 W

[TEMPERATURE DATA]      [PRECIPITATION DATA]       SYMBOLS USED IN COLUMN 16

AVERAGE MONTHLY: 47.8   TOTAL FOR MONTH:   0.35    1 = FOG OR MIST
DPTR FM NORMAL:   1.4   DPTR FM NORMAL:   -0.50    2 = FOG REDUCING VISIBILITY
HIGHEST:    76 ON 11    GRTST 24HR  0.46 ON 30- 1      TO 1/4 MILE OR LESS
LOWEST:     25 ON  4, 3                            3 = THUNDER
                        SNOW, ICE PELLETS, HAIL    4 = ICE PELLETS
                        TOTAL MONTH:    M          5 = HAIL
                        GRTST 24HR    M  ON   M    6 = FREEZING RAIN OR DRIZZLE
                        GRTST DEPTH:  M  ON   M    7 = DUSTSTORM OR SANDSTORM:
                                                       VSBY 1/2 MILE OR LESS
                                                   8 = SMOKE OR HAZE
[NO. OF DAYS WITH]      [WEATHER - DAYS WITH]      9 = BLOWING SNOW
                                                   X = TORNADO
MAX 32 OR BELOW:   0    0.01 INCH OR MORE:   1
MAX 90 OR ABOVE:   0    0.10 INCH OR MORE:   1
MIN 32 OR BELOW:   5    0.50 INCH OR MORE:   0
MIN  0 OR BELOW:   0    1.00 INCH OR MORE:   0

[HDD (BASE 65) ]
TOTAL THIS MO.   321    CLEAR  (SCALE 0-3)   9
DPTR FM NORMAL   -32    PTCLDY (SCALE 4-7)   9
TOTAL FM JUL 1   684    CLOUDY (SCALE 8-10)  1
DPTR FM NORMAL   -23

[CDD (BASE 65) ]
TOTAL THIS MO.     0
DPTR FM NORMAL     0    [PRESSURE DATA]
TOTAL FM JAN 1   256    HIGHEST SLP M ON M
DPTR FM NORMAL  -162    LOWEST  SLP 29.46 ON 16

[REMARKS]
