000
CXUS54 KEPZ 221200
CF6DMN
PRELIMINARY LOCAL CLIMATOLOGICAL DATA (WS FORM: F-6)

                                          STATION:   DEMING
                                          MONTH:     JANUARY
                                          YEAR:      2017
                                          LATITUDE:   32 15 N
                                          LONGITUDE: 107 42 W

  TEMPERATURE IN F:       :PCPN:    SNOW:  WIND      :SUNSHINE: SKY     :PK WND
================================================================================
1   2   3   4   5  6A  6B    7    8   9   10  11  12  13   14  15   16   17  18
                                     12Z  AVG MX 2MIN
DY MAX MIN AVG DEP HDD CDD  WTR  SNW DPTH SPD SPD DIR MIN PSBL S-S WX    SPD DR
================================================================================

 1  49  34  42   2  23   0 0.38  0.0    0  8.0 21 250   M    M   7 1      26 260
 2  50  33  42   2  23   0 0.00  0.0    0 11.1 20 260   M    M   0        25 270
 3  57  33  45   5  20   0 0.00  0.0    0  7.6 16 260   M    M   2        21 270
 4  62  37  50  10  15   0 0.00  0.0    0 11.1 24 270   M    M   2        31 260
 5  61  35  48   8  17   0 0.00  0.0    0 13.8 31 280   M    M   0        37 290
 6  58  33  46   6  19   0    T  0.0    0 13.2 29 290   M    M   1        36 290
 7  48  25  37  -4  28   0 0.00  0.0    0  8.6 17  80   M    M   0        20  80
 8  65  27  46   5  19   0 0.00  0.0    0  5.3 15 250   M    M   0        19 240
 9  66  32  49   8  16   0 0.00  0.0    0  5.1 13 290   M    M   0        15 290
10  66  39  53  12  12   0 0.00  0.0    0 11.2 21 250   M    M   0        27 250
11  67  33  50   9  15   0 0.00  0.0    0  9.1 25 270   M    M   0        33 270
12  65  31  48   7  17   0 0.00  0.0    0  4.8 10 280   M    M   0        13 220
13  56  37  47   6  18   0 0.00  0.0    0  6.6 15  70   M    M   1        17  80
14  64  47  56  14   9   0 0.42    M    0 11.8 23  80   M    M   5 13     29  80
15  49  40  45   3  20   0 1.19    M    0 13.7 26 270   M    M   9 13     33 260
16  53  34  44   2  21   0 0.00  0.0    0  6.8 14 240   M    M   1        18 210
17  53  33  43   1  22   0 0.02  0.0    0  5.4 15 100   M    M   5        19  20
18  56  30  43   1  22   0 0.00  0.0    0  7.0 22 260   M    M   2 1      27 260
19  53  33  43   1  22   0 0.00  0.0    0 10.9 26 270   M    M   1        34 280
20  54  33  44   2  21   0 0.08  0.0    0 14.3 31 240   M    M   5        39 240
21  48  38  43   0  22   0 0.36  0.0    0 22.2 45 260   M    M   4 1      56 270
================================================================================
SM 1200  717       401   0  2.45     0.0 207.6          M       45
================================================================================
AV 57.1 34.1                               9.9 FASTST   M    M   2    MAX(MPH)
                                 MISC ---->  # 45 260               # 56  270
================================================================================
NOTES:
# LAST OF SEVERAL OCCURRENCES

COLUMN 17 PEAK WIND IN M.P.H.

PRELIMINARY LOCAL CLIMATOLOGICAL DATA (WS FORM: F-6) , PAGE 2

                                          STATION:  DEMING
                                          MONTH:    JANUARY
                                          YEAR:     2017
                                          LATITUDE:   32 15 N
                                          LONGITUDE: 107 42 W

[TEMPERATURE DATA]      [PRECIPITATION DATA]       SYMBOLS USED IN COLUMN 16

AVERAGE MONTHLY: 45.6   TOTAL FOR MONTH:   2.45    1 = FOG OR MIST
DPTR FM NORMAL:   4.5   DPTR FM NORMAL:    2.06    2 = FOG REDUCING VISIBILITY
HIGHEST:    67 ON 11    GRTST 24HR  1.61 ON 14-15      TO 1/4 MILE OR LESS
LOWEST:     25 ON  7                               3 = THUNDER
                        SNOW, ICE PELLETS, HAIL    4 = ICE PELLETS
                        TOTAL MONTH:   0.0 INCH    5 = HAIL
                        GRTST 24HR     0.0         6 = FREEZING RAIN OR DRIZZLE
                        GRTST DEPTH:   0           7 = DUSTSTORM OR SANDSTORM:
                                                       VSBY 1/2 MILE OR LESS
                                                   8 = SMOKE OR HAZE
[NO. OF DAYS WITH]      [WEATHER - DAYS WITH]      9 = BLOWING SNOW
                                                   X = TORNADO
MAX 32 OR BELOW:   0    0.01 INCH OR MORE:   6
MAX 90 OR ABOVE:   0    0.10 INCH OR MORE:   4
MIN 32 OR BELOW:   5    0.50 INCH OR MORE:   1
MIN  0 OR BELOW:   0    1.00 INCH OR MORE:   1

[HDD (BASE 65) ]
TOTAL THIS MO.   401    CLEAR  (SCALE 0-3)  15
DPTR FM NORMAL   -99    PTCLDY (SCALE 4-7)   5
TOTAL FM JUL 1  1386    CLOUDY (SCALE 8-10)  1
DPTR FM NORMAL  -442

[CDD (BASE 65) ]
TOTAL THIS MO.     0
DPTR FM NORMAL     0    [PRESSURE DATA]
TOTAL FM JAN 1     0    HIGHEST SLP M ON M
DPTR FM NORMAL     0    LOWEST  SLP 29.41 ON 21

[REMARKS]
