000
CXUS54 KEPZ 281200
CF6DMN
PRELIMINARY LOCAL CLIMATOLOGICAL DATA (WS FORM: F-6)

                                          STATION:   DEMING
                                          MONTH:     AUGUST
                                          YEAR:      2015
                                          LATITUDE:   32 15 N
                                          LONGITUDE: 107 42 W

  TEMPERATURE IN F:       :PCPN:    SNOW:  WIND      :SUNSHINE: SKY     :PK WND
================================================================================
1   2   3   4   5  6A  6B    7    8   9   10  11  12  13   14  15   16   17  18
                                     12Z  AVG MX 2MIN
DY MAX MIN AVG DEP HDD CDD  WTR  SNW DPTH SPD SPD DIR MIN PSBL S-S WX    SPD DR
================================================================================

 1  93  70  82   3   0  17    T  0.0    0  9.1 22 170   M    M   2        28 170
 2  94  66  80   1   0  15 0.06  0.0    0  6.5 22  50   M    M   2 3      27  40
 3  96  67  82   3   0  17    T  0.0    0  5.4 22 250   M    M   2 3      27 260
 4  99  66  83   4   0  18 0.00  0.0    0  4.5 14 320   M    M   1 3      18 310
 5 102  65  84   5   0  19 0.00  0.0    0  4.8 15 280   M    M   0        19 290
 6 102  69  86   7   0  21 0.07  0.0    0  7.0 20 250   M    M   1 3      25 300
 7 100  71  86   7   0  21    T  0.0    0  9.9 23 290   M    M   1        31 280
 8  94  72  83   4   0  18 0.00  0.0    0  7.3 21 280   M    M   2        30 280
 9  95  64  80   1   0  15    T  0.0    0  6.5 28 300   M    M   1 3      34 300
10  94  68  81   2   0  16    T  0.0    0  6.5 17 180   M    M   1 3      24 180
11  94  69  82   4   0  17 0.17  0.0    0 11.7 23  80   M    M   2 3      29  70
12  98  69  84   6   0  19 0.00  0.0    0  9.2 20  90   M    M   1        28  80
13  98  63  81   3   0  16 0.00  0.0    0  4.5 14 190   M    M   2        20 150
14 101  67  84   6   0  19 0.00  0.0    0  4.6 15 150   M    M   2        19 130
15 102  70  86   8   0  21 0.02  0.0    0  7.5 25 100   M    M   1 38     33 110
16  98  69  84   6   0  19 0.33  0.0    0  6.1 31  30   M    M   0 3      39  40
17  97  68  83   5   0  18    T  0.0    0  5.9 21 330   M    M   2 3      29 330
18 100  70  85   7   0  20 0.00  0.0    0 12.1 24 260   M    M   0        32 270
19 100  71  86   8   0  21 0.00  0.0    0  9.2 22 260   M    M   0 8      28 260
20  99  69  84   6   0  19 0.00  0.0    0  8.6 26 270   M    M   0        36 270
21  96  68  82   4   0  17 0.17  0.0    0  8.2 26 270   M    M   0 38     33 260
22  96  67  82   4   0  17    T  0.0    0 10.4 24 330   M    M   0 3      33 320
23  94  65  80   3   0  15 0.64  0.0    0  7.2 22  70   M    M   3 13     30  70
24  86  64  75  -2   0  10 0.24  0.0    0  5.3 13 100   M    M   4 1      17 100
25  92  68  80   3   0  15    T  0.0    0 10.9 23 320   M    M   3 3      32 310
26  93  67  80   3   0  15 0.00  0.0    0  8.6 21  40   M    M   2        26 340
27  92  70  81   4   0  16 0.00  0.0    0  9.6 18  50   M    M   2        25  40
================================================================================
SM 2605 1832         0 471  1.70     0.0 207.1          M       37
================================================================================
AV 96.5 67.9                               7.7 FASTST   M    M   1    MAX(MPH)
                                 MISC ---->  # 31  30               # 39   40
================================================================================
NOTES:
# LAST OF SEVERAL OCCURRENCES

COLUMN 17 PEAK WIND IN M.P.H.

PRELIMINARY LOCAL CLIMATOLOGICAL DATA (WS FORM: F-6) , PAGE 2

                                          STATION:  DEMING
                                          MONTH:    AUGUST
                                          YEAR:     2015
                                          LATITUDE:   32 15 N
                                          LONGITUDE: 107 42 W

[TEMPERATURE DATA]      [PRECIPITATION DATA]       SYMBOLS USED IN COLUMN 16

AVERAGE MONTHLY: 82.2   TOTAL FOR MONTH:   1.70    1 = FOG OR MIST
DPTR FM NORMAL:   4.0   DPTR FM NORMAL:   -0.42    2 = FOG REDUCING VISIBILITY
HIGHEST:   102 ON 15, 6 GRTST 24HR  0.88 ON 23-24      TO 1/4 MILE OR LESS
LOWEST:     63 ON 13                               3 = THUNDER
                        SNOW, ICE PELLETS, HAIL    4 = ICE PELLETS
                        TOTAL MONTH:   0.0 INCH    5 = HAIL
                        GRTST 24HR     0.0         6 = FREEZING RAIN OR DRIZZLE
                        GRTST DEPTH:   0           7 = DUSTSTORM OR SANDSTORM:
                                                       VSBY 1/2 MILE OR LESS
                                                   8 = SMOKE OR HAZE
[NO. OF DAYS WITH]      [WEATHER - DAYS WITH]      9 = BLOWING SNOW
                                                   X = TORNADO
MAX 32 OR BELOW:   0    0.01 INCH OR MORE:   8
MAX 90 OR ABOVE:  26    0.10 INCH OR MORE:   5
MIN 32 OR BELOW:   0    0.50 INCH OR MORE:   1
MIN  0 OR BELOW:   0    1.00 INCH OR MORE:   0

[HDD (BASE 65) ]
TOTAL THIS MO.     0    CLEAR  (SCALE 0-3)  25
DPTR FM NORMAL     0    PTCLDY (SCALE 4-7)   2
TOTAL FM JUL 1     0    CLOUDY (SCALE 8-10)  0
DPTR FM NORMAL     0

[CDD (BASE 65) ]
TOTAL THIS MO.   471
DPTR FM NORMAL   116    [PRESSURE DATA]
TOTAL FM JAN 1  1477    HIGHEST SLP M ON M
DPTR FM NORMAL    95    LOWEST  SLP 29.52 ON 18

[REMARKS]
