000
CXUS55 KEAX 290736
CF6DMO
PRELIMINARY LOCAL CLIMATOLOGICAL DATA (WS FORM: F-6)

                                          STATION:   SEDALIA MO
                                          MONTH:     APRIL
                                          YEAR:      2016
                                          LATITUDE:   38 42 N
                                          LONGITUDE:  93  6 W

  TEMPERATURE IN F:       :PCPN:    SNOW:  WIND      :SUNSHINE: SKY     :PK WND
================================================================================
1   2   3   4   5  6A  6B    7    8   9   10  11  12  13   14  15   16   17  18
                                     12Z  AVG MX 2MIN
DY MAX MIN AVG DEP HDD CDD  WTR  SNW DPTH SPD SPD DIR MIN PSBL S-S WX    SPD DR
================================================================================

 1  56  37  47  -5  18   0    T    M    M 12.3 23 310   M    M   6        30 310
 2  64  32  48  -4  17   0 0.00    M    M 12.7 28 320   M    M   0        39 320
 3  77  38  58   5   7   0 0.00    M    M 16.6 31 230   M    M   0        43 210
 4  71  46  59   6   6   0 0.00    M    M  9.8 21 350   M    M   0        26 320
 5  72  41  57   4   8   0 0.00    M    M 17.3 32 170   M    M   0        43 180
 6  63  50  57   3   8   0 0.04    M    M 13.5 25 300   M    M   5 8      33 290
 7  63  42  53  -1  12   0 0.05    M    M 13.3 35 280   M    M   2        43 290
 8  62  37  50  -4  15   0 0.00    M    M 14.9 31 290   M    M   2        42 280
 9  59  29  44 -11  21   0 0.00    M    M 10.4 18 130   M    M   1        25 140
10  71  53  62   7   3   0 0.13    M    M 11.1 20 170   M    M   9 13     26 180
11  58  40  49  -6  16   0 0.13    M    M 10.9 23 350   M    M   2 13     27 350
12  60  31  46 -10  19   0 0.00    M    M  5.9 13  70   M    M   0        17  70
13  71  37  54  -2  11   0 0.00    M    M  6.7 16 160   M    M   0        20 190
14  72  42  57   1   8   0 0.00    M    M  6.6 15 110   M    M   0        21 120
15  77  50  64   7   1   0 0.00    M    M 11.7 24 150   M    M   4        29 150
16  79  54  67  10   0   2 0.00    M    M 12.4 25 150   M    M   3        31 160
17  79  56  68  11   0   3 0.00    M    M 11.2 24 140   M    M   2        28 140
18  72  62  67   9   0   2 0.78    M    M  6.4 18 160   M    M  10 13     22 160
19   M   M   M   M   M   M    M    M    M   M   M   M   M    M   M 1       M  M
20   M   M   M   M   M   M    M    M    M   M   M   M   M    M   2         M  M
21  68  53  61   3   4   0 0.06    M    M 11.2 21 260   M    M   4        29 270
22  70  52  61   2   4   0 0.00    M    M  8.1 15 350   M    M   3 18     17  30
23  79  47  63   4   2   0 0.00    M    M  6.7 15 200   M    M   0 1      20 180
24  80  59  70  11   0   5 0.00    M    M 13.1 26 220   M    M   1        36 200
25  75  63  69   9   0   4 0.00    M    M 10.6 23 220   M    M   8        28 200
26  73  62  68   8   0   3    M    M    M  5.5 24 250   M    M   3 3      43 260
27  76  53  65   5   0   0 0.28    M    M 11.0 23 210   M    M   5 13     32 290
28  66  49  58  -2   7   0 0.00    M    M  9.1 16 260   M    M   2        23 260
================================================================================
SM 1813 1215       187  19  1.47    M    279.0          M       74
================================================================================
AV 69.7 46.7                              10.7 FASTST   M    M   3    MAX(MPH)
                                 MISC ---->  # 35 280               # 43  210
================================================================================
NOTES:
# LAST OF SEVERAL OCCURRENCES

COLUMN 17 PEAK WIND IN M.P.H.

PRELIMINARY LOCAL CLIMATOLOGICAL DATA (WS FORM: F-6) , PAGE 2

                                          STATION:  SEDALIA MO
                                          MONTH:    APRIL
                                          YEAR:     2016
                                          LATITUDE:   38 42 N
                                          LONGITUDE:  93  6 W

[TEMPERATURE DATA]      [PRECIPITATION DATA]       SYMBOLS USED IN COLUMN 16

AVERAGE MONTHLY: 58.2   TOTAL FOR MONTH:   1.47    1 = FOG OR MIST
DPTR FM NORMAL:   1.9   DPTR FM NORMAL:   -2.38    2 = FOG REDUCING VISIBILITY
HIGHEST:    80 ON 24    GRTST 24HR  0.80 ON 18-19      TO 1/4 MILE OR LESS
LOWEST:     29 ON  9                               3 = THUNDER
                        SNOW, ICE PELLETS, HAIL    4 = ICE PELLETS
                        TOTAL MONTH:    M          5 = HAIL
                        GRTST 24HR    M  ON   M    6 = FREEZING RAIN OR DRIZZLE
                        GRTST DEPTH:  M  ON   M    7 = DUSTSTORM OR SANDSTORM:
                                                       VSBY 1/2 MILE OR LESS
                                                   8 = SMOKE OR HAZE
[NO. OF DAYS WITH]      [WEATHER - DAYS WITH]      9 = BLOWING SNOW
                                                   X = TORNADO
MAX 32 OR BELOW:   0    0.01 INCH OR MORE:   7
MAX 90 OR ABOVE:   0    0.10 INCH OR MORE:   4
MIN 32 OR BELOW:   3    0.50 INCH OR MORE:   1
MIN  0 OR BELOW:   0    1.00 INCH OR MORE:   0

[HDD (BASE 65) ]
TOTAL THIS MO.   187    CLEAR  (SCALE 0-3)  18
DPTR FM NORMAL   -82    PTCLDY (SCALE 4-7)   6
TOTAL FM JUL 1  3562    CLOUDY (SCALE 8-10)  3
DPTR FM NORMAL  -909

[CDD (BASE 65) ]
TOTAL THIS MO.    19
DPTR FM NORMAL    -8    [PRESSURE DATA]
TOTAL FM JAN 1    23    HIGHEST SLP  0.00 ON M
DPTR FM NORMAL    -7    LOWEST  SLP  0.00 ON M

[REMARKS]
