000
CXUS55 KEAX 250736
CF6DMO
PRELIMINARY LOCAL CLIMATOLOGICAL DATA (WS FORM: F-6)

                                          STATION:   SEDALIA MO
                                          MONTH:     SEPTEMBER
                                          YEAR:      2017
                                          LATITUDE:   38 42 N
                                          LONGITUDE:  93  6 W

  TEMPERATURE IN F:       :PCPN:    SNOW:  WIND      :SUNSHINE: SKY     :PK WND
================================================================================
1   2   3   4   5  6A  6B    7    8   9   10  11  12  13   14  15   16   17  18
                                     12Z  AVG MX 2MIN
DY MAX MIN AVG DEP HDD CDD  WTR  SNW DPTH SPD SPD DIR MIN PSBL S-S WX    SPD DR
================================================================================

 1  80  57  69  -6   0   4 0.00    M    M  4.9 12  40   M    M   0 18     17  20
 2  84  53  69  -5   0   4 0.00    M    M  5.5 12 220   M    M   1        15 220
 3  88  67  78   4   0  13 0.00    M    M  4.6 10 220   M    M   1        13 250
 4  93  67  80   6   0  15 0.00    M    M 11.4 21 230   M    M   2        27 220
 5  78  54  66  -7   0   1 0.00    M    M  8.8 18 320   M    M   2        26 310
 6  75  50  63 -10   2   0 0.00    M    M  5.8 17 350   M    M   2        23 360
 7  79  51  65  -7   0   0 0.00    M    M  4.0  9 290   M    M   0        14 260
 8  86  54  70  -2   0   5 0.00    M    M  5.4 13 200   M    M   0        15 200
 9  87  60  74   2   0   9 0.00    M    M  3.9 10 130   M    M   2        15 130
10  83  60  72   1   0   7 0.00    M    M  4.4 12  80   M    M   1        16  80
11  83  51  67  -4   0   2 0.00    M    M  5.0 13  30   M    M   0        18  30
12  78  56  67  -3   0   2 0.00    M    M  7.1 16  30   M    M   0        22  30
13  86  53  70   0   0   5 0.00    M    M  5.7 13 340   M    M   0        17 340
14  88  57  73   3   0   8 0.00    M    M  7.4 13 200   M    M   0        16 210
15  91  63  77   8   0  12 0.00    M    M 10.1 20 140   M    M   0        26 140
16  89  65  77   8   0  12 0.06    M    M  9.9 18 200   M    M   0 3      26 180
17  79  65  72   4   0   7 0.58    M    M  5.1 16 120   M    M   4 13     20 130
18  80  63  72   4   0   7 0.38    M    M  4.0 15 280   M    M   4 123    20 290
19  88  62  75   7   0  10    T    M    M  8.3 17 160   M    M   3 12     27 160
20  93  73  83  16   0  18 0.00    M    M 11.7 22 210   M    M   0        27 200
21  92  74  83  16   0  18 0.00    M    M 10.3 17 160   M    M   0        24 170
22  91  71  81  15   0  16 0.00    M    M  8.0 17 170   M    M   0        20 150
23  93  68  81  15   0  16 0.00    M    M  5.8 12 140   M    M   0        16 220
24  91  67  79  13   0  14 0.00    M    M  7.8 16 180   M    M   1        20 190
================================================================================
SM 2055 1461         2 205  1.02    M    164.9          M       23
================================================================================
AV 85.6 60.9                               6.9 FASTST   M    M   1    MAX(MPH)
                                 MISC ---->  # 22 210               # 27  220
================================================================================
NOTES:
# LAST OF SEVERAL OCCURRENCES

COLUMN 17 PEAK WIND IN M.P.H.

PRELIMINARY LOCAL CLIMATOLOGICAL DATA (WS FORM: F-6) , PAGE 2

                                          STATION:  SEDALIA MO
                                          MONTH:    SEPTEMBER
                                          YEAR:     2017
                                          LATITUDE:   38 42 N
                                          LONGITUDE:  93  6 W

[TEMPERATURE DATA]      [PRECIPITATION DATA]       SYMBOLS USED IN COLUMN 16

AVERAGE MONTHLY: 73.3   TOTAL FOR MONTH:   1.02    1 = FOG OR MIST
DPTR FM NORMAL:   3.0   DPTR FM NORMAL:   -2.34    2 = FOG REDUCING VISIBILITY
HIGHEST:    93 ON 23,20 GRTST 24HR  0.58 ON 17-17      TO 1/4 MILE OR LESS
LOWEST:     50 ON  6                               3 = THUNDER
                        SNOW, ICE PELLETS, HAIL    4 = ICE PELLETS
                        TOTAL MONTH:    M          5 = HAIL
                        GRTST 24HR    M  ON   M    6 = FREEZING RAIN OR DRIZZLE
                        GRTST DEPTH:  M  ON   M    7 = DUSTSTORM OR SANDSTORM:
                                                       VSBY 1/2 MILE OR LESS
                                                   8 = SMOKE OR HAZE
[NO. OF DAYS WITH]      [WEATHER - DAYS WITH]      9 = BLOWING SNOW
                                                   X = TORNADO
MAX 32 OR BELOW:   0    0.01 INCH OR MORE:   3
MAX 90 OR ABOVE:   7    0.10 INCH OR MORE:   2
MIN 32 OR BELOW:   0    0.50 INCH OR MORE:   1
MIN  0 OR BELOW:   0    1.00 INCH OR MORE:   0

[HDD (BASE 65) ]
TOTAL THIS MO.     2    CLEAR  (SCALE 0-3)  22
DPTR FM NORMAL   -19    PTCLDY (SCALE 4-7)   2
TOTAL FM JUL 1     7    CLOUDY (SCALE 8-10)  0
DPTR FM NORMAL   -15

[CDD (BASE 65) ]
TOTAL THIS MO.   205
DPTR FM NORMAL    58    [PRESSURE DATA]
TOTAL FM JAN 1  1379    HIGHEST SLP  0.00 ON M
DPTR FM NORMAL   -53    LOWEST  SLP  0.00 ON M

[REMARKS]
