000
CXUS55 KCAE 241400
CF6DNL
PRELIMINARY LOCAL CLIMATOLOGICAL DATA (WS FORM: F-6)

                                          STATION:   AUGUSTA DANIEL FIELD GA
                                          MONTH:     NOVEMBER
                                          YEAR:      2017
                                          LATITUDE:   33 28 N
                                          LONGITUDE:  82  2 W

  TEMPERATURE IN F:       :PCPN:    SNOW:  WIND      :SUNSHINE: SKY     :PK WND
================================================================================
1   2   3   4   5  6A  6B    7    8   9   10  11  12  13   14  15   16   17  18
                                     12Z  AVG MX 2MIN
DY MAX MIN AVG DEP HDD CDD  WTR  SNW DPTH SPD SPD DIR MIN PSBL S-S WX    SPD DR
================================================================================

 1  78  50  64   3   1   0 0.00    M    M  4.6 14 150   M    M   0        19 150
 2  81  61  71  10   0   6 0.00    M    M  1.8  8 130   M    M   2        13 350
 3  84  59  72  11   0   7 0.00    M    M  2.3 12 310   M    M   1        16 290
 4  83  63  73  13   0   8 0.00    M    M  3.4 10  40   M    M   1 3      15  20
 5  75  63  69   9   0   4 0.00    M    M  5.1  8 100   M    M   4 1      11 100
 6  83  61  72  12   0   7 0.00    M    M  2.5 10 190   M    M   5 12     15 270
 7  84  63  74  14   0   9 0.00    M    M  4.5 14 200   M    M   2 1      18 220
 8  73  51  62   3   3   0 0.05    M    M  6.7 14  80   M    M   7 1      16  30
 9  53  50  52  -7  13   0 1.07    M    M  5.6 13 340   M    M  10 1      17 350
10  69  47  58  -1   7   0 0.00    M    M  6.7 14  70   M    M   1 128    17  70
11  53  42  48 -10  17   0 0.00    M    M 10.7 18  50   M    M   6        26  50
12  59  45  52  -6  13   0    T    M    M  6.7 14  40   M    M   9        18  40
13  67  47  57  -1   8   0 0.07    M    M  6.0 10 340   M    M   6 12     14 350
14  61  45  53  -5  12   0 0.00    M    M  8.3 16  50   M    M   1        20  20
15  60  42  51  -6  14   0 0.00    M    M  5.7 16  60   M    M   0        20  60
16  71  45  58   1   7   0 0.00    M    M  2.1 10 310   M    M   0        13 330
17  67  49  58   1   7   0 0.00    M    M  5.5 13 360   M    M   0        15  80
18  74  46  60   4   5   0 0.00    M    M  8.5 20 200   M    M   2 8      29 190
19  68  44  56   0   9   0 0.01    M    M  9.4 22 210   M    M   1        30 200
20  62  36  49  -7  16   0 0.00    M    M  4.0  8 150   M    M   0        11 100
21  67  47  57   1   8   0 0.10    M    M  4.7 10  70   M    M   6 12     13 150
22  69  52  61   6   4   0 0.00    M    M  5.2 12  60   M    M   5 12     15  70
23  60  45  53  -2  12   0 0.00    M    M  7.1 14  70   M    M   1        19  50
================================================================================
SM 1601 1153       156  41  1.30    M    127.1          M       70
================================================================================
AV 69.6 50.1                               5.5 FASTST   M    M   3    MAX(MPH)
                                 MISC ---->  # 22 210               # 30  200
================================================================================
NOTES:
# LAST OF SEVERAL OCCURRENCES

COLUMN 17 PEAK WIND IN M.P.H.

PRELIMINARY LOCAL CLIMATOLOGICAL DATA (WS FORM: F-6) , PAGE 2

                                          STATION:  AUGUSTA DANIEL FIELD GA
                                          MONTH:    NOVEMBER
                                          YEAR:     2017
                                          LATITUDE:   33 28 N
                                          LONGITUDE:  82  2 W

[TEMPERATURE DATA]      [PRECIPITATION DATA]       SYMBOLS USED IN COLUMN 16

AVERAGE MONTHLY: 59.9   TOTAL FOR MONTH:   1.30    1 = FOG OR MIST
DPTR FM NORMAL:   1.7   DPTR FM NORMAL:   -0.95    2 = FOG REDUCING VISIBILITY
HIGHEST:    84 ON  7, 3 GRTST 24HR  1.07 ON  9- 9      TO 1/4 MILE OR LESS
LOWEST:     36 ON 20                               3 = THUNDER
                        SNOW, ICE PELLETS, HAIL    4 = ICE PELLETS
                        TOTAL MONTH:    M          5 = HAIL
                        GRTST 24HR    M  ON   M    6 = FREEZING RAIN OR DRIZZLE
                        GRTST DEPTH:  M  ON   M    7 = DUSTSTORM OR SANDSTORM:
                                                       VSBY 1/2 MILE OR LESS
                                                   8 = SMOKE OR HAZE
[NO. OF DAYS WITH]      [WEATHER - DAYS WITH]      9 = BLOWING SNOW
                                                   X = TORNADO
MAX 32 OR BELOW:   0    0.01 INCH OR MORE:   5
MAX 90 OR ABOVE:   0    0.10 INCH OR MORE:   2
MIN 32 OR BELOW:   0    0.50 INCH OR MORE:   1
MIN  0 OR BELOW:   0    1.00 INCH OR MORE:   1

[HDD (BASE 65) ]
TOTAL THIS MO.   156    CLEAR  (SCALE 0-3)  14
DPTR FM NORMAL   -19    PTCLDY (SCALE 4-7)   7
TOTAL FM JUL 1   209    CLOUDY (SCALE 8-10)  2
DPTR FM NORMAL   -44

[CDD (BASE 65) ]
TOTAL THIS MO.    41
DPTR FM NORMAL    27    [PRESSURE DATA]
TOTAL FM JAN 1  2976    HIGHEST SLP M ON M
DPTR FM NORMAL   725    LOWEST  SLP 29.63 ON 19

[REMARKS]
