000
CXUS53 KDMX 190920
CF6DSM
PRELIMINARY LOCAL CLIMATOLOGICAL DATA (WS FORM: F-6)

                                          STATION:   DES MOINES IA
                                          MONTH:     NOVEMBER
                                          YEAR:      2017
                                          LATITUDE:   41 31 N
                                          LONGITUDE:  93 39 W

  TEMPERATURE IN F:       :PCPN:    SNOW:  WIND      :SUNSHINE: SKY     :PK WND
================================================================================
1   2   3   4   5  6A  6B    7    8   9   10  11  12  13   14  15   16   17  18
                                     12Z  AVG MX 2MIN
DY MAX MIN AVG DEP HDD CDD  WTR  SNW DPTH SPD SPD DIR MIN PSBL S-S WX    SPD DR
================================================================================

 1  49  33  41  -6  24   0    T  0.0    0 10.6 21 170   M    M  10        27 150
 2  55  34  45  -1  20   0 0.00  0.0    0  8.8 18  10   M    M   7 18     25  10
 3  51  32  42  -4  23   0    T  0.0    0  9.8 18  80   M    M   8        24  60
 4  50  42  46   1  19   0    T  0.0    0  4.7 14 100   M    M  10 18     18 110
 5  49  29  39  -6  26   0 0.00  0.0    0 10.5 20 350   M    M   8 18     27 360
 6  41  27  34 -10  31   0 0.00  0.0    0  8.6 16  30   M    M   8        20  20
 7  43  29  36  -8  29   0 0.00  0.0    0  6.9 15  10   M    M   8        19  20
 8  49  22  36  -7  29   0 0.00  0.0    0  6.1 16 220   M    M   2        20 220
 9  41  22  32 -11  33   0 0.00  0.0    0 12.9 23 360   M    M   5        31 360
10  34  18  26 -16  39   0 0.00  0.0    0 12.1 18 130   M    M   8        24 130
11  46  34  40  -2  25   0 0.00  0.0    0  9.1 18 150   M    M  10        22 150
12  49  31  40  -1  25   0 0.01  0.0    0  4.0 10  10   M    M   6 18     13  10
13  43  28  36  -5  29   0 0.00  0.0    0  8.6 17 180   M    M   8 12     20 170
14  51  43  47   7  18   0 0.03  0.0    0 10.0 17 160   M    M  10 1      22 170
15  53  27  40   0  25   0    T  0.0    0 15.4 26 310   M    M   4 1      35 320
16  41  21  31  -8  34   0 0.00  0.0    0  7.4 15 130   M    M   4        21 140
17  52  36  44   6  21   0    T  0.0    0 10.6 20 160   M    M  10 12     24 160
18  46  30  38   0  27   0 0.20  0.0    0 15.8 30 320   M    M   6 1      38 330
================================================================================
SM  843  538       477   0  0.24     0.0 171.9          M      132
================================================================================
AV 46.8 29.9                               9.5 FASTST   M    M   7    MAX(MPH)
                                 MISC ---->  # 30 320               # 38  330
================================================================================
NOTES:
# LAST OF SEVERAL OCCURRENCES

COLUMN 17 PEAK WIND IN M.P.H.

PRELIMINARY LOCAL CLIMATOLOGICAL DATA (WS FORM: F-6) , PAGE 2

                                          STATION:  DES MOINES IA
                                          MONTH:    NOVEMBER
                                          YEAR:     2017
                                          LATITUDE:   41 31 N
                                          LONGITUDE:  93 39 W

[TEMPERATURE DATA]      [PRECIPITATION DATA]       SYMBOLS USED IN COLUMN 16

AVERAGE MONTHLY: 38.4   TOTAL FOR MONTH:   0.24    1 = FOG OR MIST
DPTR FM NORMAL:  -4.1   DPTR FM NORMAL:   -1.18    2 = FOG REDUCING VISIBILITY
HIGHEST:    55 ON  2    GRTST 24HR  0.20 ON 18-18      TO 1/4 MILE OR LESS
LOWEST:     18 ON 10                               3 = THUNDER
                        SNOW, ICE PELLETS, HAIL    4 = ICE PELLETS
                        TOTAL MONTH:   0.0 INCH    5 = HAIL
                        GRTST 24HR     0.0         6 = FREEZING RAIN OR DRIZZLE
                        GRTST DEPTH:   0           7 = DUSTSTORM OR SANDSTORM:
                                                       VSBY 1/2 MILE OR LESS
                                                   8 = SMOKE OR HAZE
[NO. OF DAYS WITH]      [WEATHER - DAYS WITH]      9 = BLOWING SNOW
                                                   X = TORNADO
MAX 32 OR BELOW:   0    0.01 INCH OR MORE:   3
MAX 90 OR ABOVE:   0    0.10 INCH OR MORE:   1
MIN 32 OR BELOW:  12    0.50 INCH OR MORE:   0
MIN  0 OR BELOW:   0    1.00 INCH OR MORE:   0

[HDD (BASE 65) ]
TOTAL THIS MO.   477    CLEAR  (SCALE 0-3)   1
DPTR FM NORMAL    71    PTCLDY (SCALE 4-7)  12
TOTAL FM JUL 1   797    CLOUDY (SCALE 8-10)  5
DPTR FM NORMAL   -93

[CDD (BASE 65) ]
TOTAL THIS MO.     0
DPTR FM NORMAL     0    [PRESSURE DATA]
TOTAL FM JAN 1  1306    HIGHEST SLP M ON M
DPTR FM NORMAL   240    LOWEST  SLP 29.52 ON 18

[REMARKS]
