000
CXUS53 KDMX 280920
CF6DSM
PRELIMINARY LOCAL CLIMATOLOGICAL DATA (WS FORM: F-6)

                                          STATION:   DES MOINES IA
                                          MONTH:     AUGUST
                                          YEAR:      2016
                                          LATITUDE:   41 31 N
                                          LONGITUDE:  93 39 W

  TEMPERATURE IN F:       :PCPN:    SNOW:  WIND      :SUNSHINE: SKY     :PK WND
================================================================================
1   2   3   4   5  6A  6B    7    8   9   10  11  12  13   14  15   16   17  18
                                     12Z  AVG MX 2MIN
DY MAX MIN AVG DEP HDD CDD  WTR  SNW DPTH SPD SPD DIR MIN PSBL S-S WX    SPD DR
================================================================================

 1  79  69  74  -2   0   9 0.34  0.0    0  8.4 22 160   M    M   7 13     24 160
 2  85  70  78   2   0  13 0.73  0.0    0  6.6 23 160   M    M   6 13     28 160
 3  88  68  78   2   0  13 0.00  0.0    0  6.8 15 150   M    M   2 12     18 140
 4  95  74  85   9   0  20 0.05  0.0    0 11.3 22 320   M    M   4 3      26 310
 5  83  68  76   0   0  11 0.00  0.0    0  9.2 17  30   M    M   5        23  30
 6  83  67  75  -1   0  10 0.00  0.0    0  5.8 13  40   M    M   5        17  30
 7  80  68  74  -1   0   9    T  0.0    0  4.2 12  50   M    M   8        15 130
 8  81  66  74  -1   0   9 0.00  0.0    0  7.4 15 150   M    M   7        19 160
 9  89  70  80   5   0  15 0.00  0.0    0  5.8 10 160   M    M   4        14 200
10  93  74  84   9   0  19 0.47  0.0    0  8.7 36 180   M    M   3 138    61 190
11  91  72  82   7   0  17 1.00  0.0    0 12.8 31 320   M    M   7 138    43 320
12  84  70  77   2   0  12 0.43  0.0    0  8.2 18 320   M    M   8 1      23 340
13  86  66  76   1   0  11 0.08  0.0    0  6.9 15 300   M    M   1 138    18  10
14  86  67  77   2   0  12 0.00  0.0    0  4.2  9  60   M    M   4        12  30
15  83  67  75   0   0  10 0.00  0.0    0  4.3  9 130   M    M   8        16  70
16  87  67  77   2   0  12 0.00  0.0    0  6.6 14 220   M    M   6 1      17 220
17  88  67  78   4   0  13 0.04  0.0    0  5.8 14 180   M    M   4 3      17 200
18  92  72  82   8   0  17 0.00  0.0    0  7.6 17 220   M    M   3 1      22 190
19  90  68  79   5   0  14 0.33  0.0    0  9.2 24  40   M    M   8 13     28  30
20  75  62  69  -5   0   4 0.37  0.0    0 10.8 23 320   M    M   7 1      30 320
21  78  57  68  -6   0   3 0.00  0.0    0  6.3 17 320   M    M   1        21 320
22  83  60  72  -2   0   7 0.00  0.0    0 12.1 21 180   M    M   2        28 190
23  83  64  74   0   0   9    T  0.0    0 14.0 25 170   M    M   7        32 170
24  85  68  77   4   0  12 0.70  0.0    0  8.1 22 230   M    M   8 13     29 210
25  78  65  72  -1   0   7    T  0.0    0  3.5  8  70   M    M   7        11 100
26  74  63  69  -4   0   4 0.06  0.0    0  8.3 17  60   M    M   9        20  50
27  83  64  74   1   0   9    T  0.0    0  3.5 14  80   M    M   8 1      17  70
================================================================================
SM 2282 1813         0 301  4.60     0.0 206.4          M      149
================================================================================
AV 84.5 67.2                               7.6 FASTST   M    M   6    MAX(MPH)
                                 MISC ---->  # 36 180               # 61  190
================================================================================
NOTES:
# LAST OF SEVERAL OCCURRENCES

COLUMN 17 PEAK WIND IN M.P.H.

PRELIMINARY LOCAL CLIMATOLOGICAL DATA (WS FORM: F-6) , PAGE 2

                                          STATION:  DES MOINES IA
                                          MONTH:    AUGUST
                                          YEAR:     2016
                                          LATITUDE:   41 31 N
                                          LONGITUDE:  93 39 W

[TEMPERATURE DATA]      [PRECIPITATION DATA]       SYMBOLS USED IN COLUMN 16

AVERAGE MONTHLY: 75.8   TOTAL FOR MONTH:   4.60    1 = FOG OR MIST
DPTR FM NORMAL:   1.2   DPTR FM NORMAL:    0.95    2 = FOG REDUCING VISIBILITY
HIGHEST:    95 ON  4    GRTST 24HR  1.31 ON 11-12      TO 1/4 MILE OR LESS
LOWEST:     57 ON 21                               3 = THUNDER
                        SNOW, ICE PELLETS, HAIL    4 = ICE PELLETS
                        TOTAL MONTH:   0.0 INCH    5 = HAIL
                        GRTST 24HR     0.0         6 = FREEZING RAIN OR DRIZZLE
                        GRTST DEPTH:   0           7 = DUSTSTORM OR SANDSTORM:
                                                       VSBY 1/2 MILE OR LESS
                                                   8 = SMOKE OR HAZE
[NO. OF DAYS WITH]      [WEATHER - DAYS WITH]      9 = BLOWING SNOW
                                                   X = TORNADO
MAX 32 OR BELOW:   0    0.01 INCH OR MORE:  12
MAX 90 OR ABOVE:   5    0.10 INCH OR MORE:   8
MIN 32 OR BELOW:   0    0.50 INCH OR MORE:   3
MIN  0 OR BELOW:   0    1.00 INCH OR MORE:   1

[HDD (BASE 65) ]
TOTAL THIS MO.     0    CLEAR  (SCALE 0-3)   5
DPTR FM NORMAL     0    PTCLDY (SCALE 4-7)  20
TOTAL FM JUL 1     0    CLOUDY (SCALE 8-10)  2
DPTR FM NORMAL    -1

[CDD (BASE 65) ]
TOTAL THIS MO.   301
DPTR FM NORMAL    37    [PRESSURE DATA]
TOTAL FM JAN 1  1146    HIGHEST SLP M ON M
DPTR FM NORMAL   236    LOWEST  SLP 29.70 ON 20

[REMARKS]
