000
CXUS54 KFWD 210730
CF6DTO
PRELIMINARY LOCAL CLIMATOLOGICAL DATA (WS FORM: F-6)

                                          STATION:   DENTON
                                          MONTH:     FEBRUARY
                                          YEAR:      2017
                                          LATITUDE:   33 12 N
                                          LONGITUDE:  97 12 W

  TEMPERATURE IN F:       :PCPN:    SNOW:  WIND      :SUNSHINE: SKY     :PK WND
================================================================================
1   2   3   4   5  6A  6B    7    8   9   10  11  12  13   14  15   16   17  18
                                     12Z  AVG MX 2MIN
DY MAX MIN AVG DEP HDD CDD  WTR  SNW DPTH SPD SPD DIR MIN PSBL S-S WX    SPD DR
================================================================================

 1  77  48  63  18   2   0 0.00  0.0    0  9.2 17 350   M    M   0        23 350
 2  48  40  44  -1  21   0 0.00  0.0    0 13.0 22  10   M    M   8        26 360
 3  50  37  44  -1  21   0 0.00  0.0    0  9.3 16  30   M    M   8        20  20
 4  54  40  47   1  18   0    T  0.0    0 11.1 18 170   M    M  10 1      24 170
 5  75  48  62  16   3   0 0.00  0.0    0  8.6 18 170   M    M   6 18     22 170
 6  82  61  72  26   0   7 0.00  0.0    0 16.8 28 190   M    M   4        35 200
 7  77  50  64  18   1   0 0.00  0.0    0  9.8 22 200   M    M   0        29 200
 8  62  39  51   5  14   0 0.00  0.0    0 12.1 29 340   M    M   0        37 320
 9  58  30  44  -2  21   0 0.00  0.0    0  7.6 13 150   M    M   0        17 350
10  76  44  60  14   5   0 0.00  0.0    0 16.2 32 200   M    M   0        39 210
11  87  59  73  26   0   8 0.00  0.0    0 14.7 25 200   M    M   0 1      30 200
12  71  54  63  16   2   0 0.00  0.0    0 16.8 32  10   M    M   3 1      38  10
13  62  45  54   7  11   0 0.30  0.0    0 12.4 21  40   M    M  10 13     24  40
14  46  40  43  -4  22   0 0.98  0.0    0 13.2 23 320   M    M  10 13     30 340
15  58  36  47   0  18   0 0.00  0.0    0 10.1 18  10   M    M   1        24 340
16  67  30  49   1  16   0 0.00  0.0    0  7.1 15 200   M    M   0        18 230
17  70  43  57   9   8   0 0.00  0.0    0 12.0 24 190   M    M   1        29 190
18  77  56  67  19   0   2 0.00  0.0    0  8.3 17 160   M    M   4        21 150
19  74  56  65  17   0   0 0.01  0.0    0 11.6 24 280   M    M   8 18     30 280
20  67  52  60  12   5   0 0.43  0.0    0  8.7 26 270   M    M   5 13     34 270
================================================================================
SM 1338  908       188  17  1.72     0.0 228.6          M       78
================================================================================
AV 66.9 45.4                              11.4 FASTST   M    M   4    MAX(MPH)
                                 MISC ---->  # 32 200               # 39  210
================================================================================
NOTES:
# LAST OF SEVERAL OCCURRENCES

COLUMN 17 PEAK WIND IN M.P.H.

PRELIMINARY LOCAL CLIMATOLOGICAL DATA (WS FORM: F-6) , PAGE 2

                                          STATION:  DENTON
                                          MONTH:    FEBRUARY
                                          YEAR:     2017
                                          LATITUDE:   33 12 N
                                          LONGITUDE:  97 12 W

[TEMPERATURE DATA]      [PRECIPITATION DATA]       SYMBOLS USED IN COLUMN 16

AVERAGE MONTHLY: 56.2   TOTAL FOR MONTH:   1.72    1 = FOG OR MIST
DPTR FM NORMAL:   9.6   DPTR FM NORMAL:   -0.26    2 = FOG REDUCING VISIBILITY
HIGHEST:    87 ON 11    GRTST 24HR  1.28 ON 13-14      TO 1/4 MILE OR LESS
LOWEST:     30 ON 16, 9                            3 = THUNDER
                        SNOW, ICE PELLETS, HAIL    4 = ICE PELLETS
                        TOTAL MONTH:   0.0 INCH    5 = HAIL
                        GRTST 24HR     0.0         6 = FREEZING RAIN OR DRIZZLE
                        GRTST DEPTH:   0           7 = DUSTSTORM OR SANDSTORM:
                                                       VSBY 1/2 MILE OR LESS
                                                   8 = SMOKE OR HAZE
[NO. OF DAYS WITH]      [WEATHER - DAYS WITH]      9 = BLOWING SNOW
                                                   X = TORNADO
MAX 32 OR BELOW:   0    0.01 INCH OR MORE:   4
MAX 90 OR ABOVE:   0    0.10 INCH OR MORE:   3
MIN 32 OR BELOW:   2    0.50 INCH OR MORE:   1
MIN  0 OR BELOW:   0    1.00 INCH OR MORE:   0

[HDD (BASE 65) ]
TOTAL THIS MO.   188    CLEAR  (SCALE 0-3)  10
DPTR FM NORMAL  -180    PTCLDY (SCALE 4-7)   7
TOTAL FM JUL 1  1513    CLOUDY (SCALE 8-10)  3
DPTR FM NORMAL  -607

[CDD (BASE 65) ]
TOTAL THIS MO.    17
DPTR FM NORMAL    17    [PRESSURE DATA]
TOTAL FM JAN 1    17    HIGHEST SLP M ON M
DPTR FM NORMAL    16    LOWEST  SLP 29.58 ON  8

[REMARKS]
