000
CXUS54 KFWD 010730
CF6DTO
PRELIMINARY LOCAL CLIMATOLOGICAL DATA (WS FORM: F-6)

                                          STATION:   DENTON
                                          MONTH:     JUNE
                                          YEAR:      2015
                                          LATITUDE:   33 12 N
                                          LONGITUDE:  97 12 W

  TEMPERATURE IN F:       :PCPN:    SNOW:  WIND      :SUNSHINE: SKY     :PK WND
================================================================================
1   2   3   4   5  6A  6B    7    8   9   10  11  12  13   14  15   16   17  18
                                     12Z  AVG MX 2MIN
DY MAX MIN AVG DEP HDD CDD  WTR  SNW DPTH SPD SPD DIR MIN PSBL S-S WX    SPD DR
================================================================================

 1  85  57  71  -6   0   6 0.00  0.0    0  3.3 10 150   M    M   0        16 100
 2  88  64  76  -1   0  11 0.00  0.0    0  8.2 17 160   M    M   0        21 160
 3  90  68  79   2   0  14 0.00  0.0    0 10.1 18 150   M    M   1        23 140
 4  91  70  81   3   0  16 0.00  0.0    0  8.8 17 160   M    M   1        21 160
 5  91  69  80   2   0  15 0.00  0.0    0  5.7 13 150   M    M   0 1      16 160
 6  92  69  81   3   0  16 0.00  0.0    0  4.0 13 170   M    M   0 18     19 150
 7  93  68  81   3   0  16 0.00  0.0    0  7.5 18 150   M    M   0 1      23 230
 8  94  70  82   3   0  17 0.00  0.0    0  6.1 14 240   M    M   0        18 240
 9  97  71  84   5   0  19 0.00  0.0    0  3.9 22 260   M    M   1 3      36 260
10  96  70  83   4   0  18 0.00  0.0    0  6.0 14 150   M    M   1 1      18 150
11  93  72  83   4   0  18 0.00  0.0    0 11.6 22 170   M    M   0        28 140
12  93  76  85   6   0  20 0.00  0.0    0 13.9 22 130   M    M   2        27 150
13  91  69  80   0   0  15 0.20  0.0    0 10.5 23 160   M    M   3 13     28 150
14  92  76  84   4   0  19 0.00  0.0    0 13.7 23 160   M    M   6 3      29 150
15  90  75  83   3   0  18    T  0.0    0  9.7 20 130   M    M   5        24 140
16  85  74  80   0   0  15 0.48  0.0    0  7.0 16 120   M    M   7 18     21 110
17  77  70  74  -6   0   9 2.59  0.0    0 18.2 37 250   M    M  10 1      50 230
18  92  72  82   1   0  17    T  0.0    0  8.7 22 260   M    M   3        30 260
19  94  73  84   3   0  19 0.00  0.0    0  5.8 15 240   M    M   1        19 190
20  88  72  80  -1   0  15 0.00  0.0    0 10.5 21 200   M    M   1        26 200
21  83  72  78  -3   0  13 0.96  0.0    0  8.4 26 160   M    M   6 138    33 160
22  92  71  82   1   0  17 0.00  0.0    0 11.1 21 200   M    M   3        26 210
23  92  71  82   1   0  17 0.00  0.0    0  6.5 15 170   M    M   0 1      22 170
24  93  73  83   1   0  18 0.00  0.0    0  7.0 16 150   M    M   0        20 190
25  93  73  83   1   0  18 0.00  0.0    0  7.7 15 220   M    M   1        20 240
26  93  74  84   2   0  19 0.07  0.0    0  7.6 28 320   M    M   2 13     38 300
27  89  69  79  -3   0  14    T  0.0    0  7.9 17  30   M    M   1 3      21  30
28  91  65  78  -4   0  13 0.00  0.0    0  2.8  9 140   M    M   0 1      12 300
29  93  69  81  -1   0  16 0.00  0.0    0  5.6 12 260   M    M   0        20 150
30  93  69  81  -1   0  16 0.00  0.0    0  7.7 28  90   M    M   1 3      37 110
================================================================================
SM 2724 2111         0 474  4.30     0.0 245.5          M       56
================================================================================
AV 90.8 70.4                               8.2 FASTST   M    M   2    MAX(MPH)
                                 MISC ---->  # 37 250               # 50  230
================================================================================
NOTES:
# LAST OF SEVERAL OCCURRENCES

COLUMN 17 PEAK WIND IN M.P.H.

PRELIMINARY LOCAL CLIMATOLOGICAL DATA (WS FORM: F-6) , PAGE 2

                                          STATION:  DENTON
                                          MONTH:    JUNE
                                          YEAR:     2015
                                          LATITUDE:   33 12 N
                                          LONGITUDE:  97 12 W

[TEMPERATURE DATA]      [PRECIPITATION DATA]       SYMBOLS USED IN COLUMN 16

AVERAGE MONTHLY: 80.6   TOTAL FOR MONTH:   4.30    1 = FOG OR MIST
DPTR FM NORMAL:   0.7   DPTR FM NORMAL:   -0.09    2 = FOG REDUCING VISIBILITY
HIGHEST:    97 ON  9    GRTST 24HR  2.59 ON 17-17      TO 1/4 MILE OR LESS
LOWEST:     57 ON  1                               3 = THUNDER
                        SNOW, ICE PELLETS, HAIL    4 = ICE PELLETS
                        TOTAL MONTH:   0.0 INCH    5 = HAIL
                        GRTST 24HR     0.0         6 = FREEZING RAIN OR DRIZZLE
                        GRTST DEPTH:   0           7 = DUSTSTORM OR SANDSTORM:
                                                       VSBY 1/2 MILE OR LESS
                                                   8 = SMOKE OR HAZE
[NO. OF DAYS WITH]      [WEATHER - DAYS WITH]      9 = BLOWING SNOW
                                                   X = TORNADO
MAX 32 OR BELOW:   0    0.01 INCH OR MORE:   5
MAX 90 OR ABOVE:  23    0.10 INCH OR MORE:   4
MIN 32 OR BELOW:   0    0.50 INCH OR MORE:   2
MIN  0 OR BELOW:   0    1.00 INCH OR MORE:   1

[HDD (BASE 65) ]
TOTAL THIS MO.     0    CLEAR  (SCALE 0-3)  25
DPTR FM NORMAL     0    PTCLDY (SCALE 4-7)   4
TOTAL FM JUL 1  2700    CLOUDY (SCALE 8-10)  1
DPTR FM NORMAL    -8

[CDD (BASE 65) ]
TOTAL THIS MO.   474
DPTR FM NORMAL    26    [PRESSURE DATA]
TOTAL FM JAN 1   769    HIGHEST SLP M ON M
DPTR FM NORMAL   -16    LOWEST  SLP 29.59 ON 17

[REMARKS]
#FINAL-06-15#
