000
CXUS54 KFWD 200730
CF6DTO
PRELIMINARY LOCAL CLIMATOLOGICAL DATA (WS FORM: F-6)

                                          STATION:   DENTON
                                          MONTH:     AUGUST
                                          YEAR:      2014
                                          LATITUDE:   33 12 N
                                          LONGITUDE:  97 12 W

  TEMPERATURE IN F:       :PCPN:    SNOW:  WIND      :SUNSHINE: SKY     :PK WND
================================================================================
1   2   3   4   5  6A  6B    7    8   9   10  11  12  13   14  15   16   17  18
                                     12Z  AVG MX 2MIN
DY MAX MIN AVG DEP HDD CDD  WTR  SNW DPTH SPD SPD DIR MIN PSBL S-S WX    SPD DR
================================================================================

 1  82  67  75 -10   0  10 0.00  0.0    0  7.3 13  30   M    M   8        16  30
 2  88  63  76  -9   0  11 0.00  0.0    0  5.4 14  40   M    M   1 1      28  30
 3  90  66  78  -7   0  13 0.00  0.0    0  5.8 14  20   M    M   1        24  30
 4  91  68  80  -5   0  15 0.00  0.0    0  5.0 14  50   M    M   1 1      18  60
 5  94  67  81  -4   0  16    T  0.0    0  5.2 23 140   M    M   2 3      27 140
 6  97  75  86   1   0  21 0.00  0.0    0  9.5 17 180   M    M   0        22 190
 7  98  77  88   3   0  23 0.00  0.0    0  9.0 16 200   M    M   0         M  M
 8 102  76  89   4   0  24    T  0.0    0  9.1  M   M   M    M   2 3      35 290
 9 101  73  87   2   0  22 0.00  0.0    0  9.1 23  40   M    M   1 3      28  40
10  98  78  88   3   0  23 0.00  0.0    0  6.0 16 270   M    M   1 3      22 330
11  95  74  85   0   0  20 0.00  0.0    0  6.6 16  30   M    M   0        19  20
12  92  70  81  -3   0  16 0.00  0.0    0  7.8 18  20   M    M   0        26  10
13  92  65  79  -5   0  14 0.00  0.0    0  5.8 12  70   M    M   0        17  70
14  94  68  81  -3   0  16 0.00  0.0    0  7.0 14 110   M    M   0        19 160
15  99  70  85   1   0  20 0.00  0.0    0  9.8 17 140   M    M   0        25 160
16 102  77  90   6   0  25 0.05  0.0    0 12.3 26 250   M    M   2 3      34 250
17  90  72  81  -3   0  16 0.41  0.0    0 12.2 24 150   M    M   3 13     33 140
18  94  71  83  -1   0  18 0.00  0.0    0  7.2 21 210   M    M   0        25 180
19  93  75  84   0   0  19 0.00  0.0    0  9.9 23 240   M    M   2 3      29 230
================================================================================
SM 1792 1352         0 342  0.46     0.0 150.0          M       24
================================================================================
AV 94.3 71.2                               7.9 FASTST   M    M   1    MAX(MPH)
                                 MISC ---->  # 26 250               # 35  290
================================================================================
NOTES:
# LAST OF SEVERAL OCCURRENCES

COLUMN 17 PEAK WIND IN M.P.H.

PRELIMINARY LOCAL CLIMATOLOGICAL DATA (WS FORM: F-6) , PAGE 2

                                          STATION:  DENTON
                                          MONTH:    AUGUST
                                          YEAR:     2014
                                          LATITUDE:   33 12 N
                                          LONGITUDE:  97 12 W

[TEMPERATURE DATA]      [PRECIPITATION DATA]       SYMBOLS USED IN COLUMN 16

AVERAGE MONTHLY: 82.7   TOTAL FOR MONTH:   0.46    1 = FOG OR MIST
DPTR FM NORMAL:  -1.8   DPTR FM NORMAL:   -0.45    2 = FOG REDUCING VISIBILITY
HIGHEST:   102 ON 16, 8 GRTST 24HR  0.41 ON 17-17      TO 1/4 MILE OR LESS
LOWEST:     63 ON  2                               3 = THUNDER
                        SNOW, ICE PELLETS, HAIL    4 = ICE PELLETS
                        TOTAL MONTH:   0.0 INCH    5 = HAIL
                        GRTST 24HR     0.0         6 = FREEZING RAIN OR DRIZZLE
                        GRTST DEPTH:   0           7 = DUSTSTORM OR SANDSTORM:
                                                       VSBY 1/2 MILE OR LESS
                                                   8 = SMOKE OR HAZE
[NO. OF DAYS WITH]      [WEATHER - DAYS WITH]      9 = BLOWING SNOW
                                                   X = TORNADO
MAX 32 OR BELOW:   0    0.01 INCH OR MORE:   2
MAX 90 OR ABOVE:  17    0.10 INCH OR MORE:   1
MIN 32 OR BELOW:   0    0.50 INCH OR MORE:   0
MIN  0 OR BELOW:   0    1.00 INCH OR MORE:   0

[HDD (BASE 65) ]
TOTAL THIS MO.     0    CLEAR  (SCALE 0-3)  18
DPTR FM NORMAL     0    PTCLDY (SCALE 4-7)   1
TOTAL FM JUL 1     0    CLOUDY (SCALE 8-10)  0
DPTR FM NORMAL     0

[CDD (BASE 65) ]
TOTAL THIS MO.   342
DPTR FM NORMAL   -31    [PRESSURE DATA]
TOTAL FM JAN 1  1689    HIGHEST SLP M ON M
DPTR FM NORMAL   -59    LOWEST  SLP 29.75 ON  7

[REMARKS]
