000
CXUS53 KDTX 010800
CF6DTW
PRELIMINARY LOCAL CLIMATOLOGICAL DATA (WS FORM: F-6)

                                          STATION:   DETROIT MI
                                          MONTH:     SEPTEMBER
                                          YEAR:      2016
                                          LATITUDE:   42 13 N
                                          LONGITUDE:  83 20 W

  TEMPERATURE IN F:       :PCPN:    SNOW:  WIND      :SUNSHINE: SKY     :PK WND
================================================================================
1   2   3   4   5  6A  6B    7    8   9   10  11  12  13   14  15   16   17  18
                                     12Z  AVG MX 2MIN
DY MAX MIN AVG DEP HDD CDD  WTR  SNW DPTH SPD SPD DIR MIN PSBL S-S WX    SPD DR
================================================================================

 1  75  60  68  -2   0   3 0.00  0.0    0 10.1 18  20   M    M   7        26  10
 2  75  57  66  -3   0   1 0.00  0.0    0  8.4 18  20   M    M   2        22  30
 3  77  55  66  -3   0   1 0.00  0.0    0  5.0 12 140   M    M   2 8      15 140
 4  80  56  68  -1   0   3 0.00  0.0    0  2.9 12 160   M    M   1 18     15 150
 5  84  58  71   3   0   6 0.00  0.0    0  5.0 15 200   M    M   3 18     22 120
 6  91  69  80  12   0  15 0.00  0.0    0  8.3 18 220   M    M   6 18     25 210
 7  90  73  82  14   0  17 0.81  0.0    0  7.4 31 310   M    M   7 138    50 310
 8  82  72  77  10   0  12 0.04  0.0    0 10.8 17 240   M    M   9 18     22 250
 9  81  67  74   7   0   9    T  0.0    0  3.6  9 200   M    M   8 128    15 140
10  78  61  70   3   0   5 1.01  0.0    0 11.9 31 250   M    M   9 13     41 240
11  74  56  65  -1   0   0 0.00  0.0    0  4.8 12 280   M    M   2        15 280
12  74  55  65  -1   0   0 0.00  0.0    0  4.0 13 170   M    M   1 18     16 200
13  82  58  70   4   0   5 0.00  0.0    0  7.7 20 220   M    M   4 18     23 200
14  76  59  68   3   0   3    T  0.0    0  8.1 15  20   M    M   8 1      19  20
15  72  54  63  -2   2   0 0.00  0.0    0  5.9 14 180   M    M   5        17 150
16  77  54  66   2   0   1 0.00  0.0    0  4.9 13 140   M    M   6 8      18 160
17  75  66  71   7   0   6 0.22  0.0    0  9.4 21 200   M    M   8 1      24 200
18  80  64  72   8   0   7 0.21  0.0    0  4.5 18 220   M    M   5 12     30 240
19  83  60  72   9   0   7 0.00  0.0    0  3.3 12 160   M    M   3 1      15 160
20  84  64  74  11   0   9 0.00  0.0    0  4.4 10 340   M    M   6 8      14 340
21  81  58  70   8   0   5 0.00  0.0    0  3.1 12 300   M    M   5 18     15 320
22  86  64  75  13   0  10 0.00  0.0    0  4.6 12 220   M    M   9 1      15 230
23  80  63  72  11   0   7 0.00  0.0    0  7.4 16  30   M    M   8 18     21 360
24  70  55  63   2   2   0 0.00  0.0    0  6.2 15  40   M    M   4        19  50
25  73  51  62   2   3   0 0.00  0.0    0  5.7 14 140   M    M   4 8      19 110
26  69  53  61   1   4   0 0.27  0.0    0  9.7 24 240   M    M   8 1      29 280
27  70  49  60   0   5   0 0.00  0.0    0 12.2 29 240   M    M   4        36 230
28  60  55  58  -1   7   0 0.47  0.0    0  6.4 23 140   M    M  10 1      30 160
29  64  59  62   3   3   0 2.87  0.0    0 10.6 20  30   M    M  10 1      26  40
30  64  58  61   3   4   0 0.38  0.0    0  9.1 18  70   M    M  10 1      23  70
================================================================================
SM 2307 1783        30 132  6.28     0.0 205.4          M      174
================================================================================
AV 76.9 59.4                               6.8 FASTST   M    M   6    MAX(MPH)
                                 MISC ---->  # 31 310               # 50  310
================================================================================
NOTES:
# LAST OF SEVERAL OCCURRENCES

COLUMN 17 PEAK WIND IN M.P.H.

PRELIMINARY LOCAL CLIMATOLOGICAL DATA (WS FORM: F-6) , PAGE 2

                                          STATION:  DETROIT MI
                                          MONTH:    SEPTEMBER
                                          YEAR:     2016
                                          LATITUDE:   42 13 N
                                          LONGITUDE:  83 20 W

[TEMPERATURE DATA]      [PRECIPITATION DATA]       SYMBOLS USED IN COLUMN 16

AVERAGE MONTHLY: 68.2   TOTAL FOR MONTH:   6.28    1 = FOG OR MIST
DPTR FM NORMAL:   3.8   DPTR FM NORMAL:    3.01    2 = FOG REDUCING VISIBILITY
HIGHEST:    91 ON  6    GRTST 24HR  3.08 ON 28-29      TO 1/4 MILE OR LESS
LOWEST:     49 ON 27                               3 = THUNDER
                        SNOW, ICE PELLETS, HAIL    4 = ICE PELLETS
                        TOTAL MONTH:   0.0 INCH    5 = HAIL
                        GRTST 24HR     0.0         6 = FREEZING RAIN OR DRIZZLE
                        GRTST DEPTH:   0           7 = DUSTSTORM OR SANDSTORM:
                                                       VSBY 1/2 MILE OR LESS
                                                   8 = SMOKE OR HAZE
[NO. OF DAYS WITH]      [WEATHER - DAYS WITH]      9 = BLOWING SNOW
                                                   X = TORNADO
MAX 32 OR BELOW:   0    0.01 INCH OR MORE:   9
MAX 90 OR ABOVE:   2    0.10 INCH OR MORE:   8
MIN 32 OR BELOW:   0    0.50 INCH OR MORE:   3
MIN  0 OR BELOW:   0    1.00 INCH OR MORE:   2

[HDD (BASE 65) ]
TOTAL THIS MO.    30    CLEAR  (SCALE 0-3)   6
DPTR FM NORMAL   -74    PTCLDY (SCALE 4-7)  17
TOTAL FM JUL 1    30    CLOUDY (SCALE 8-10)  7
DPTR FM NORMAL   -84

[CDD (BASE 65) ]
TOTAL THIS MO.   132
DPTR FM NORMAL    48    [PRESSURE DATA]
TOTAL FM JAN 1  1155    HIGHEST SLP 30.31 ON 15
DPTR FM NORMAL   360    LOWEST  SLP 29.73 ON 27

[REMARKS]
#FINAL-09-16#
