000
CXUS51 KPBZ 260804
CF6DUJ
PRELIMINARY LOCAL CLIMATOLOGICAL DATA (WS FORM: F-6)

                                          STATION:   DUBOIS
                                          MONTH:     JULY
                                          YEAR:      2017
                                          LATITUDE:   41 10 N
                                          LONGITUDE:  78 54 W

  TEMPERATURE IN F:       :PCPN:    SNOW:  WIND      :SUNSHINE: SKY     :PK WND
================================================================================
1   2   3   4   5  6A  6B    7    8   9   10  11  12  13   14  15   16   17  18
                                     12Z  AVG MX 2MIN
DY MAX MIN AVG DEP HDD CDD  WTR  SNW DPTH SPD SPD DIR MIN PSBL S-S WX    SPD DR
================================================================================

 1  81  63  72   4   0   7 0.48  0.0    0  7.6 22 250   M    M   7 138    28 290
 2  80  60  70   2   0   5 0.03    M    M  7.7 20 250   M    M   4 12     27 240
 3  79  59  69   1   0   4 0.06    M    0  5.2 14 310   M    M   4        19 290
 4  82  61  72   4   0   7 0.00    M    0  3.7  9  40   M    M   2        13  20
 5  81  60  71   3   0   6 0.00  0.0    0  8.0 15 130   M    M   3        20 130
 6  77  65  71   3   0   6 0.06  0.0    0  5.5 13 130   M    M   6 1      17 120
 7  78  61  70   2   0   5 0.09  0.0    0  6.0 20 270   M    M   5 128    23 270
 8  77  56  67  -1   0   2 0.00  0.0    0 10.4 22 300   M    M   5 1      27 330
 9  75  50  63  -5   2   0 0.00  0.0    0  6.2 15 250   M    M   2 1      19 270
10  74  53  64  -4   1   0 0.07  0.0    0  5.2 16 230   M    M   5 18     21 240
11  79  63  71   2   0   6 0.15    M    0  6.2 16 240   M    M   9 138    23 240
12  81  66  74   5   0   9 0.10    M    0  8.5 18 260   M    M   6 18     24 260
13  78  69  74   5   0   9 0.23    M    0  8.4 23 250   M    M   6 138    32 260
14  81  67  74   5   0   9 0.55    M    0  6.2 17 250   M    M   7 123    23 260
15  71  59  65  -4   0   0 0.00  0.0    0  5.6 13 320   M    M   8 1      19 300
16  78  55  67  -2   0   2 0.00  0.0    0  2.7 13 240   M    M   3 12     15 210
17  81  60  71   2   0   6 0.00    M    0  5.1 16 280   M    M   2 18     21 280
18  83  61  72   3   0   7 0.00  0.0    0  4.0 15 230   M    M   3 1      20 270
19  85  61  73   4   0   8 0.06    M    M  5.2 16 280   M    M   2 138    24 220
20  85  62  74   5   0   9 0.11    M    0  6.9 22 340   M    M   3 138    32 320
21  84  65  75   6   0  10 0.00    M    0  4.9 13 230   M    M   5 12     15 230
22  75  65  70   1   0   5 1.24    M    0  3.8 21 230   M    M   9 1238   30 190
23  82  64  73   4   0   8 0.60    M    0  8.1 15 230   M    M   7 1238   20 260
24  76  59  68   0   0   3 0.22  0.0    0  9.3 21 290   M    M   8 128    28 300
25  71  56  64  -4   1   0 0.00  0.0    0  7.2 17  20   M    M   9 1      21  30
================================================================================
SM 1974 1520         4 133  4.05     0.0 157.6          M      130
================================================================================
AV 79.0 60.8                               6.3 FASTST   M    M   5    MAX(MPH)
                                 MISC ---->  # 23 250               # 32  260
================================================================================
NOTES:
# LAST OF SEVERAL OCCURRENCES

COLUMN 17 PEAK WIND IN M.P.H.

PRELIMINARY LOCAL CLIMATOLOGICAL DATA (WS FORM: F-6) , PAGE 2

                                          STATION:  DUBOIS
                                          MONTH:    JULY
                                          YEAR:     2017
                                          LATITUDE:   41 10 N
                                          LONGITUDE:  78 54 W

[TEMPERATURE DATA]      [PRECIPITATION DATA]       SYMBOLS USED IN COLUMN 16

AVERAGE MONTHLY: 69.9   TOTAL FOR MONTH:   4.05    1 = FOG OR MIST
DPTR FM NORMAL:   1.4   DPTR FM NORMAL:    0.59    2 = FOG REDUCING VISIBILITY
HIGHEST:    85 ON 20,19 GRTST 24HR  1.24 ON 22-22      TO 1/4 MILE OR LESS
LOWEST:     50 ON  9                               3 = THUNDER
                        SNOW, ICE PELLETS, HAIL    4 = ICE PELLETS
                        TOTAL MONTH:   0.0 INCH    5 = HAIL
                        GRTST 24HR     0.0         6 = FREEZING RAIN OR DRIZZLE
                        GRTST DEPTH:   0           7 = DUSTSTORM OR SANDSTORM:
                                                       VSBY 1/2 MILE OR LESS
                                                   8 = SMOKE OR HAZE
[NO. OF DAYS WITH]      [WEATHER - DAYS WITH]      9 = BLOWING SNOW
                                                   X = TORNADO
MAX 32 OR BELOW:   0    0.01 INCH OR MORE:  15
MAX 90 OR ABOVE:   0    0.10 INCH OR MORE:   9
MIN 32 OR BELOW:   0    0.50 INCH OR MORE:   3
MIN  0 OR BELOW:   0    1.00 INCH OR MORE:   1

[HDD (BASE 65) ]
TOTAL THIS MO.     4    CLEAR  (SCALE 0-3)   7
DPTR FM NORMAL   -21    PTCLDY (SCALE 4-7)  13
TOTAL FM JUL 1     4    CLOUDY (SCALE 8-10)  5
DPTR FM NORMAL   -21

[CDD (BASE 65) ]
TOTAL THIS MO.   133
DPTR FM NORMAL    33    [PRESSURE DATA]
TOTAL FM JAN 1   252    HIGHEST SLP M ON M
DPTR FM NORMAL    58    LOWEST  SLP 29.74 ON 23

[REMARKS]
