000
CXUS53 KFGF 220915
CF6DVL
PRELIMINARY LOCAL CLIMATOLOGICAL DATA (WS FORM: F-6)

                                          STATION:   DEVILS LAKE ND
                                          MONTH:     OCTOBER
                                          YEAR:      2017
                                          LATITUDE:   48  7 N
                                          LONGITUDE:  98 54 W

  TEMPERATURE IN F:       :PCPN:    SNOW:  WIND      :SUNSHINE: SKY     :PK WND
================================================================================
1   2   3   4   5  6A  6B    7    8   9   10  11  12  13   14  15   16   17  18
                                     12Z  AVG MX 2MIN
DY MAX MIN AVG DEP HDD CDD  WTR  SNW DPTH SPD SPD DIR MIN PSBL S-S WX    SPD DR
================================================================================

 1  65  55  60   9   5   0    T  0.0    0 14.3 23 160   M    M   5 3      35 160
 2  58  46  52   1  13   0 0.00  0.0    0 13.3 21 250   M    M   5        27 250
 3  55  39  47  -3  18   0 0.00  0.0    0 11.5 21 230   M    M   5         M  M
 4  54  38  46  -4  19   0 0.00  0.0    0 13.8 21 280   M    M   6        24 270
 5  57  33  45  -4  20   0 0.00  0.0    0  3.4  9 340   M    M   0 18      M  M
 6  65  37  51   2  14   0 0.00  0.0    0  8.2 14 190   M    M   0 1       M  M
 7  66  51  59  11   6   0 0.00  0.0    0 17.9 25 290   M    M   0        33 260
 8  57  40  49   1  16   0 0.00  0.0    0 16.3 20 290   M    M   1        32 310
 9  45  35  40  -7  25   0 0.00  0.0    0 13.3 18 300   M    M   5        23 290
10  63  41  52   5  13   0 0.00  0.0    0 14.8 20 180   M    M   0        28 180
11  60  38  49   3  16   0 0.00  0.0    0 16.9 24 160   M    M   0        36 160
12  58  37  48   2  17   0 0.00  0.0    0 13.2 27 300   M    M   1        37 300
13  49  32  41  -4  24   0 0.00  0.0    0  8.3 14 280   M    M   2         M  M
14  45  25  35 -10  30   0 0.00  0.0    0  9.4 17  20   M    M   2         M  M
15  54  23  39  -6  26   0 0.00  0.0    0 11.2 21 300   M    M   4 1      24 300
16  66  38  52   8  13   0 0.00  0.0    0 13.4 22 260   M    M   0        25 210
17  73  38  56  12   9   0 0.00  0.0    0 10.8 20 230   M    M   0        25 230
18  63  41  52   9  13   0 0.00  0.0    0 22.0 33 280   M    M   0        45 290
19  74  34  54  12  11   0 0.00  0.0    0  7.8 13 180   M    M   0         M  M
20  71  44  58  16   7   0 0.00  0.0    M 13.5 22 170   M    M   0        31 160
21  63  45  54  13  11   0    T    M    0 18.5 28 270   M    M   4        36 280
================================================================================
SM 1261  810       326   0    T      0.0 271.8          M       40
================================================================================
AV 60.1 38.6                              12.9 FASTST   M    M   2    MAX(MPH)
                                 MISC ---->    33   M                 45    M
================================================================================
NOTES:
# LAST OF SEVERAL OCCURRENCES

COLUMN 17 PEAK WIND IN M.P.H.

PRELIMINARY LOCAL CLIMATOLOGICAL DATA (WS FORM: F-6) , PAGE 2

                                          STATION:  DEVILS LAKE ND
                                          MONTH:    OCTOBER
                                          YEAR:     2017
                                          LATITUDE:   48  7 N
                                          LONGITUDE:  98 54 W

[TEMPERATURE DATA]      [PRECIPITATION DATA]       SYMBOLS USED IN COLUMN 16

AVERAGE MONTHLY: 49.3   TOTAL FOR MONTH:      T    1 = FOG OR MIST
DPTR FM NORMAL:   3.0   DPTR FM NORMAL:       M    2 = FOG REDUCING VISIBILITY
HIGHEST:    74 ON 19    GRTST 24HR    T  ON 21-21      TO 1/4 MILE OR LESS
LOWEST:     23 ON 15                               3 = THUNDER
                        SNOW, ICE PELLETS, HAIL    4 = ICE PELLETS
                        TOTAL MONTH:   0.0 INCH    5 = HAIL
                        GRTST 24HR     0.0         6 = FREEZING RAIN OR DRIZZLE
                        GRTST DEPTH:   0           7 = DUSTSTORM OR SANDSTORM:
                                                       VSBY 1/2 MILE OR LESS
                                                   8 = SMOKE OR HAZE
[NO. OF DAYS WITH]      [WEATHER - DAYS WITH]      9 = BLOWING SNOW
                                                   X = TORNADO
MAX 32 OR BELOW:   0    0.01 INCH OR MORE:   0
MAX 90 OR ABOVE:   0    0.10 INCH OR MORE:   0
MIN 32 OR BELOW:   3    0.50 INCH OR MORE:   0
MIN  0 OR BELOW:   0    1.00 INCH OR MORE:   0

[HDD (BASE 65) ]
TOTAL THIS MO.   326    CLEAR  (SCALE 0-3)  14
DPTR FM NORMAL   -68    PTCLDY (SCALE 4-7)   7
TOTAL FM JUL 1   576    CLOUDY (SCALE 8-10)  0
DPTR FM NORMAL  -113

[CDD (BASE 65) ]
TOTAL THIS MO.     0
DPTR FM NORMAL     0    [PRESSURE DATA]
TOTAL FM JAN 1   350    HIGHEST SLP M ON M
DPTR FM NORMAL  -121    LOWEST  SLP M ON M

[REMARKS]
