000
CXUS53 KFGF 270915
CF6DVL
PRELIMINARY LOCAL CLIMATOLOGICAL DATA (WS FORM: F-6)

                                          STATION:   DEVIL`S LAKE
                                          MONTH:     MARCH
                                          YEAR:      2015
                                          LATITUDE:   48  7 N
                                          LONGITUDE:  98 54 W

  TEMPERATURE IN F:       :PCPN:    SNOW:  WIND      :SUNSHINE: SKY     :PK WND
================================================================================
1   2   3   4   5  6A  6B    7    8   9   10  11  12  13   14  15   16   17  18
                                     12Z  AVG MX 2MIN
DY MAX MIN AVG DEP HDD CDD  WTR  SNW DPTH SPD SPD DIR MIN PSBL S-S WX    SPD DR
================================================================================

 1  19   0  10   M  55   0 0.00  0.0    0 12.7 18 320   M    M   1         M  M
 2  28  -6  11   M  54   0 0.00  0.0    0 12.8 28 180   M    M   0        36 180
 3  19  -2   9   M  56   0 0.00  0.0    0 23.7 33 300   M    M   2        38 300
 4   0 -13  -6   M  71   0 0.00  0.0    0 13.0 21 310   M    M   0        22 320
 5  25 -11   7   M  58   0 0.00  0.0    0  8.3 14 230   M    M   0        21 230
 6  37   9  23   M  42   0 0.00  0.0    0 13.1 22 290   M    M   3        25 250
 7  39  23  31   M  34   0 0.00  0.0    0 11.3 15 290   M    M   4         M  M
 8  41  21  31   M  34   0 0.00  0.0    0 11.2 16 280   M    M   3         M  M
 9  52  25  39   M  26   0 0.00  0.0    0  8.5 18 230   M    M   0        25 230
10  48  30  39   M  26   0 0.00  0.0    0 11.6 16 310   M    M   2        20 310
11  52  27  40   M  25   0 0.00  0.0    0 10.0 21 120   M    M   3        25 130
12  61  34  48   M  17   0 0.00  0.0    0  7.9 14 290   M    M   0        16 300
13  46  32  39   M  26   0 0.00  0.0    0 14.1 25 320   M    M   5        29 320
14  64  23  44   M  21   0 0.00  0.0    0 10.2 23 190   M    M   0        30 190
15  64  45  55   M  10   0 0.00  0.0    0 14.4 25 290   M    M   4        32 290
16  45  25  35   M  30   0 0.00  0.0    0 12.1 21 360   M    M   5        30  20
17  43  19  31   M  34   0 0.00  0.0    0 10.2 17 270   M    M   0         M  M
18  43  25  34   M  31   0 0.00  0.0    0  4.9 10 200   M    M   5         M  M
19  45  28  37   M  28   0 0.00  0.0    0  7.6 14 290   M    M   6         M  M
20  34  12  23   M  42   0 0.00  0.0    0  9.5 16  30   M    M   7        20  30
21  19  10  15   M  50   0 0.00  0.0    0  9.5 15 110   M    M   8         M  M
22  30  19  25   M  40   0 0.00  0.0    0 12.5 17 120   M    M  10        22  80
23  37  28  33   M  32   0 0.01    M    0 11.1 20 180   M    M   8        25 180
24  37  32  35   M  30   0 0.07    M    0 15.0 23 140   M    M  10        30 140
25  37  27  32   M  33   0 0.01    M    0 23.2 33 330   M    M   8        40 330
26  32  21  27   M  38   0 0.00  0.0    0  7.5 13  50   M    M   5         M  M
================================================================================
SM  997  483       943   0  0.09     0.0 305.9          M       99
================================================================================
AV 38.3 18.6                              11.8 FASTST   M    M   4    MAX(MPH)
                                 MISC ---->    33   M                 40    M
================================================================================
NOTES:
# LAST OF SEVERAL OCCURRENCES

COLUMN 17 PEAK WIND IN M.P.H.

PRELIMINARY LOCAL CLIMATOLOGICAL DATA (WS FORM: F-6) , PAGE 2

                                          STATION:  DEVIL`S LAKE
                                          MONTH:    MARCH
                                          YEAR:     2015
                                          LATITUDE:   48  7 N
                                          LONGITUDE:  98 54 W

[TEMPERATURE DATA]      [PRECIPITATION DATA]       SYMBOLS USED IN COLUMN 16

AVERAGE MONTHLY: 28.5   TOTAL FOR MONTH:   0.09    1 = FOG OR MIST
DPTR FM NORMAL:     M   DPTR FM NORMAL:       M    2 = FOG REDUCING VISIBILITY
HIGHEST:    64 ON 15,14 GRTST 24HR  0.07 ON 24-24      TO 1/4 MILE OR LESS
LOWEST:    -13 ON  4                               3 = THUNDER
                        SNOW, ICE PELLETS, HAIL    4 = ICE PELLETS
                        TOTAL MONTH:   0.0 INCH    5 = HAIL
                        GRTST 24HR     0.0         6 = FREEZING RAIN OR DRIZZLE
                        GRTST DEPTH:   0           7 = DUSTSTORM OR SANDSTORM:
                                                       VSBY 1/2 MILE OR LESS
                                                   8 = SMOKE OR HAZE
[NO. OF DAYS WITH]      [WEATHER - DAYS WITH]      9 = BLOWING SNOW
                                                   X = TORNADO
MAX 32 OR BELOW:   8    0.01 INCH OR MORE:   3
MAX 90 OR ABOVE:   0    0.10 INCH OR MORE:   0
MIN 32 OR BELOW:  24    0.50 INCH OR MORE:   0
MIN  0 OR BELOW:   5    1.00 INCH OR MORE:   0

[HDD (BASE 65) ]
TOTAL THIS MO.   943    CLEAR  (SCALE 0-3)  13
DPTR FM NORMAL     M    PTCLDY (SCALE 4-7)  10
TOTAL FM JUL 1  7763    CLOUDY (SCALE 8-10)  3
DPTR FM NORMAL     M

[CDD (BASE 65) ]
TOTAL THIS MO.     0
DPTR FM NORMAL     M    [PRESSURE DATA]
TOTAL FM JAN 1     0    HIGHEST SLP M ON M
DPTR FM NORMAL     M    LOWEST  SLP M ON M

[REMARKS]
