000
CXUS55 KDVN 181100
CF6DVN
PRELIMINARY LOCAL CLIMATOLOGICAL DATA (WS FORM: F-6)

                                          STATION:   DAVENPORT IA
                                          MONTH:     FEBRUARY
                                          YEAR:      2018
                                          LATITUDE:   41 37 N
                                          LONGITUDE:  90 35 W

  TEMPERATURE IN F:       :PCPN:    SNOW:  WIND      :SUNSHINE: SKY     :PK WND
================================================================================
1   2   3   4   5  6A  6B    7    8   9   10  11  12  13   14  15   16   17  18
                                     12Z  AVG MX 2MIN
DY MAX MIN AVG DEP HDD CDD  WTR  SNW DPTH SPD SPD DIR MIN PSBL S-S WX    SPD DR
================================================================================

 1  32   6  19  -3  46   0 0.00  0.0    0 19.6 33 310   M    M   0        42 300
 2  22   2  12 -11  53   0    T    T    0  8.0 16 190   M    M   3        20 210
 3  45  15  30   7  35   0 0.02    T    0 12.0 31 230   M    M   7 4      42 220
 4  37   1  19  -4  46   0 0.03  0.5    0 17.7 28 350   M    M   6        34 350
 5  13  -3   5 -18  60   0 0.20  3.9    T  6.5 15 150   M    M   5 128    18 150
 6  14 -12   1 -22  64   0 0.03  0.7    4  5.4 12 350   M    M   5 128    12 350
 7  15  -2   7 -17  58   0 0.01  0.6    4  8.1 18 290   M    M   5 18     22 300
 8  21   4  13 -11  52   0 0.04  0.8    4  7.3 16  70   M    M   9 128    21  70
 9  22  18  20  -4  45   0 0.12  2.8    6 13.4 24  20   M    M   9 18     29  30
10  18  11  15  -9  50   0 0.10  2.5    8  8.6 15 360   M    M   6 18     17 360
11  17   1   9 -16  56   0 0.22  2.7    9 10.0 15 290   M    M   4 18     18 290
12  19 -12   4 -21  61   0 0.00  0.0    8  5.1 12  80   M    M   0 18     14  90
13  35   8  22  -3  43   0 0.00  0.0    7  9.8 17 160   M    M   4        20 160
14  43  25  34   8  31   0 0.00  0.0    0 10.2 18 190   M    M   1 128    21 190
15  43  36  40  14  25   0 0.00  0.0    3  7.8 18 330   M    M   3 128    23 330
16  36  14  25  -1  40   0 0.00  0.0    T 12.5 25 330   M    M   3        29 330
17  34  15  25  -2  40   0 0.12  1.5    T  9.9 20 300   M    M   5 128    24 300
================================================================================
SM  466  127       805   0  0.89    16.0 171.9          M       75
================================================================================
AV 27.4  7.5                              10.1 FASTST   M    M   4    MAX(MPH)
                                 MISC ---->  # 33 310               # 42  300
================================================================================
NOTES:
# LAST OF SEVERAL OCCURRENCES

COLUMN 17 PEAK WIND IN M.P.H.

PRELIMINARY LOCAL CLIMATOLOGICAL DATA (WS FORM: F-6) , PAGE 2

                                          STATION:  DAVENPORT IA
                                          MONTH:    FEBRUARY
                                          YEAR:     2018
                                          LATITUDE:   41 37 N
                                          LONGITUDE:  90 35 W

[TEMPERATURE DATA]      [PRECIPITATION DATA]       SYMBOLS USED IN COLUMN 16

AVERAGE MONTHLY: 17.4   TOTAL FOR MONTH:   0.89    1 = FOG OR MIST
DPTR FM NORMAL:  -6.9   DPTR FM NORMAL:    0.15    2 = FOG REDUCING VISIBILITY
HIGHEST:    45 ON  3    GRTST 24HR  0.22 ON 11-11      TO 1/4 MILE OR LESS
LOWEST:    -12 ON 12, 6                            3 = THUNDER
                        SNOW, ICE PELLETS, HAIL    4 = ICE PELLETS
                        TOTAL MONTH:  16.0 INCHES  5 = HAIL
                        GRTST 24HR   3.9 ON  5- 5  6 = FREEZING RAIN OR DRIZZLE
                        GRTST DEPTH:   9 ON 11     7 = DUSTSTORM OR SANDSTORM:
                                                       VSBY 1/2 MILE OR LESS
                                                   8 = SMOKE OR HAZE
[NO. OF DAYS WITH]      [WEATHER - DAYS WITH]      9 = BLOWING SNOW
                                                   X = TORNADO
MAX 32 OR BELOW:  10    0.01 INCH OR MORE:  10
MAX 90 OR ABOVE:   0    0.10 INCH OR MORE:   5
MIN 32 OR BELOW:  16    0.50 INCH OR MORE:   0
MIN  0 OR BELOW:   4    1.00 INCH OR MORE:   0

[HDD (BASE 65) ]
TOTAL THIS MO.   805    CLEAR  (SCALE 0-3)   4
DPTR FM NORMAL   113    PTCLDY (SCALE 4-7)  11
TOTAL FM JUL 1  4564    CLOUDY (SCALE 8-10)  2
DPTR FM NORMAL   -64

[CDD (BASE 65) ]
TOTAL THIS MO.     0
DPTR FM NORMAL     0    [PRESSURE DATA]
TOTAL FM JAN 1     0    HIGHEST SLP M ON M
DPTR FM NORMAL     0    LOWEST  SLP 29.68 ON  3

[REMARKS]
