000
CXUS55 KPSR 221005
CF6DVT
PRELIMINARY LOCAL CLIMATOLOGICAL DATA (WS FORM: F-6)

                                          STATION:   DEER VLY/PHOENIX AZ
                                          MONTH:     JANUARY
                                          YEAR:      2017
                                          LATITUDE:   33 41 N
                                          LONGITUDE: 112  4 W

  TEMPERATURE IN F:       :PCPN:    SNOW:  WIND      :SUNSHINE: SKY     :PK WND
================================================================================
1   2   3   4   5  6A  6B    7    8   9   10  11  12  13   14  15   16   17  18
                                     12Z  AVG MX 2MIN
DY MAX MIN AVG DEP HDD CDD  WTR  SNW DPTH SPD SPD DIR MIN PSBL S-S WX    SPD DR
================================================================================

 1  56  49  53   0  12   0 0.44  0.0    0  7.4 21 170   M    M  10 13     29 170
 2  55  47  51  -2  14   0    T  0.0    0  5.5 15 120   M    M   4 1      18 110
 3  60  44  52  -2  13   0 0.00  0.0    0  3.5 12  30   M    M   0        14  30
 4  64  44  54   0  11   0 0.00  0.0    0  1.5 10  30   M    M   0        11  30
 5  64  46  55   1  10   0 0.00  0.0    0  4.2 15 200   M    M   4        17 210
 6  63  47  55   1  10   0 0.00  0.0    0  6.2 16 360   M    M   0        20 360
 7  65  44  55   1  10   0    T  0.0    0  5.5 13  90   M    M   2        16 100
 8  72  49  61   7   4   0 0.00  0.0    0  3.8  9  30   M    M   0        12  40
 9  65  50  58   4   7   0    T  0.0    0  3.3 13 280   M    M   2        14 280
10  67  49  58   4   7   0 0.00  0.0    0  3.8 13  30   M    M   0        14  30
11  62  48  55   1  10   0 0.00  0.0    0  3.4  9 220   M    M   1        12 220
12  66  46  56   2   9   0 0.00  0.0    0  3.4 10  30   M    M   0        13  30
13  68  53  61   7   4   0 0.00  0.0    0  4.1 13  90   M    M   3        14 100
14  71  53  62   7   3   0 0.02  0.0    0  6.6 23  30   M    M   7        33  50
15  56  49  53  -2  12   0 0.00  0.0    0  4.3 14 220   M    M   8 1      15 220
16  60  47  54  -1  11   0 0.00  0.0    0  3.6 10  30   M    M   5        14 230
17  64  44  54  -1  11   0 0.00  0.0    0  2.9  9  30   M    M   1        13  40
18  63  42  53  -2  12   0 0.00  0.0    0  1.7  9 220   M    M   0        13 260
19  53  45  49  -6  16   0 0.05  0.0    0  4.9 12 120   M    M   7 1      15 130
20  51  46  49  -6  16   0 0.73    M    0  6.8 18 220   M    M   9 1      27 200
21  57  43  50  -5  15   0 0.02    M    0 11.9 25 260   M    M   4 1      34 250
================================================================================
SM 1302  985       217   0  1.26     0.0  98.3          M       67
================================================================================
AV 62.0 46.9                               4.7 FASTST   M    M   3    MAX(MPH)
                                 MISC ---->  # 25 260               # 34  250
================================================================================
NOTES:
# LAST OF SEVERAL OCCURRENCES

COLUMN 17 PEAK WIND IN M.P.H.

PRELIMINARY LOCAL CLIMATOLOGICAL DATA (WS FORM: F-6) , PAGE 2

                                          STATION:  DEER VLY/PHOENIX AZ
                                          MONTH:    JANUARY
                                          YEAR:     2017
                                          LATITUDE:   33 41 N
                                          LONGITUDE: 112  4 W

[TEMPERATURE DATA]      [PRECIPITATION DATA]       SYMBOLS USED IN COLUMN 16

AVERAGE MONTHLY: 54.5   TOTAL FOR MONTH:   1.26    1 = FOG OR MIST
DPTR FM NORMAL:   0.2   DPTR FM NORMAL:    0.24    2 = FOG REDUCING VISIBILITY
HIGHEST:    72 ON  8    GRTST 24HR  0.75 ON 20-21      TO 1/4 MILE OR LESS
LOWEST:     42 ON 18                               3 = THUNDER
                        SNOW, ICE PELLETS, HAIL    4 = ICE PELLETS
                        TOTAL MONTH:   0.0 INCH    5 = HAIL
                        GRTST 24HR     0.0         6 = FREEZING RAIN OR DRIZZLE
                        GRTST DEPTH:   0           7 = DUSTSTORM OR SANDSTORM:
                                                       VSBY 1/2 MILE OR LESS
                                                   8 = SMOKE OR HAZE
[NO. OF DAYS WITH]      [WEATHER - DAYS WITH]      9 = BLOWING SNOW
                                                   X = TORNADO
MAX 32 OR BELOW:   0    0.01 INCH OR MORE:   5
MAX 90 OR ABOVE:   0    0.10 INCH OR MORE:   2
MIN 32 OR BELOW:   0    0.50 INCH OR MORE:   1
MIN  0 OR BELOW:   0    1.00 INCH OR MORE:   0

[HDD (BASE 65) ]
TOTAL THIS MO.   217    CLEAR  (SCALE 0-3)  11
DPTR FM NORMAL    -8    PTCLDY (SCALE 4-7)   7
TOTAL FM JUL 1   563    CLOUDY (SCALE 8-10)  3
DPTR FM NORMAL  -212

[CDD (BASE 65) ]
TOTAL THIS MO.     0
DPTR FM NORMAL     0    [PRESSURE DATA]
TOTAL FM JAN 1     0    HIGHEST SLP M ON M
DPTR FM NORMAL     0    LOWEST  SLP 29.43 ON 21

[REMARKS]
