000
CXUS54 KMAF 221100
CF6E38
PRELIMINARY LOCAL CLIMATOLOGICAL DATA (WS FORM: F-6)

                                          STATION:   Alpine-Casparis Municipal
                                          MONTH:     OCTOBER
                                          YEAR:      2014
                                          LATITUDE:   30 23 N
                                          LONGITUDE: 103 41 W

  TEMPERATURE IN F:       :PCPN:    SNOW:  WIND      :SUNSHINE: SKY     :PK WND
================================================================================
1   2   3   4   5  6A  6B    7    8   9   10  11  12  13   14  15   16   17  18
                                     12Z  AVG MX 2MIN
DY MAX MIN AVG DEP HDD CDD  WTR  SNW DPTH SPD SPD DIR MIN PSBL S-S WX    SPD DR
================================================================================

 1  87  60  74   M   0   9 0.00  0.0    0  7.2 13 270   M    M   0        20 220
 2  84  50  67   M   0   2 0.00  0.0    0  6.7 14 330   M    M   0        18 330
 3  83  44  64   M   1   0 0.00  0.0    0  3.7 10  80   M    M   0         M  M
 4  83  50  67   M   0   2 0.00  0.0    0  6.8 13 240   M    M   0        18 240
 5  86  54  70   M   0   5 0.00  0.0    0 11.2 21 260   M    M   0        28 260
 6  86  50  68   M   0   3 0.00  0.0    0  5.3  9 260   M    M   0         M  M
 7  88  54  71   M   0   6 0.00  0.0    0  9.6 18 260   M    M   0        22 270
 8  90  55  73   M   0   8 0.00  0.0    0  8.1 14 170   M    M   1        21 200
 9  89  61  75   M   0  10 0.00  0.0    0  9.4 15 220   M    M   0        24 230
10  84  55  70   M   0   5 0.00  0.0    0  6.0 15 310   M    M   1        18  30
11  71  51  61   M   4   0 0.00  0.0    0  7.3 14  20   M    M   5        20  20
12  85  51  68   M   0   3 0.00  0.0    0 10.8 22 240   M    M   2        31 230
13  72  40  56   M   9   0 0.00  0.0    0 11.0 21 300   M    M   0        30 360
14  76  37  57   M   8   0 0.00  0.0    0  5.3  8 240   M    M   0         M  M
15  83  43  63   M   2   0 0.00  0.0    0  7.0 10 250   M    M   0         M  M
16  89  54  72   M   0   7 0.00  0.0    0  7.9 13 230   M    M   0        20 220
17  89  51  70   M   0   5 0.00  0.0    0  4.7  9  70   M    M   0         M  M
18  75  50  63   M   2   0 0.00  0.0    0  7.4 16  60   M    M   2        21  60
19  79  58  69   M   0   4 0.00  0.0    0  7.7 17 140   M    M   3        24 130
20  66  55  61   M   4   0 0.16  0.0    0  3.7 12  60   M    M   7 3       M  M
21  65  54  60   M   5   0 0.41  0.0    0  3.2  8 110   M    M  10 3       M  M
================================================================================
SM 1710 1077        35  69  0.57     0.0 150.0          M       31
================================================================================
AV 81.4 51.3                               7.1 FASTST   M    M   1    MAX(MPH)
                                 MISC ---->    22   M                 31    M
================================================================================
NOTES:
# LAST OF SEVERAL OCCURRENCES

COLUMN 17 PEAK WIND IN M.P.H.

PRELIMINARY LOCAL CLIMATOLOGICAL DATA (WS FORM: F-6) , PAGE 2

                                          STATION:  Alpine-Casparis Municipal
                                          MONTH:    OCTOBER
                                          YEAR:     2014
                                          LATITUDE:   30 23 N
                                          LONGITUDE: 103 41 W

[TEMPERATURE DATA]      [PRECIPITATION DATA]       SYMBOLS USED IN COLUMN 16

AVERAGE MONTHLY: 66.4   TOTAL FOR MONTH:   0.57    1 = FOG OR MIST
DPTR FM NORMAL:     M   DPTR FM NORMAL:       M    2 = FOG REDUCING VISIBILITY
HIGHEST:    90 ON  8    GRTST 24HR  0.41 ON 21-21      TO 1/4 MILE OR LESS
LOWEST:     37 ON 14                               3 = THUNDER
                        SNOW, ICE PELLETS, HAIL    4 = ICE PELLETS
                        TOTAL MONTH:   0.0 INCH    5 = HAIL
                        GRTST 24HR     0.0         6 = FREEZING RAIN OR DRIZZLE
                        GRTST DEPTH:   0           7 = DUSTSTORM OR SANDSTORM:
                                                       VSBY 1/2 MILE OR LESS
                                                   8 = SMOKE OR HAZE
[NO. OF DAYS WITH]      [WEATHER - DAYS WITH]      9 = BLOWING SNOW
                                                   X = TORNADO
MAX 32 OR BELOW:   0    0.01 INCH OR MORE:   2
MAX 90 OR ABOVE:   1    0.10 INCH OR MORE:   2
MIN 32 OR BELOW:   0    0.50 INCH OR MORE:   0
MIN  0 OR BELOW:   0    1.00 INCH OR MORE:   0

[HDD (BASE 65) ]
TOTAL THIS MO.    35    CLEAR  (SCALE 0-3)  17
DPTR FM NORMAL     M    PTCLDY (SCALE 4-7)   3
TOTAL FM JUL 1    54    CLOUDY (SCALE 8-10)  1
DPTR FM NORMAL     M

[CDD (BASE 65) ]
TOTAL THIS MO.    69
DPTR FM NORMAL     M    [PRESSURE DATA]
TOTAL FM JAN 1  1868    HIGHEST SLP M ON M
DPTR FM NORMAL     M    LOWEST  SLP M ON M

[REMARKS]
