000
CXUS53 KMPX 291000
CF6EAU
PRELIMINARY LOCAL CLIMATOLOGICAL DATA (WS FORM: F-6)

                                          STATION:   EAU CLAIRE WI
                                          MONTH:     JULY
                                          YEAR:      2015
                                          LATITUDE:   44 52 N
                                          LONGITUDE:  91 29 W

  TEMPERATURE IN F:       :PCPN:    SNOW:  WIND      :SUNSHINE: SKY     :PK WND
================================================================================
1   2   3   4   5  6A  6B    7    8   9   10  11  12  13   14  15   16   17  18
                                     12Z  AVG MX 2MIN
DY MAX MIN AVG DEP HDD CDD  WTR  SNW DPTH SPD SPD DIR MIN PSBL S-S WX    SPD DR
================================================================================

 1  74  45  60 -11   5   0 0.00  0.0    0  3.1 12  60   M    M   0 1      15  70
 2  76  49  63  -8   2   0 0.00  0.0    0  2.9 12 140   M    M   1 1      17 130
 3  78  53  66  -5   0   1 0.00  0.0    0  4.9 14 230   M    M   1 12     17 250
 4  84  58  71   0   0   6 0.00  0.0    0  4.0 10 210   M    M   1 18     14 220
 5  85  61  73   2   0   8 0.00  0.0    0 10.0 20 180   M    M   0 18     24 180
 6  74  59  67  -5   0   2 2.08  0.0    0  8.1 21 360   M    M   9 138    30 340
 7  72  49  61 -11   4   0 0.00  0.0    0  5.6 17  60   M    M   3        22  60
 8  72  47  60 -12   5   0 0.00  0.0    0  3.0 14 200   M    M   4 1      17 180
 9  80  50  65  -7   0   0 0.00  0.0    0  3.0 10 230   M    M   1 12     20 220
10  84  55  70  -2   0   5 0.00  0.0    0  6.0 14 200   M    M   1 12     17 170
11  82  64  73   1   0   8 0.00  0.0    0  7.4 17 160   M    M   3        20 140
12  88  65  77   5   0  12 0.11  0.0    0  9.0 28 300   M    M   5 13     35 300
13  84  62  73   1   0   8 1.85  0.0    0  6.0 20 270   M    M   4 13     24 280
14  77  55  66  -6   0   1 0.00  0.0    0  7.0 15  30   M    M   4        20  30
15  79  53  66  -6   0   1 0.00  0.0    0  6.2 12 170   M    M   2        15 150
16  73  63  68  -4   0   3 0.34  0.0    0  7.6 15 160   M    M   6 1      19 150
17  86  66  76   4   0  11 0.00  0.0    0  4.6 12 280   M    M   6 1      16 250
18  87  67  77   5   0  12 0.78  0.0    0   M   M   M   M    M   4 3       M  M
19  82  59  71  -1   0   6 0.00  0.0    0 10.2 20 250   M    M   0        27 260
20  82  61  72   0   0   7 0.00  0.0    0  9.5 22 310   M    M   1        27 290
21  80  54  67  -5   0   2 0.00  0.0    0  6.5 15 300   M    M   1        19 280
22  82  60  71  -1   0   6 0.00  0.0    0  4.7 13 220   M    M   2        31 270
23  84  57  71  -1   0   6 0.00  0.0    0  5.5 14 180   M    M   1 12     18 210
24  84  66  75   3   0  10 0.63  0.0    0  9.1 24 150   M    M   2 13     31 150
25  87  67  77   5   0  12 0.00  0.0    0  2.3  9 310   M    M   0 1      12 300
26  86  66  76   5   0  11    T  0.0    0  4.2 13 160   M    M   2 1      16 140
27  86  60  73   2   0   8 0.00  0.0    0  6.9 17 150   M    M   0 1      21 150
28  86  70  78   7   0  13 0.30  0.0    0 10.4 28 130   M    M   4 1      36 140
================================================================================
SM 2274 1641        16 159  6.09     0.0 167.7          M       68
================================================================================
AV 81.2 58.6                               6.2 FASTST   M    M   2    MAX(MPH)
                                 MISC ---->  # 28 300               # 36  140
================================================================================
NOTES:
# LAST OF SEVERAL OCCURRENCES

COLUMN 17 PEAK WIND IN M.P.H.

PRELIMINARY LOCAL CLIMATOLOGICAL DATA (WS FORM: F-6) , PAGE 2

                                          STATION:  EAU CLAIRE WI
                                          MONTH:    JULY
                                          YEAR:     2015
                                          LATITUDE:   44 52 N
                                          LONGITUDE:  91 29 W

[TEMPERATURE DATA]      [PRECIPITATION DATA]       SYMBOLS USED IN COLUMN 16

AVERAGE MONTHLY: 69.9   TOTAL FOR MONTH:   6.09    1 = FOG OR MIST
DPTR FM NORMAL:  -1.8   DPTR FM NORMAL:    2.61    2 = FOG REDUCING VISIBILITY
HIGHEST:    88 ON 12    GRTST 24HR  2.08 ON  6- 6      TO 1/4 MILE OR LESS
LOWEST:     45 ON  1                               3 = THUNDER
                        SNOW, ICE PELLETS, HAIL    4 = ICE PELLETS
                        TOTAL MONTH:   0.0 INCH    5 = HAIL
                        GRTST 24HR     0.0         6 = FREEZING RAIN OR DRIZZLE
                        GRTST DEPTH:   0           7 = DUSTSTORM OR SANDSTORM:
                                                       VSBY 1/2 MILE OR LESS
                                                   8 = SMOKE OR HAZE
[NO. OF DAYS WITH]      [WEATHER - DAYS WITH]      9 = BLOWING SNOW
                                                   X = TORNADO
MAX 32 OR BELOW:   0    0.01 INCH OR MORE:   7
MAX 90 OR ABOVE:   0    0.10 INCH OR MORE:   7
MIN 32 OR BELOW:   0    0.50 INCH OR MORE:   4
MIN  0 OR BELOW:   0    1.00 INCH OR MORE:   2

[HDD (BASE 65) ]
TOTAL THIS MO.    16    CLEAR  (SCALE 0-3)  17
DPTR FM NORMAL    14    PTCLDY (SCALE 4-7)  10
TOTAL FM JUL 1    16    CLOUDY (SCALE 8-10)  1
DPTR FM NORMAL    14

[CDD (BASE 65) ]
TOTAL THIS MO.   159
DPTR FM NORMAL   -36    [PRESSURE DATA]
TOTAL FM JAN 1   259    HIGHEST SLP M ON M
DPTR FM NORMAL   -88    LOWEST  SLP 29.60 ON 17

[REMARKS]
