000
CXUS56 KLKN 241009
CF6EKO
PRELIMINARY LOCAL CLIMATOLOGICAL DATA (WS FORM: F-6)

                                          STATION:   ELKO AIRPORT NV
                                          MONTH:     MAY
                                          YEAR:      2016
                                          LATITUDE:   40 49 N
                                          LONGITUDE: 115 47 W

  TEMPERATURE IN F:       :PCPN:    SNOW:  WIND      :SUNSHINE: SKY     :PK WND
================================================================================
1   2   3   4   5  6A  6B    7    8   9   10  11  12  13   14  15   16   17  18
                                     12Z  AVG MX 2MIN
DY MAX MIN AVG DEP HDD CDD  WTR  SNW DPTH SPD SPD DIR MIN PSBL S-S WX    SPD DR
================================================================================

 1  61  41  51   2  14   0 0.00  0.0    0 12.0 26  30   M    M   3        34  20
 2  67  34  51   1  14   0 0.00  0.0    0  2.7  9 250   M    M   1        14 220
 3  72  38  55   5  10   0 0.00  0.0    0  3.8 13 100   M    M   1        16  80
 4  75  44  60  10   5   0 0.00  0.0    0  6.8 18 170   M    M   0        24 160
 5  77  49  63  13   2   0 0.00  0.0    0  9.1 24 170   M    M   1        32 170
 6  71  47  59   8   6   0 0.47  0.0    0  9.8 29  40   M    M   3 1358   37  30
 7  63  45  54   3  11   0 0.14  0.0    0  4.2 10 340   M    M   8 1      15 190
 8  63  48  56   5   9   0 0.04  0.0    0  7.2 21 250   M    M   8 35     24 250
 9  66  41  54   2  11   0 0.00  0.0    0 13.1 31 290   M    M   1 1      41 290
10  58  31  45  -7  20   0 0.01  0.0    0  4.1 16  40   M    M   3        22 270
11  66  31  49  -3  16   0 0.00  0.0    0  2.6 10 230   M    M   0        14 240
12  76  37  57   5   8   0 0.00  0.0    0  4.5 16 250   M    M   0        21 260
13  83  43  63  10   2   0 0.00  0.0    0  5.8 20 210   M    M   0        25 200
14  76  47  62   9   3   0 0.01  0.0    0  8.6 33 270   M    M   1        41 270
15  64  43  54   1  11   0 0.02  0.0    0  9.9 22 260   M    M   3        29 260
16  58  41  50  -4  15   0 0.07  0.0    0  6.3 20 360   M    M   9        24 360
17  70  39  55   1  10   0 0.00  0.0    0  4.6 20 350   M    M   3 1      23 350
18  74  41  58   4   7   0 0.00  0.0    0  2.6 14 250   M    M   2        19 290
19  75  44  60   6   5   0    T  0.0    0  8.0 31 270   M    M   4        38 260
20  58  41  50  -4  15   0 0.44  0.0    0  5.3 21 250   M    M   9 1      23 300
21  58  37  48  -7  17   0 0.44  0.0    0  7.5 22 260   M    M   4        25 270
22  62  32  47  -8  18   0 0.00  0.0    0  5.9 21 210   M    M   3        32 220
23  65  38  52  -3  13   0 0.01  0.0    0  4.7 25 160   M    M   5        30 150
================================================================================
SM 1558  932       242   0  1.65     0.0 149.1          M       72
================================================================================
AV 67.7 40.5                               6.5 FASTST   M    M   3    MAX(MPH)
                                 MISC ---->  # 33 270               # 41  290
================================================================================
NOTES:
# LAST OF SEVERAL OCCURRENCES

COLUMN 17 PEAK WIND IN M.P.H.

PRELIMINARY LOCAL CLIMATOLOGICAL DATA (WS FORM: F-6) , PAGE 2

                                          STATION:  ELKO AIRPORT NV
                                          MONTH:    MAY
                                          YEAR:     2016
                                          LATITUDE:   40 49 N
                                          LONGITUDE: 115 47 W

[TEMPERATURE DATA]      [PRECIPITATION DATA]       SYMBOLS USED IN COLUMN 16

AVERAGE MONTHLY: 54.1   TOTAL FOR MONTH:   1.65    1 = FOG OR MIST
DPTR FM NORMAL:   1.8   DPTR FM NORMAL:    0.93    2 = FOG REDUCING VISIBILITY
HIGHEST:    83 ON 13    GRTST 24HR  0.59 ON  6- 7      TO 1/4 MILE OR LESS
LOWEST:     31 ON 11,10                            3 = THUNDER
                        SNOW, ICE PELLETS, HAIL    4 = ICE PELLETS
                        TOTAL MONTH:   0.0 INCH    5 = HAIL
                        GRTST 24HR     0.0         6 = FREEZING RAIN OR DRIZZLE
                        GRTST DEPTH:   0           7 = DUSTSTORM OR SANDSTORM:
                                                       VSBY 1/2 MILE OR LESS
                                                   8 = SMOKE OR HAZE
[NO. OF DAYS WITH]      [WEATHER - DAYS WITH]      9 = BLOWING SNOW
                                                   X = TORNADO
MAX 32 OR BELOW:   0    0.01 INCH OR MORE:  10
MAX 90 OR ABOVE:   0    0.10 INCH OR MORE:   4
MIN 32 OR BELOW:   3    0.50 INCH OR MORE:   0
MIN  0 OR BELOW:   0    1.00 INCH OR MORE:   0

[HDD (BASE 65) ]
TOTAL THIS MO.   242    CLEAR  (SCALE 0-3)  15
DPTR FM NORMAL   -52    PTCLDY (SCALE 4-7)   5
TOTAL FM JUL 1  6413    CLOUDY (SCALE 8-10)  3
DPTR FM NORMAL  -452

[CDD (BASE 65) ]
TOTAL THIS MO.     0
DPTR FM NORMAL     0    [PRESSURE DATA]
TOTAL FM JAN 1     0    HIGHEST SLP M ON M
DPTR FM NORMAL     0    LOWEST  SLP 29.47 ON M

[REMARKS]
