000
CXUS56 KLKN 301009
CF6ELY
PRELIMINARY LOCAL CLIMATOLOGICAL DATA (WS FORM: F-6)

                                          STATION:   ELY AIRPORT NV
                                          MONTH:     APRIL
                                          YEAR:      2016
                                          LATITUDE:   39 16 N
                                          LONGITUDE: 114 51 W

  TEMPERATURE IN F:       :PCPN:    SNOW:  WIND      :SUNSHINE: SKY     :PK WND
================================================================================
1   2   3   4   5  6A  6B    7    8   9   10  11  12  13   14  15   16   17  18
                                     12Z  AVG MX 2MIN
DY MAX MIN AVG DEP HDD CDD  WTR  SNW DPTH SPD SPD DIR MIN PSBL S-S WX    SPD DR
================================================================================

 1  54  26  40   1  25   0 0.00  0.0    4  7.5 15  10   M    M   2        20 340
 2  62  27  45   6  20   0 0.00  0.0    0  5.8 14 260   M    M   3        19 240
 3  64  31  48   8  17   0 0.00  0.0    0  6.7 18 290   M    M   3        23 290
 4  63  32  48   8  17   0    T  0.0    0 10.0 32 280   M    M   2 3      41 280
 5  61  28  45   5  20   0 0.00  0.0    0 10.2 22  20   M    M   0        40 360
 6  67  25  46   6  19   0 0.00  0.0    0  8.8 21  20   M    M   0        25  10
 7  71  27  49   9  16   0 0.00  0.0    0  9.8 18  70   M    M   0        22  70
 8  70  36  53  12  12   0 0.00  0.0    0 11.0 25 160   M    M   3        32 150
 9  54  38  46   5  19   0 0.05  0.0    0 10.2 21 130   M    M   9        26 140
10  56  37  47   6  18   0 0.14  0.0    0  7.0 18 120   M    M   9        24 130
11  59  32  46   5  19   0 0.01  0.0    0  7.1 21 210   M    M   4 3      24 210
12  65  31  48   7  17   0 0.00  0.0    0  8.1 20 210   M    M   3        25 220
13  58  39  49   7  16   0 0.02  0.0    0  7.9 26 170   M    M   8 13     33 160
14  55  28  42   0  23   0    T  0.0    0 13.7 26 290   M    M   5        36 280
15  45  28  37  -5  28   0 0.14  1.7    1 12.6 29 330   M    M   7 1      36 310
16  55  29  42   0  23   0 0.00  0.0    0 17.2 31 350   M    M   1        40 350
17  59  23  41  -2  24   0 0.00  0.0    0 13.2 25 340   M    M   0        34 350
18  62  22  42  -1  23   0 0.00  0.0    0 10.3 20 340   M    M   0        24 340
19  67  24  46   3  19   0 0.00  0.0    0  7.4 15 170   M    M   0        17 170
20  72  30  51   8  14   0 0.00  0.0    0 10.0 20 210   M    M   0        26 200
21  73  31  52   8  13   0 0.00  0.0    0 12.5 26 160   M    M   0        33 180
22  70  33  52   8  13   0 0.06    T    0 25.5 46 200   M    M   4 138    69 180
23  47  30  39  -5  26   0 0.25  1.4    1  8.2 21 290   M    M   7 13     27 290
24  55  27  41  -3  24   0 0.05  0.0    T  8.3 21 210   M    M   6        24 210
25  40  32  36  -9  29   0 0.47  0.8    1  7.9 22 330   M    M   8 1      28 330
26  51  32  42  -3  23   0 0.07  0.6    1  6.1 14 320   M    M   8 1      17 330
27  43  35  39  -6  26   0 0.11    T    0  5.1 17 360   M    M   9 1      23 230
28  47  32  40  -6  25   0 0.10  0.4    0 14.1 31 360   M    M   9 1      39 360
29  49  31  40  -6  25   0 0.18  0.0    0  5.8 23 280   M    M   8 1      30 280
================================================================================
SM 1694  876       593   0  1.65     4.9 288.0          M      118
================================================================================
AV 58.4 30.2                               9.9 FASTST   M    M   4    MAX(MPH)
                                 MISC ---->  # 46 200               # 69  180
================================================================================
NOTES:
# LAST OF SEVERAL OCCURRENCES

COLUMN 17 PEAK WIND IN M.P.H.

PRELIMINARY LOCAL CLIMATOLOGICAL DATA (WS FORM: F-6) , PAGE 2

                                          STATION:  ELY AIRPORT NV
                                          MONTH:    APRIL
                                          YEAR:     2016
                                          LATITUDE:   39 16 N
                                          LONGITUDE: 114 51 W

[TEMPERATURE DATA]      [PRECIPITATION DATA]       SYMBOLS USED IN COLUMN 16

AVERAGE MONTHLY: 44.3   TOTAL FOR MONTH:   1.65    1 = FOG OR MIST
DPTR FM NORMAL:   2.0   DPTR FM NORMAL:    0.74    2 = FOG REDUCING VISIBILITY
HIGHEST:    73 ON 21    GRTST 24HR  0.52 ON 24-25      TO 1/4 MILE OR LESS
LOWEST:     22 ON 18                               3 = THUNDER
                        SNOW, ICE PELLETS, HAIL    4 = ICE PELLETS
                        TOTAL MONTH:   4.9 INCHES  5 = HAIL
                        GRTST 24HR   1.7 ON   M    6 = FREEZING RAIN OR DRIZZLE
                        GRTST DEPTH:   4 ON  1     7 = DUSTSTORM OR SANDSTORM:
                                                       VSBY 1/2 MILE OR LESS
                                                   8 = SMOKE OR HAZE
[NO. OF DAYS WITH]      [WEATHER - DAYS WITH]      9 = BLOWING SNOW
                                                   X = TORNADO
MAX 32 OR BELOW:   0    0.01 INCH OR MORE:  13
MAX 90 OR ABOVE:   0    0.10 INCH OR MORE:   7
MIN 32 OR BELOW:  23    0.50 INCH OR MORE:   0
MIN  0 OR BELOW:   0    1.00 INCH OR MORE:   0

[HDD (BASE 65) ]
TOTAL THIS MO.   593    CLEAR  (SCALE 0-3)  15
DPTR FM NORMAL   -65    PTCLDY (SCALE 4-7)   8
TOTAL FM JUL 1  6768    CLOUDY (SCALE 8-10)  6
DPTR FM NORMAL  -117

[CDD (BASE 65) ]
TOTAL THIS MO.     0
DPTR FM NORMAL     0    [PRESSURE DATA]
TOTAL FM JAN 1     0    HIGHEST SLP M ON M
DPTR FM NORMAL     0    LOWEST  SLP 29.54 ON 22

[REMARKS]
