000
CXUS53 KTOP 220200
CF6EMP
PRELIMINARY LOCAL CLIMATOLOGICAL DATA (WS FORM: F-6)

                                          STATION:   Emporia KS
                                          MONTH:     OCTOBER
                                          YEAR:      2014
                                          LATITUDE:   38 19 N
                                          LONGITUDE:  96 12 W

  TEMPERATURE IN F:       :PCPN:    SNOW:  WIND      :SUNSHINE: SKY     :PK WND
================================================================================
1   2   3   4   5  6A  6B    7    8   9   10  11  12  13   14  15   16   17  18
                                     12Z  AVG MX 2MIN
DY MAX MIN AVG DEP HDD CDD  WTR  SNW DPTH SPD SPD DIR MIN PSBL S-S WX    SPD DR
================================================================================

 1  83  66  75  13   0  10 0.01    M    M 10.3 21 170   M    M   3 3      26 170
 2  71  52  62   0   3   0 0.53    M    M 10.4 26 320   M    M   6 13     35 310
 3  57  41  49 -13  16   0 0.09    M    M 12.5 28 320   M    M   2 1      37 320
 4  64  37  51 -10  14   0 0.00    M    M  7.0 16 290   M    M   0        20 320
 5  77  46  62   1   3   0 0.00    M    M  8.4 21 290   M    M   1        28 290
 6  76  51  64   3   1   0 0.00    M    M  7.9 21 230   M    M   1        28 230
 7  81  54  68   8   0   3 0.00    M    M  5.2 14 230   M    M   0 8      17 240
 8  74  50  62   2   3   0 0.00    M    M  9.6 18  90   M    M   5        23 100
 9  69  55  62   3   3   0 1.29    M    M 10.3 23  40   M    M   8 13     28  40
10  55  47  51  -8  14   0 0.62    M    M 14.0 22  50   M    M  10 1      28  10
11  61  40  51  -8  14   0 0.00    M    M  6.8 13  90   M    M   7        17  90
12  61  49  55  -3  10   0 0.15    M    M  9.9 22 150   M    M  10 13     28 150
13  57  52  55  -3  10   0 0.58    M    M 15.2 26 320   M    M   9 1      35 340
14  67  45  56  -2   9   0 0.00    M    M 14.6 30 320   M    M   0        39 320
15  70  39  55  -2  10   0 0.00    M    M  5.5 12 290   M    M   0 8      16 300
16  79  46  63   6   2   0 0.00    M    M  9.2 24 170   M    M   0 18     30 170
17  68  46  57   0   8   0 0.00    M    M  7.5 18 330   M    M   0        22 330
18  63  40  52  -4  13   0 0.00    M    M  5.9 12  10   M    M   0        16  10
19  72  40  56   0   9   0 0.00    M    M  7.3 17 190   M    M   1        22 210
20  78  48  63   7   2   0 0.00    M    M  4.1 14  20   M    M   1 12     18  10
================================================================================
SM 1383  944       144  13  3.27    M    181.6          M       64
================================================================================
AV 69.2 47.2                               9.1 FASTST   M    M   3    MAX(MPH)
                                 MISC ---->  # 30 320               # 39  320
================================================================================
NOTES:
# LAST OF SEVERAL OCCURRENCES

COLUMN 17 PEAK WIND IN M.P.H.

PRELIMINARY LOCAL CLIMATOLOGICAL DATA (WS FORM: F-6) , PAGE 2

                                          STATION:  Emporia KS
                                          MONTH:    OCTOBER
                                          YEAR:     2014
                                          LATITUDE:   38 19 N
                                          LONGITUDE:  96 12 W

[TEMPERATURE DATA]      [PRECIPITATION DATA]       SYMBOLS USED IN COLUMN 16

AVERAGE MONTHLY: 58.2   TOTAL FOR MONTH:   3.27    1 = FOG OR MIST
DPTR FM NORMAL:  -0.8   DPTR FM NORMAL:    1.32    2 = FOG REDUCING VISIBILITY
HIGHEST:    83 ON  1    GRTST 24HR  1.62 ON  9-10      TO 1/4 MILE OR LESS
LOWEST:     37 ON  4                               3 = THUNDER
                        SNOW, ICE PELLETS, HAIL    4 = ICE PELLETS
                        TOTAL MONTH:    M          5 = HAIL
                        GRTST 24HR    M  ON   M    6 = FREEZING RAIN OR DRIZZLE
                        GRTST DEPTH:  M  ON   M    7 = DUSTSTORM OR SANDSTORM:
                                                       VSBY 1/2 MILE OR LESS
                                                   8 = SMOKE OR HAZE
[NO. OF DAYS WITH]      [WEATHER - DAYS WITH]      9 = BLOWING SNOW
                                                   X = TORNADO
MAX 32 OR BELOW:   0    0.01 INCH OR MORE:   7
MAX 90 OR ABOVE:   0    0.10 INCH OR MORE:   5
MIN 32 OR BELOW:   0    0.50 INCH OR MORE:   4
MIN  0 OR BELOW:   0    1.00 INCH OR MORE:   1

[HDD (BASE 65) ]
TOTAL THIS MO.   144    CLEAR  (SCALE 0-3)  12
DPTR FM NORMAL    -2    PTCLDY (SCALE 4-7)   5
TOTAL FM JUL 1   192    CLOUDY (SCALE 8-10)  3
DPTR FM NORMAL    -4

[CDD (BASE 65) ]
TOTAL THIS MO.    13
DPTR FM NORMAL   -15    [PRESSURE DATA]
TOTAL FM JAN 1  1362    HIGHEST SLP M ON M
DPTR FM NORMAL   -39    LOWEST  SLP 29.57 ON 13

[REMARKS]
