000
CXUS56 KOTX 231500
CF6EPH
PRELIMINARY LOCAL CLIMATOLOGICAL DATA (WS FORM: F-6)

                                          STATION:   EPHRATA WA AIRPORT
                                          MONTH:     SEPTEMBER
                                          YEAR:      2014
                                          LATITUDE:   47 18 N
                                          LONGITUDE: 119 31 W

  TEMPERATURE IN F:       :PCPN:    SNOW:  WIND      :SUNSHINE: SKY     :PK WND
================================================================================
1   2   3   4   5  6A  6B    7    8   9   10  11  12  13   14  15   16   17  18
                                     12Z  AVG MX 2MIN
DY MAX MIN AVG DEP HDD CDD  WTR  SNW DPTH SPD SPD DIR MIN PSBL S-S WX    SPD DR
================================================================================

 1  81  58  70   1   0   5 0.00    M    M  6.3 17 230   M    M   0        24 200
 2  82  52  67  -1   0   2 0.00    M    M 10.1 33 300   M    M   1 8      40 300
 3  75  54  65  -3   0   0    T    M    M 10.4 22  30   M    M   5        27 290
 4  79  50  65  -3   0   0 0.00    M    M  4.5 12  40   M    M   0        16  10
 5  85  52  69   1   0   4 0.00    M    M  7.2 14  20   M    M   0        19 360
 6  88  52  70   3   0   5 0.00    M    M  5.8 12  40   M    M   0        17  50
 7  89  52  71   4   0   6 0.00    M    M  7.4 17 220   M    M   0        21 220
 8  88  52  70   3   0   5 0.00    M    M  9.4 23 320   M    M   0        29 320
 9  78  58  68   2   0   3 0.00    M    M 10.8 22 340   M    M   3        25 340
10  71  50  61  -5   4   0 0.00    M    M 13.4 25  20   M    M   7        34  10
11  70  43  57  -9   8   0 0.00    M    M  9.6 21  40   M    M   0        26  30
12  77  45  61  -4   4   0 0.00    M    M  7.6 15  30   M    M   0        21  50
13  81  47  64  -1   1   0 0.00    M    M  6.8 14  30   M    M   0        19  50
14  83  46  65   0   0   0 0.00    M    M  5.5 10 310   M    M   0        13 310
15  88  49  69   5   0   4 0.00    M    M  5.7 13 230   M    M   0        16 240
16  89  60  75  11   0  10    T    M    M  6.1 15 210   M    M   0        18 200
17  86  57  72   8   0   7 0.00    M    M  5.2 13 260   M    M   0        15 200
18  83  62  73  10   0   8    T    M    M  9.4 24 290   M    M   4        29 290
19  84  57  71   8   0   6 0.00    M    M  7.3 18 280   M    M   0        22 280
20  89  55  72  10   0   7 0.00    M    M  7.2 16  20   M    M   0        20  20
21  90  63  77  15   0  12 0.00    M    M  5.9 14 320   M    M   0        16 320
22  84  56  70   8   0   5 0.00    M    M  4.1 12 200   M    M   0        15 220
================================================================================
SM 1820 1170        17  89    T     M    165.7          M       20
================================================================================
AV 82.7 53.2                               7.5 FASTST   M    M   1    MAX(MPH)
                                 MISC ---->  # 33 300               # 40  300
================================================================================
NOTES:
# LAST OF SEVERAL OCCURRENCES

COLUMN 17 PEAK WIND IN M.P.H.

PRELIMINARY LOCAL CLIMATOLOGICAL DATA (WS FORM: F-6) , PAGE 2

                                          STATION:  EPHRATA WA AIRPORT
                                          MONTH:    SEPTEMBER
                                          YEAR:     2014
                                          LATITUDE:   47 18 N
                                          LONGITUDE: 119 31 W

[TEMPERATURE DATA]      [PRECIPITATION DATA]       SYMBOLS USED IN COLUMN 16

AVERAGE MONTHLY: 68.0   TOTAL FOR MONTH:      T    1 = FOG OR MIST
DPTR FM NORMAL:   2.5   DPTR FM NORMAL:   -0.24    2 = FOG REDUCING VISIBILITY
HIGHEST:    90 ON 21    GRTST 24HR    T  ON 18-18      TO 1/4 MILE OR LESS
LOWEST:     43 ON 11                               3 = THUNDER
                        SNOW, ICE PELLETS, HAIL    4 = ICE PELLETS
                        TOTAL MONTH:    M          5 = HAIL
                        GRTST 24HR    M  ON   M    6 = FREEZING RAIN OR DRIZZLE
                        GRTST DEPTH:  M  ON   M    7 = DUSTSTORM OR SANDSTORM:
                                                       VSBY 1/2 MILE OR LESS
                                                   8 = SMOKE OR HAZE
[NO. OF DAYS WITH]      [WEATHER - DAYS WITH]      9 = BLOWING SNOW
                                                   X = TORNADO
MAX 32 OR BELOW:   0    0.01 INCH OR MORE:   0
MAX 90 OR ABOVE:   1    0.10 INCH OR MORE:   0
MIN 32 OR BELOW:   0    0.50 INCH OR MORE:   0
MIN  0 OR BELOW:   0    1.00 INCH OR MORE:   0

[HDD (BASE 65) ]
TOTAL THIS MO.    17    CLEAR  (SCALE 0-3)  19
DPTR FM NORMAL   -41    PTCLDY (SCALE 4-7)   3
TOTAL FM JUL 1    18    CLOUDY (SCALE 8-10)  0
DPTR FM NORMAL   -57

[CDD (BASE 65) ]
TOTAL THIS MO.    89
DPTR FM NORMAL    22    [PRESSURE DATA]
TOTAL FM JAN 1  1122    HIGHEST SLP M ON M
DPTR FM NORMAL   361    LOWEST  SLP  0.00 ON M

[REMARKS]
