000
CXUS53 KDMX 260920
CF6EST
PRELIMINARY LOCAL CLIMATOLOGICAL DATA (WS FORM: F-6)

                                          STATION:   ESTHERVILLE IA
                                          MONTH:     DECEMBER
                                          YEAR:      2014
                                          LATITUDE:   43 24 N
                                          LONGITUDE:  94 45 W

  TEMPERATURE IN F:       :PCPN:    SNOW:  WIND      :SUNSHINE: SKY     :PK WND
================================================================================
1   2   3   4   5  6A  6B    7    8   9   10  11  12  13   14  15   16   17  18
                                     12Z  AVG MX 2MIN
DY MAX MIN AVG DEP HDD CDD  WTR  SNW DPTH SPD SPD DIR MIN PSBL S-S WX    SPD DR
================================================================================

 1  10  -1   5 -19  60   0 0.00  0.0    M 10.0 23 180   M    M   1        27 180
 2  30  10  20  -4  45   0 0.00  0.0    M 15.8 29 180   M    M   3        33 180
 3  30  16  23   0  42   0 0.00  0.0    M  9.8 17 310   M    M   0        22 300
 4  35  15  25   2  40   0 0.00  0.0    M 14.0 25 170   M    M   3 1      30 170
 5  32  27  30   8  35   0 0.00  0.0    M  9.2 21 180   M    M  10 12     25 180
 6  32  16  24   2  41   0 0.00  0.0    M  8.4 17 160   M    M   2 18     21 160
 7  35  28  32  10  33   0    T    M    M 19.9 32 180   M    M   7 18     39 180
 8  36  20  28   7  37   0    T    M    M 19.5 29 310   M    M  10 1      35 330
 9  27  20  24   3  41   0 0.00  0.0    M  7.7 21 340   M    M   9        26 340
10  29  18  24   4  41   0 0.00  0.0    M 12.2 20 160   M    M   7 1      24 160
11  33  26  30  10  35   0 0.00  0.0    M 10.8 16 190   M    M  10 1      20 190
12  42  32  37  17  28   0 0.00  0.0    M 14.0 21 210   M    M   8 1      26 210
13  52  30  41  22  24   0 0.00  0.0    M 12.0 20 200   M    M   9 18     27 230
14  52  46  49  30  16   0 0.00  0.0    M 14.4 21 170   M    M  10 12     26 170
15  50  22  36  17  29   0 0.55    M    M 18.1 38 330   M    M  10 12     46 330
16  22  11  17  -1  48   0    T    M    M 21.9 39 330   M    M   9 18     46 340
17  22   9  16  -2  49   0    T    T    M  6.9 12 310   M    M   0 1      14 310
18  25   8  17  -1  48   0 0.00  0.0    M  5.3  9 170   M    M   8        11 160
19  32  25  29  11  36   0 0.00  0.0    M 10.9 15 180   M    M  10 1      18 190
20  31  28  30  12  35   0 0.00  0.0    M 12.2 21 170   M    M  10 1      24 170
21  38  30  34  17  31   0 0.00  0.0    M 16.9 26 180   M    M  10 12     34 180
22  39  32  36  19  29   0 0.09    M    M 15.8 23 160   M    M  10 1      30 160
23  34  32  33  16  32   0 0.07    M    M 17.5 24 350   M    M   8 1      31 350
24  32  25  29  12  36   0    T    M    M 13.9 23 330   M    M  10 1      28 330
25  37  26  32  15  33   0 0.00  0.0    M 10.8 22 180   M    M   5 1      25 180
================================================================================
SM  837  551       924   0  0.71    T    327.9          M      179
================================================================================
AV 33.5 22.0                              13.1 FASTST   M    M   7    MAX(MPH)
                                 MISC ---->  # 39 330               # 46  330
================================================================================
NOTES:
# LAST OF SEVERAL OCCURRENCES

COLUMN 17 PEAK WIND IN M.P.H.

PRELIMINARY LOCAL CLIMATOLOGICAL DATA (WS FORM: F-6) , PAGE 2

                                          STATION:  ESTHERVILLE IA
                                          MONTH:    DECEMBER
                                          YEAR:     2014
                                          LATITUDE:   43 24 N
                                          LONGITUDE:  94 45 W

[TEMPERATURE DATA]      [PRECIPITATION DATA]       SYMBOLS USED IN COLUMN 16

AVERAGE MONTHLY: 27.8   TOTAL FOR MONTH:   0.71    1 = FOG OR MIST
DPTR FM NORMAL:   8.0   DPTR FM NORMAL:    0.09    2 = FOG REDUCING VISIBILITY
HIGHEST:    52 ON 14,13 GRTST 24HR  0.55 ON 15-15      TO 1/4 MILE OR LESS
LOWEST:     -1 ON  1                               3 = THUNDER
                        SNOW, ICE PELLETS, HAIL    4 = ICE PELLETS
                        TOTAL MONTH:    T          5 = HAIL
                        GRTST 24HR    T  ON 17-17  6 = FREEZING RAIN OR DRIZZLE
                        GRTST DEPTH:  M  ON   M    7 = DUSTSTORM OR SANDSTORM:
                                                       VSBY 1/2 MILE OR LESS
                                                   8 = SMOKE OR HAZE
[NO. OF DAYS WITH]      [WEATHER - DAYS WITH]      9 = BLOWING SNOW
                                                   X = TORNADO
MAX 32 OR BELOW:  13    0.01 INCH OR MORE:   3
MAX 90 OR ABOVE:   0    0.10 INCH OR MORE:   1
MIN 32 OR BELOW:  24    0.50 INCH OR MORE:   1
MIN  0 OR BELOW:   1    1.00 INCH OR MORE:   0

[HDD (BASE 65) ]
TOTAL THIS MO.   924    CLEAR  (SCALE 0-3)   4
DPTR FM NORMAL  -207    PTCLDY (SCALE 4-7)   8
TOTAL FM JUL 1  2842    CLOUDY (SCALE 8-10) 13
DPTR FM NORMAL    -8

[CDD (BASE 65) ]
TOTAL THIS MO.     0
DPTR FM NORMAL     0    [PRESSURE DATA]
TOTAL FM JAN 1   435    HIGHEST SLP M ON M
DPTR FM NORMAL  -158    LOWEST  SLP 29.44 ON M

[REMARKS]
