000
CXUS53 KPAH 300635
CF6EVV
PRELIMINARY LOCAL CLIMATOLOGICAL DATA (WS FORM: F-6)

                                          STATION:   EVANSVILLE IN
                                          MONTH:     APRIL
                                          YEAR:      2016
                                          LATITUDE:   38  2 N
                                          LONGITUDE:  87 32 W

  TEMPERATURE IN F:       :PCPN:    SNOW:  WIND      :SUNSHINE: SKY     :PK WND
================================================================================
1   2   3   4   5  6A  6B    7    8   9   10  11  12  13   14  15   16   17  18
                                     12Z  AVG MX 2MIN
DY MAX MIN AVG DEP HDD CDD  WTR  SNW DPTH SPD SPD DIR MIN PSBL S-S WX    SPD DR
================================================================================

 1  60  44  52   1  13   0 0.00  0.0    0  9.3 23 270   M    M   2        31 260
 2  60  39  50  -2  15   0 0.00  0.0    0 12.2 36 260   M    M   1        48 260
 3  66  30  48  -4  17   0 0.00  0.0    0 10.6 24 210   M    M   0        30 210
 4  66  35  51  -1  14   0    T  0.0    0 13.0 20 340   M    M   2        27 340
 5  54  30  42 -11  23   0 0.00  0.0    0  6.8 12 130   M    M   0        16 140
 6  68  44  56   3   9   0 0.20  0.0    0 12.8 38 220   M    M   5 13     47 250
 7  54  41  48  -5  17   0 0.00  0.0    0  9.5 21 290   M    M   7        31 280
 8  50  38  44 -10  21   0 0.04    M    0  9.1 22 280   M    M   9 1      31 270
 9  47  31  39 -15  26   0 0.00  0.0    0  5.4 16 330   M    M   1        25 330
10  69  40  55   1  10   0 0.02  0.0    0 11.0 24 190   M    M   7        32 190
11  67  38  53  -2  12   0 1.12  0.0    0  7.3 22 200   M    M   7 13     32 190
12  59  34  47  -8  18   0 0.00  0.0    0  5.9 13  30   M    M   0        17 360
13  66  36  51  -4  14   0 0.00  0.0    0  7.2 16  80   M    M   0        20 100
14  74  44  59   3   6   0 0.00  0.0    0  6.4 12  80   M    M   1        16 100
15  76  54  65   9   0   0    T  0.0    0  4.3 13 180   M    M   5        17 170
16  77  51  64   8   1   0 0.00  0.0    0  3.6 14  80   M    M   1        17 130
17  82  49  66   9   0   1 0.00  0.0    0  1.1 14  90   M    M   0        17  90
18  83  49  66   9   0   1 0.00  0.0    0  2.2 10 250   M    M   0        15 240
19  81  55  68  11   0   3 0.00  0.0    0  2.6 13 220   M    M   0 8      18 250
20  82  56  69  11   0   4 0.09  0.0    0  7.7 22 250   M    M   7 1      28 250
21  69  56  63   5   2   0 1.07  0.0    0  8.3 23 250   M    M   8 13     31 260
22  72  52  62   4   3   0 0.00  0.0    0  6.7 16 320   M    M   4 12     22 300
23  65  48  57  -2   8   0 0.00  0.0    0  3.8 14 360   M    M   7 18     19 360
24  77  44  61   2   4   0 0.00  0.0    0  3.8 12 140   M    M   1 128    16 190
25  81  54  68   9   0   3 0.00  0.0    0  8.2 24 210   M    M   2        30 200
26  83  60  72  12   0   7 0.89  0.0    0  8.2 29 310   M    M   5 13     41 330
27  71  57  64   4   1   0 1.66  0.0    0  5.3 13 210   M    M   8 123    16 130
28  76  58  67   7   0   2 0.00  0.0    0  6.9 22 240   M    M   2 12     31 230
29  67  51  59  -2   6   0 0.02  0.0    0  3.6 10  40   M    M   3        13  60
================================================================================
SM 2002 1318       240  21  5.11     0.0 202.8          M       95
================================================================================
AV 69.0 45.4                               7.0 FASTST   M    M   3    MAX(MPH)
                                 MISC ---->  # 38 220               # 48  260
================================================================================
NOTES:
# LAST OF SEVERAL OCCURRENCES

COLUMN 17 PEAK WIND IN M.P.H.

PRELIMINARY LOCAL CLIMATOLOGICAL DATA (WS FORM: F-6) , PAGE 2

                                          STATION:  EVANSVILLE IN
                                          MONTH:    APRIL
                                          YEAR:     2016
                                          LATITUDE:   38  2 N
                                          LONGITUDE:  87 32 W

[TEMPERATURE DATA]      [PRECIPITATION DATA]       SYMBOLS USED IN COLUMN 16

AVERAGE MONTHLY: 57.2   TOTAL FOR MONTH:   5.11    1 = FOG OR MIST
DPTR FM NORMAL:   1.2   DPTR FM NORMAL:    0.91    2 = FOG REDUCING VISIBILITY
HIGHEST:    83 ON 26,18 GRTST 24HR  1.66 ON 27-27      TO 1/4 MILE OR LESS
LOWEST:     30 ON  5, 3                            3 = THUNDER
                        SNOW, ICE PELLETS, HAIL    4 = ICE PELLETS
                        TOTAL MONTH:   0.0 INCH    5 = HAIL
                        GRTST 24HR     0.0         6 = FREEZING RAIN OR DRIZZLE
                        GRTST DEPTH:   0           7 = DUSTSTORM OR SANDSTORM:
                                                       VSBY 1/2 MILE OR LESS
                                                   8 = SMOKE OR HAZE
[NO. OF DAYS WITH]      [WEATHER - DAYS WITH]      9 = BLOWING SNOW
                                                   X = TORNADO
MAX 32 OR BELOW:   0    0.01 INCH OR MORE:   9
MAX 90 OR ABOVE:   0    0.10 INCH OR MORE:   5
MIN 32 OR BELOW:   3    0.50 INCH OR MORE:   4
MIN  0 OR BELOW:   0    1.00 INCH OR MORE:   3

[HDD (BASE 65) ]
TOTAL THIS MO.   240    CLEAR  (SCALE 0-3)  16
DPTR FM NORMAL   -43    PTCLDY (SCALE 4-7)  11
TOTAL FM JUL 1  3463    CLOUDY (SCALE 8-10)  2
DPTR FM NORMAL  -986

[CDD (BASE 65) ]
TOTAL THIS MO.    21
DPTR FM NORMAL     0    [PRESSURE DATA]
TOTAL FM JAN 1    22    HIGHEST SLP M ON M
DPTR FM NORMAL    -2    LOWEST  SLP 29.60 ON  6

[REMARKS]
