000
CXUS56 KSLC 211243
CF6EVW
PRELIMINARY LOCAL CLIMATOLOGICAL DATA (WS FORM: F-6)

                                          STATION:   EVANSTON WY
                                          MONTH:     FEBRUARY
                                          YEAR:      2017
                                          LATITUDE:   41 16 N
                                          LONGITUDE: 111  2 W

  TEMPERATURE IN F:       :PCPN:    SNOW:  WIND      :SUNSHINE: SKY     :PK WND
================================================================================
1   2   3   4   5  6A  6B    7    8   9   10  11  12  13   14  15   16   17  18
                                     12Z  AVG MX 2MIN
DY MAX MIN AVG DEP HDD CDD  WTR  SNW DPTH SPD SPD DIR MIN PSBL S-S WX    SPD DR
================================================================================

 1  39  23  31   9  34   0 0.00  0.0    0 14.1 25 230   M    M   3        30 220
 2  32  23  28   6  37   0    T    M    0 13.1 26 230   M    M   9 128    29 230
 3  39  27  33  11  32   0    T    M    0  8.9 30 220   M    M   4 1      36 220
 4  38  29  34  12  31   0 0.02    M    0 11.8 36 250   M    M   6 12     40 250
 5  39  25  32  10  33   0 0.00  0.0    0  9.2 18 230   M    M   4        21 230
 6  37  30  34  12  31   0 0.02    M    0 19.7 40 220   M    M   7 128    45 210
 7  41  32  37  15  28   0 0.03    M    0 27.5 51 260   M    M   9 12     62 250
 8  40  29  35  13  30   0    T    M    0 18.4 33 270   M    M   5        41 270
 9  47  36  42  20  23   0    T    M    0 16.3 36 210   M    M   6        45 210
10  44  29  37  15  28   0 0.53    M    0 14.2 31 240   M    M  10 12     38 230
11  31  14  23   1  42   0 0.12    M    0  7.2 21  10   M    M   5 12     23  10
12  22   6  14  -8  51   0 0.00  0.0    0  3.9  9 360   M    M   0 128    10  10
13  24   2  13  -9  52   0 0.00  0.0    0  4.7 14 360   M    M   0 128    14 360
14  29   9  19  -3  46   0 0.00  0.0    0  3.3  9  10   M    M   0        10  10
15  38  13  26   3  39   0 0.00  0.0    0  5.9 13 230   M    M   0        12 230
16  43  20  32   9  33   0 0.00  0.0    0  8.2 26 220   M    M   2        31 220
17  36  22  29   6  36   0    T    M    0  8.5 16 220   M    M   6        24 180
18  40  31  36  13  29   0    T    M    0  6.7 22 210   M    M   8        24 210
19  37  28  33  10  32   0    T    M    0 10.6 24 260   M    M   8 1238   28 260
20  41  23  32   8  33   0    T    M    0 15.7 36 220   M    M   4        41 210
================================================================================
SM  737  451       700   0  0.72     0.0 227.9          M       96
================================================================================
AV 36.9 22.6                              11.4 FASTST   M    M   5    MAX(MPH)
                                 MISC ---->  # 51 260               # 62  250
================================================================================
NOTES:
# LAST OF SEVERAL OCCURRENCES

COLUMN 17 PEAK WIND IN M.P.H.

PRELIMINARY LOCAL CLIMATOLOGICAL DATA (WS FORM: F-6) , PAGE 2

                                          STATION:  EVANSTON WY
                                          MONTH:    FEBRUARY
                                          YEAR:     2017
                                          LATITUDE:   41 16 N
                                          LONGITUDE: 111  2 W

[TEMPERATURE DATA]      [PRECIPITATION DATA]       SYMBOLS USED IN COLUMN 16

AVERAGE MONTHLY: 29.7   TOTAL FOR MONTH:   0.72    1 = FOG OR MIST
DPTR FM NORMAL:   7.3   DPTR FM NORMAL:    0.30    2 = FOG REDUCING VISIBILITY
HIGHEST:    47 ON  9    GRTST 24HR  0.63 ON 10-11      TO 1/4 MILE OR LESS
LOWEST:      2 ON 13                               3 = THUNDER
                        SNOW, ICE PELLETS, HAIL    4 = ICE PELLETS
                        TOTAL MONTH:   0.0 INCH    5 = HAIL
                        GRTST 24HR     0.0         6 = FREEZING RAIN OR DRIZZLE
                        GRTST DEPTH:   0           7 = DUSTSTORM OR SANDSTORM:
                                                       VSBY 1/2 MILE OR LESS
                                                   8 = SMOKE OR HAZE
[NO. OF DAYS WITH]      [WEATHER - DAYS WITH]      9 = BLOWING SNOW
                                                   X = TORNADO
MAX 32 OR BELOW:   5    0.01 INCH OR MORE:   5
MAX 90 OR ABOVE:   0    0.10 INCH OR MORE:   2
MIN 32 OR BELOW:  19    0.50 INCH OR MORE:   1
MIN  0 OR BELOW:   0    1.00 INCH OR MORE:   0

[HDD (BASE 65) ]
TOTAL THIS MO.   700    CLEAR  (SCALE 0-3)   6
DPTR FM NORMAL  -155    PTCLDY (SCALE 4-7)  10
TOTAL FM JUL 1  5203    CLOUDY (SCALE 8-10)  4
DPTR FM NORMAL  -481

[CDD (BASE 65) ]
TOTAL THIS MO.     0
DPTR FM NORMAL     0    [PRESSURE DATA]
TOTAL FM JAN 1     0    HIGHEST SLP M ON M
DPTR FM NORMAL     0    LOWEST  SLP 29.50 ON 18

[REMARKS]
