000
CXUS52 KMHX 260700
CF6EWN
PRELIMINARY LOCAL CLIMATOLOGICAL DATA (WS FORM: F-6)

                                          STATION:   NEW BERN NC
                                          MONTH:     JULY
                                          YEAR:      2016
                                          LATITUDE:   35  4 N
                                          LONGITUDE:  77  3 W

  TEMPERATURE IN F:       :PCPN:    SNOW:  WIND      :SUNSHINE: SKY     :PK WND
================================================================================
1   2   3   4   5  6A  6B    7    8   9   10  11  12  13   14  15   16   17  18
                                     12Z  AVG MX 2MIN
DY MAX MIN AVG DEP HDD CDD  WTR  SNW DPTH SPD SPD DIR MIN PSBL S-S WX    SPD DR
================================================================================

 1  86  73  80   0   0  15 0.37  0.0    0  7.0 21 180   M    M   4 13     27 170
 2  89  74  82   2   0  17 0.13  0.0    0  4.0 20 170   M    M   3 13     23 170
 3  93  72  83   3   0  18 0.95  0.0    0  5.8 24 250   M    M   5 138    40 260
 4  89  71  80   0   0  15 2.77  0.0    0  4.8 31 220   M    M   6 123    38 210
 5  96  74  85   5   0  20 0.21  0.0    0 10.0 24 320   M    M   1 13     37 330
 6  93  74  84   4   0  19 0.18  0.0    0  7.8 22 250   M    M   1 38     31 230
 7  94  73  84   4   0  19 2.40  0.0    M  8.1 30 280   M    M   2 138    40 290
 8  94  71  83   3   0  18 0.82  0.0    0  9.2 38 340   M    M   1 13     57 360
 9  93  72  83   2   0  18 0.01  0.0    0  6.8 15 270   M    M   0        20 280
10  92  73  83   2   0  18 0.00  0.0    0  3.8 13 260   M    M   3        17 280
11  88  72  80  -1   0  15 0.04  0.0    0  3.7 10 200   M    M   3 3      14 210
12  92  71  82   1   0  17    T  0.0    0  2.3 18 160   M    M   3 3      25 160
13  94  73  84   3   0  19 0.82  0.0    0  5.4 20 310   M    M   2 13     27 300
14  96  76  86   5   0  21    T  0.0    0  6.1 22 200   M    M   0 3      30 200
15  95  73  84   3   0  19 0.12  0.0    0  7.3 18 280   M    M   1 13     23 290
16  89  72  81   0   0  16 0.27  0.0    0  4.6 23 240   M    M   1 13     39 240
17  90  71  81   0   0  16 0.25  0.0    0  5.8 14 170   M    M   2 13     21 210
18  92  72  82   1   0  17 0.00  0.0    0  6.8 13 200   M    M   1        17 210
19  91  70  81   0   0  16 0.99  0.0    0  6.9 24 360   M    M   3 13     30 360
20  90  71  81   0   0  16 0.00  0.0    0  2.2 10 130   M    M   2        15 100
21  91  73  82   1   0  17 0.00  0.0    0  3.0 12  80   M    M   1 1      14  80
22  92  69  81   0   0  16 0.00  0.0    0  4.8 15 210   M    M   1 1      18 170
23  93  74  84   3   0  19 0.00  0.0    0  6.6 14 200   M    M   1        19 180
24  95  75  85   4   0  20 0.00  0.0    0  5.9 14 170   M    M   1        17 180
25  94  77  86   5   0  21 0.00  0.0    0  8.0 16 170   M    M   1        22 210
================================================================================
SM 2301 1816         0 442 10.33     0.0 146.7          M       49
================================================================================
AV 92.0 72.6                               5.9 FASTST   M    M   2    MAX(MPH)
                                 MISC ---->  # 38 340               # 57  360
================================================================================
NOTES:
# LAST OF SEVERAL OCCURRENCES

COLUMN 17 PEAK WIND IN M.P.H.

PRELIMINARY LOCAL CLIMATOLOGICAL DATA (WS FORM: F-6) , PAGE 2

                                          STATION:  NEW BERN NC
                                          MONTH:    JULY
                                          YEAR:     2016
                                          LATITUDE:   35  4 N
                                          LONGITUDE:  77  3 W

[TEMPERATURE DATA]      [PRECIPITATION DATA]       SYMBOLS USED IN COLUMN 16

AVERAGE MONTHLY: 82.3   TOTAL FOR MONTH:  10.33    1 = FOG OR MIST
DPTR FM NORMAL:   1.7   DPTR FM NORMAL:    5.47    2 = FOG REDUCING VISIBILITY
HIGHEST:    96 ON 14, 5 GRTST 24HR  3.67 ON  3- 4      TO 1/4 MILE OR LESS
LOWEST:     69 ON 22                               3 = THUNDER
                        SNOW, ICE PELLETS, HAIL    4 = ICE PELLETS
                        TOTAL MONTH:   0.0 INCH    5 = HAIL
                        GRTST 24HR     0.0         6 = FREEZING RAIN OR DRIZZLE
                        GRTST DEPTH:   0           7 = DUSTSTORM OR SANDSTORM:
                                                       VSBY 1/2 MILE OR LESS
                                                   8 = SMOKE OR HAZE
[NO. OF DAYS WITH]      [WEATHER - DAYS WITH]      9 = BLOWING SNOW
                                                   X = TORNADO
MAX 32 OR BELOW:   0    0.01 INCH OR MORE:  15
MAX 90 OR ABOVE:  20    0.10 INCH OR MORE:  13
MIN 32 OR BELOW:   0    0.50 INCH OR MORE:   6
MIN  0 OR BELOW:   0    1.00 INCH OR MORE:   2

[HDD (BASE 65) ]
TOTAL THIS MO.     0    CLEAR  (SCALE 0-3)  21
DPTR FM NORMAL     0    PTCLDY (SCALE 4-7)   4
TOTAL FM JUL 1     0    CLOUDY (SCALE 8-10)  0
DPTR FM NORMAL     0

[CDD (BASE 65) ]
TOTAL THIS MO.   442
DPTR FM NORMAL    49    [PRESSURE DATA]
TOTAL FM JAN 1  1105    HIGHEST SLP M ON M
DPTR FM NORMAL   104    LOWEST  SLP 29.81 ON M

[REMARKS]
