507
CXUS52 KKEY 280545
CF6EYW
PRELIMINARY LOCAL CLIMATOLOGICAL DATA (WS FORM: F-6)

                                          STATION:   KEY WEST
                                          MONTH:     FEBRUARY
                                          YEAR:      2017
                                          LATITUDE:   24 32 N
                                          LONGITUDE:  81 45 W

  TEMPERATURE IN F:       :PCPN:    SNOW:  WIND      :SUNSHINE: SKY     :PK WND
================================================================================
1   2   3   4   5  6A  6B    7    8   9   10  11  12  13   14  15   16   17  18
                                     12Z  AVG MX 2MIN
DY MAX MIN AVG DEP HDD CDD  WTR  SNW DPTH SPD SPD DIR MIN PSBL S-S WX    SPD DR
================================================================================

 1  79  64  72   2   0   7 0.00  0.0    0  7.6 13  30   M    M   0        25  80
 2  80  69  75   5   0  10 0.00  0.0    0  7.0 14  20   M    M   1        20  20
 3  81  67  74   4   0   9 0.00  0.0    M  7.3 13  20   M    M   0        17  10
 4  78  69  74   4   0   9 0.00  0.0    0  9.8 18  20   M    M   0        24  30
 5  79  69  74   4   0   9 0.00  0.0    0  7.3 13 120   M    M   1        15 100
 6  81  69  75   5   0  10 0.00  0.0    M 10.2 17 100   M    M   4        24  80
 7  81  74  78   8   0  13 0.00  0.0    0  9.9 16 110   M    M   1        19 130
 8  80  71  76   6   0  11 0.00  0.0    0  3.7  9 210   M    M   0 1      13 230
 9  83  70  77   6   0  12 0.00  0.0    0  6.7 16 340   M    M   1 1      21 320
10  80  69  75   4   0  10 0.00  0.0    0 13.9 22 100   M    M   0        29 360
11  79  70  75   4   0  10 0.00  0.0    0 10.0 17 100   M    M   1        21 100
12  80  70  75   4   0  10 0.00  0.0    0  6.6 13 110   M    M   1        17 150
13  80  68  74   3   0   9 0.00  0.0    0  6.6 13  10   M    M   0        15  10
14  77  65  71   0   0   6 0.00  0.0    M  3.3  8 100   M    M   0        10 130
15  81  72  77   6   0  12 0.14  0.0    0 13.1 23 230   M    M   1 138    29 220
16  77  67  72   1   0   7 0.00  0.0    0 11.7 17 310   M    M   7        22 320
17  76  66  71   0   0   6 0.00  0.0    0  5.8 13  30   M    M   4        17  30
18  81  69  75   4   0  10 0.00  0.0    0  6.6 14 160   M    M   1        17 160
19  83  74  79   8   0  14 0.00  0.0    0   M   M   M   M    M   0         M  M
20  81  70  76   5   0  11 0.00  0.0    0 12.2 17 110   M    M   1        23 130
21  80  73  77   5   0  12 0.00  0.0    0  9.3 16 130   M    M   1        20 140
22  76  68  72   0   0   7 1.91  0.0    0 12.7 24 180   M    M   6 13     30 180
23  76  68  72   0   0   7    T  0.0    0 11.4 18 310   M    M   3        23 310
24  79  70  75   3   0  10 0.00  0.0    0  7.3 12 340   M    M   3        16  10
25  80  67  74   2   0   9 0.00  0.0    0  5.7 14 310   M    M   3        17 310
26  80  69  75   3   0  10 0.00  0.0    0  9.2 15  20   M    M   1        20  20
27  83  75  79   7   0  14 0.00  0.0    0 11.8 17 110   M    M   1        22 110
================================================================================
SM 2151 1872         0 264  2.05     0.0 226.7          M       42
================================================================================
AV 79.7 69.3                               8.7 FASTST   M    M   2    MAX(MPH)
                                 MISC ---->  # 24 180               # 30  180
================================================================================
NOTES:
# LAST OF SEVERAL OCCURRENCES

COLUMN 17 PEAK WIND IN M.P.H.

PRELIMINARY LOCAL CLIMATOLOGICAL DATA (WS FORM: F-6) , PAGE 2

                                          STATION:  KEY WEST
                                          MONTH:    FEBRUARY
                                          YEAR:     2017
                                          LATITUDE:   24 32 N
                                          LONGITUDE:  81 45 W

[TEMPERATURE DATA]      [PRECIPITATION DATA]       SYMBOLS USED IN COLUMN 16

AVERAGE MONTHLY: 74.5   TOTAL FOR MONTH:   2.05    1 = FOG OR MIST
DPTR FM NORMAL:   3.5   DPTR FM NORMAL:    0.62    2 = FOG REDUCING VISIBILITY
HIGHEST:    83 ON 27,19 GRTST 24HR  1.91 ON 22-22      TO 1/4 MILE OR LESS
LOWEST:     64 ON  1                               3 = THUNDER
                        SNOW, ICE PELLETS, HAIL    4 = ICE PELLETS
                        TOTAL MONTH:   0.0 INCH    5 = HAIL
                        GRTST 24HR     0.0         6 = FREEZING RAIN OR DRIZZLE
                        GRTST DEPTH:   0           7 = DUSTSTORM OR SANDSTORM:
                                                       VSBY 1/2 MILE OR LESS
                                                   8 = SMOKE OR HAZE
[NO. OF DAYS WITH]      [WEATHER - DAYS WITH]      9 = BLOWING SNOW
                                                   X = TORNADO
MAX 32 OR BELOW:   0    0.01 INCH OR MORE:   2
MAX 90 OR ABOVE:   0    0.10 INCH OR MORE:   2
MIN 32 OR BELOW:   0    0.50 INCH OR MORE:   1
MIN  0 OR BELOW:   0    1.00 INCH OR MORE:   1

[HDD (BASE 65) ]
TOTAL THIS MO.     0    CLEAR  (SCALE 0-3)  22
DPTR FM NORMAL   -19    PTCLDY (SCALE 4-7)   5
TOTAL FM JUL 1     5    CLOUDY (SCALE 8-10)  0
DPTR FM NORMAL   -65

[CDD (BASE 65) ]
TOTAL THIS MO.   264
DPTR FM NORMAL    88    [PRESSURE DATA]
TOTAL FM JAN 1   525    HIGHEST SLP M ON M
DPTR FM NORMAL   184    LOWEST  SLP 29.66 ON 23

[REMARKS]
