000
CXAK56 PAFG 311220
CF6FAI
PRELIMINARY LOCAL CLIMATOLOGICAL DATA (WS FORM: F-6)

                                          STATION:   FAIRBANKS AK
                                          MONTH:     OCTOBER
                                          YEAR:      2014
                                          LATITUDE:   64 49 N
                                          LONGITUDE: 147 52 W

  TEMPERATURE IN F:       :PCPN:    SNOW:  WIND      :SUNSHINE: SKY     :PK WND
================================================================================
1   2   3   4   5  6A  6B    7    8   9   10  11  12  13   14  15   16   17  18
                                     12Z  AVG MX 2MIN
DY MAX MIN AVG DEP HDD CDD  WTR  SNW DPTH SPD SPD DIR MIN PSBL S-S WX    SPD DR
================================================================================

 1  39  29  34  -2  31   0    T    T    0  1.8  6  40   M    M   9         8 230
 2  46  30  38   2  27   0    T  0.0    0  2.8  9  80   M    M   8        11 100
 3  44  28  36   1  29   0 0.01    T    0  6.0 16  20   M    M   9        21  20
 4  37  27  32  -2  33   0 0.28  2.8    2  5.9 16  30   M    M  10 1      21  30
 5  31  26  29  -4  36   0 0.10  1.7    4  6.6 14 280   M    M   9 1      20 290
 6  31  22  27  -6  38   0 0.01  0.2    3  6.1 15 280   M    M   9 1      18 280
 7  23  15  19 -13  46   0    T    T    3  1.2  6  70   M    M   9 1       7  50
 8  29  19  24  -7  41   0    T    T    3  2.5  7  10   M    M   9         8  80
 9  33  18  26  -4  39   0    T    T    3  7.7 17  30   M    M   5        20  30
10  34  29  32   2  33   0    T    T    3 10.9 21  30   M    M   8        25  30
11  41  27  34   5  31   0 0.00  0.0    2  3.0  9  50   M    M   8        12  20
12  36  26  31   3  34   0 0.01    T    2  1.0  9  30   M    M   8        10  30
13  33  23  28   1  37   0    T    T    1  1.6  7  20   M    M   9 12      8 210
14  37  24  31   5  34   0    T    T    1  2.3  9 360   M    M   8 1      11 360
15  32  19  26   1  39   0 0.00  0.0    1  4.6 10 350   M    M   8        12 350
16  36  21  29   5  36   0 0.00  0.0    1  2.2  8  10   M    M   7         8  20
17  34  14  24   0  41   0 0.00  0.0    1  1.7 12 360   M    M   3 8      13 360
18  41  22  32   9  33   0 0.00  0.0    1  5.8 15 360   M    M   2        19 360
19  35  24  30   8  35   0 0.00  0.0    1  3.7  9 360   M    M   9        11 360
20  38  32  35  14  30   0 0.00  0.0    1  9.5 22 350   M    M  10        27 340
21  38  26  32  12  33   0 0.00  0.0    1  6.4 12 350   M    M   8        14 350
22  32  16  24   5  41   0 0.00  0.0    1  3.5  9 360   M    M   4        11 350
23  25  14  20   2  45   0    T    T    1  0.6  6  50   M    M   8         6  30
24  28  18  23   6  42   0 0.03  0.7    2  1.5  6 360   M    M   9 1       7 210
25  27  18  23   7  42   0    T    T    2  3.2  8  40   M    M   8 168     9  30
26  22   3  13  -3  52   0 0.00  0.0    2  2.3  9  40   M    M   4 18     10  50
27  22   2  12  -3  53   0 0.00  0.0    2  2.0  7  50   M    M   6         7  40
28  25   6  16   2  49   0 0.00  0.0    2  2.3  9  40   M    M   6        10  30
29  13   1   7  -6  58   0    T    T    2  0.7  6  40   M    M   6         7 200
30  16   5  11  -1  54   0    T    T    2  1.2  7  60   M    M   9 1       8  50
================================================================================
SM  958  584      1172   0  0.44     5.4 110.6          M      225
================================================================================
AV 31.9 19.5                               3.7 FASTST   M    M   8    MAX(MPH)
                                 MISC ---->  # 22 350               # 27  340
================================================================================
NOTES:
# LAST OF SEVERAL OCCURRENCES

COLUMN 17 PEAK WIND IN M.P.H.

PRELIMINARY LOCAL CLIMATOLOGICAL DATA (WS FORM: F-6) , PAGE 2

                                          STATION:  FAIRBANKS AK
                                          MONTH:    OCTOBER
                                          YEAR:     2014
                                          LATITUDE:   64 49 N
                                          LONGITUDE: 147 52 W

[TEMPERATURE DATA]      [PRECIPITATION DATA]       SYMBOLS USED IN COLUMN 16

AVERAGE MONTHLY: 25.7   TOTAL FOR MONTH:   0.44    1 = FOG OR MIST
DPTR FM NORMAL:   1.1   DPTR FM NORMAL:   -0.37    2 = FOG REDUCING VISIBILITY
HIGHEST:    46 ON  2    GRTST 24HR  0.29 ON  3- 4      TO 1/4 MILE OR LESS
LOWEST:      1 ON 29                               3 = THUNDER
                        SNOW, ICE PELLETS, HAIL    4 = ICE PELLETS
                        TOTAL MONTH:   5.4 INCHES  5 = HAIL
                        GRTST 24HR   2.8 ON   M    6 = FREEZING RAIN OR DRIZZLE
                        GRTST DEPTH:   4 ON  5     7 = DUSTSTORM OR SANDSTORM:
                                                       VSBY 1/2 MILE OR LESS
                                                   8 = SMOKE OR HAZE
[NO. OF DAYS WITH]      [WEATHER - DAYS WITH]      9 = BLOWING SNOW
                                                   X = TORNADO
MAX 32 OR BELOW:  14    0.01 INCH OR MORE:   6
MAX 90 OR ABOVE:   0    0.10 INCH OR MORE:   2
MIN 32 OR BELOW:  30    0.50 INCH OR MORE:   0
MIN  0 OR BELOW:   0    1.00 INCH OR MORE:   0

[HDD (BASE 65) ]
TOTAL THIS MO.  1172    CLEAR  (SCALE 0-3)   1
DPTR FM NORMAL   -39    PTCLDY (SCALE 4-7)  13
TOTAL FM JUL 1  2042    CLOUDY (SCALE 8-10) 16
DPTR FM NORMAL  -163

[CDD (BASE 65) ]
TOTAL THIS MO.     0
DPTR FM NORMAL     0    [PRESSURE DATA]
TOTAL FM JAN 1    27    HIGHEST SLP M ON M
DPTR FM NORMAL   -34    LOWEST  SLP 29.08 ON 10

[REMARKS]
