000
CXUS53 KMPX 251000
CF6FCM
PRELIMINARY LOCAL CLIMATOLOGICAL DATA (WS FORM: F-6)

                                          STATION:   MINNEAPOLIS FLYING CLOUD MN
                                          MONTH:     OCTOBER
                                          YEAR:      2014
                                          LATITUDE:   44 49 N
                                          LONGITUDE:  93 27 W

  TEMPERATURE IN F:       :PCPN:    SNOW:  WIND      :SUNSHINE: SKY     :PK WND
================================================================================
1   2   3   4   5  6A  6B    7    8   9   10  11  12  13   14  15   16   17  18
                                     12Z  AVG MX 2MIN
DY MAX MIN AVG DEP HDD CDD  WTR  SNW DPTH SPD SPD DIR MIN PSBL S-S WX    SPD DR
================================================================================

 1  59  50  55   0  10   0 0.41    M    M  8.0 17 130   M    M   9 12     21 130
 2  61  46  54  -1  11   0 0.68    M    M  5.0 17 320   M    M   8 128    22 330
 3  50  38  44 -10  21   0 0.02    M    M 20.8 35 300   M    M   9 12     43 320
 4  52  34  43 -11  22   0    T    M    M 14.2 26 320   M    M   6        36 330
 5  49  32  41 -12  24   0 0.00    M    M  7.2 17 280   M    M   7        23 270
 6  64  32  48  -5  17   0 0.00    M    M  8.5 20 280   M    M   3        29 230
 7  62  43  53   1  12   0 0.00    M    M  9.5 26 300   M    M   5 8      33 300
 8  60  38  49  -3  16   0 0.00    M    M  8.6 23 310   M    M   2 8      29 310
 9  54  32  43  -9  22   0 0.00    M    M  5.2 14 300   M    M   0 8      17 310
10  54  33  44  -7  21   0 0.00    M    M  5.1 16 320   M    M   0 8      20 320
11  58  30  44  -7  21   0 0.00    M    M  4.9 15 190   M    M   0 1      23 180
12  63  40  52   2  13   0 0.00    M    M 11.9 24 150   M    M   2 8      31 170
13  56  51  54   4  11   0 0.01    M    M  7.1 20  10   M    M  10 1      26  20
14  64  48  56   6   9   0 0.00    M    M 11.1 23 350   M    M   3 1      34 340
15  66  40  53   4  12   0 0.00    M    M  4.5 10 350   M    M   0        13  20
16  73  39  56   7   9   0 0.00    M    M  9.0 22 290   M    M   1        29 280
17  58  46  52   3  13   0 0.00    M    M 13.5 23 300   M    M   9        31 300
18  54  38  46  -2  19   0 0.00    M    M  4.7 14 340   M    M   5        21 360
19  70  38  54   6  11   0 0.00    M    M 10.8 20 210   M    M   0        24 200
20  64  44  54   7  11   0 0.00    M    M  8.1 20 310   M    M   0        25 300
21  59  38  49   2  16   0 0.00    M    M  8.9 17 120   M    M   0 8      22 110
22  63  40  52   5  13   0    T    M    M 14.7 25 150   M    M   4        32 150
23  69  49  59  13   6   0 0.04    M    M  6.6 14 200   M    M   5 1      17 210
24  69  47  58  12   7   0 0.00    M    M  6.9 12 160   M    M   0        16 160
================================================================================
SM 1451  966       347   0  1.16    M    214.8          M       88
================================================================================
AV 60.5 40.2                               8.9 FASTST   M    M   4    MAX(MPH)
                                 MISC ---->  # 35 300               # 43  320
================================================================================
NOTES:
# LAST OF SEVERAL OCCURRENCES

COLUMN 17 PEAK WIND IN M.P.H.

PRELIMINARY LOCAL CLIMATOLOGICAL DATA (WS FORM: F-6) , PAGE 2

                                          STATION:  MINNEAPOLIS FLYING CLOUD MN
                                          MONTH:    OCTOBER
                                          YEAR:     2014
                                          LATITUDE:   44 49 N
                                          LONGITUDE:  93 27 W

[TEMPERATURE DATA]      [PRECIPITATION DATA]       SYMBOLS USED IN COLUMN 16

AVERAGE MONTHLY: 50.4   TOTAL FOR MONTH:   1.16    1 = FOG OR MIST
DPTR FM NORMAL:   0.0   DPTR FM NORMAL:   -0.87    2 = FOG REDUCING VISIBILITY
HIGHEST:    73 ON 16    GRTST 24HR  0.69 ON  2- 3      TO 1/4 MILE OR LESS
LOWEST:     30 ON 11                               3 = THUNDER
                        SNOW, ICE PELLETS, HAIL    4 = ICE PELLETS
                        TOTAL MONTH:    M          5 = HAIL
                        GRTST 24HR    M  ON   M    6 = FREEZING RAIN OR DRIZZLE
                        GRTST DEPTH:  M  ON   M    7 = DUSTSTORM OR SANDSTORM:
                                                       VSBY 1/2 MILE OR LESS
                                                   8 = SMOKE OR HAZE
[NO. OF DAYS WITH]      [WEATHER - DAYS WITH]      9 = BLOWING SNOW
                                                   X = TORNADO
MAX 32 OR BELOW:   0    0.01 INCH OR MORE:   5
MAX 90 OR ABOVE:   0    0.10 INCH OR MORE:   2
MIN 32 OR BELOW:   4    0.50 INCH OR MORE:   1
MIN  0 OR BELOW:   0    1.00 INCH OR MORE:   0

[HDD (BASE 65) ]
TOTAL THIS MO.   347    CLEAR  (SCALE 0-3)  13
DPTR FM NORMAL   -11    PTCLDY (SCALE 4-7)   6
TOTAL FM JUL 1   481    CLOUDY (SCALE 8-10)  5
DPTR FM NORMAL   -47

[CDD (BASE 65) ]
TOTAL THIS MO.     0
DPTR FM NORMAL    -8    [PRESSURE DATA]
TOTAL FM JAN 1   736    HIGHEST SLP M ON M
DPTR FM NORMAL     6    LOWEST  SLP 29.43 ON  6

[REMARKS]
