207
CXUS53 KFGF 270915
CF6FGF
PRELIMINARY LOCAL CLIMATOLOGICAL DATA (WS FORM: F-6)

                                          STATION:   GRAND FORKS UNIV. (NWS) ND
                                          MONTH:     JUNE
                                          YEAR:      2017
                                          LATITUDE:   47 55 N
                                          LONGITUDE:  97  6 W

  TEMPERATURE IN F:       :PCPN:    SNOW:  WIND      :SUNSHINE: SKY     :PK WND
================================================================================
1   2   3   4   5  6A  6B    7    8   9   10  11  12  13   14  15   16   17  18
                                     12Z  AVG MX 2MIN
DY MAX MIN AVG DEP HDD CDD  WTR  SNW DPTH SPD SPD DIR MIN PSBL S-S WX    SPD DR
================================================================================

 1  84  52  68   7   0   3 0.00  0.0    0   M   M   M   M    M   M         M  M
 2  93  59  76  15   0  11 0.47  0.0    0   M   M   M   M    M   M 38      M  M
 3  83  64  74  12   0   9 0.06  0.0    0   M   M   M   M    M   M         M  M
 4  81  56  69   7   0   4 0.00  0.0    0   M   M   M   M    M   M         M  M
 5  84  57  71   9   0   6 0.00  0.0    0   M   M   M   M    M   M         M  M
 6  89  61  75  12   0  10 0.19  0.0    0   M   M   M   M    M   M 3       M  M
 7  76  61  69   6   0   4 0.18  0.0    0   M   M   M   M    M   M         M  M
 8  80  57  69   6   0   4 0.00  0.0    0   M   M   M   M    M   M         M  M
 9  84  58  71   7   0   6 0.08  0.0    0   M   M   M   M    M   M         M  M
10  81  62  72   8   0   7 0.04  0.0    0   M   M   M   M    M   M         M  M
11  85  62  74  10   0   9 0.00  0.0    0   M   M   M   M    M   M         M  M
12  78  52  65   1   0   0 0.00  0.0    0   M   M   M   M    M   M         M  M
13  76  59  68   3   0   3 0.84  0.0    0   M   M   M   M    M   M 3       M  M
14  78  60  69   4   0   4    T  0.0    0   M   M   M   M    M   M         M  M
15  76  60  68   3   0   3 0.00  0.0    0   M   M   M   M    M   M         M  M
16  78  55  67   1   0   2 0.07  0.0    0   M   M   M   M    M   M         M  M
17  71  55  63  -3   2   0    T  0.0    0   M   M   M   M    M   M         M  M
18  69  55  62  -4   3   0 0.00  0.0    0   M   M   M   M    M   M         M  M
19  73  52  63  -3   2   0 0.26  0.0    0   M   M   M   M    M   M 3       M  M
20  73  49  61  -6   4   0 0.00  0.0    0   M   M   M   M    M   M         M  M
21  85  56  71   4   0   6 0.04  0.0    0   M   M   M   M    M   M         M  M
22  77  52  65  -2   0   0 0.01  0.0    0   M   M   M   M    M   M         M  M
23  67  54  61  -6   4   0    T  0.0    0   M   M   M   M    M   M         M  M
24  57  48  53 -15  12   0 0.06  0.0    0   M   M   M   M    M   M         M  M
25  68  42  55 -13  10   0 0.00  0.0    0   M   M   M   M    M   M         M  M
26  75   M   M   M   M   M 0.00  0.0    0   M   M   M   M    M   M         M  M
================================================================================
SM 2021 1398        37  91  2.30     0.0     M          M        M
================================================================================
AV 77.7 55.9                                 M FASTST   M    M   3    MAX(MPH)
                                 MISC ---->     M   M                  M    M
================================================================================
NOTES:
# LAST OF SEVERAL OCCURRENCES

COLUMN 17 PEAK WIND IN M.P.H.

PRELIMINARY LOCAL CLIMATOLOGICAL DATA (WS FORM: F-6) , PAGE 2

                                          STATION:  GRAND FORKS UNIV. (NWS) ND
                                          MONTH:    JUNE
                                          YEAR:     2017
                                          LATITUDE:   47 55 N
                                          LONGITUDE:  97  6 W

[TEMPERATURE DATA]      [PRECIPITATION DATA]       SYMBOLS USED IN COLUMN 16

AVERAGE MONTHLY: 66.8   TOTAL FOR MONTH:   2.30    1 = FOG OR MIST
DPTR FM NORMAL:   2.1   DPTR FM NORMAL:   -0.94    2 = FOG REDUCING VISIBILITY
HIGHEST:    93 ON  2    GRTST 24HR  0.84 ON 13-13      TO 1/4 MILE OR LESS
LOWEST:     42 ON 25                               3 = THUNDER
                        SNOW, ICE PELLETS, HAIL    4 = ICE PELLETS
                        TOTAL MONTH:   0.0 INCH    5 = HAIL
                        GRTST 24HR     0.0         6 = FREEZING RAIN OR DRIZZLE
                        GRTST DEPTH:   0           7 = DUSTSTORM OR SANDSTORM:
                                                       VSBY 1/2 MILE OR LESS
                                                   8 = SMOKE OR HAZE
[NO. OF DAYS WITH]      [WEATHER - DAYS WITH]      9 = BLOWING SNOW
                                                   X = TORNADO
MAX 32 OR BELOW:   0    0.01 INCH OR MORE:  12
MAX 90 OR ABOVE:   1    0.10 INCH OR MORE:   5
MIN 32 OR BELOW:   0    0.50 INCH OR MORE:   1
MIN  0 OR BELOW:   0    1.00 INCH OR MORE:   0

[HDD (BASE 65) ]
TOTAL THIS MO.    37    CLEAR  (SCALE 0-3)   0
DPTR FM NORMAL   -41    PTCLDY (SCALE 4-7)   0
TOTAL FM JUL 1  8099    CLOUDY (SCALE 8-10)  0
DPTR FM NORMAL -1104

[CDD (BASE 65) ]
TOTAL THIS MO.    91
DPTR FM NORMAL    19    [PRESSURE DATA]
TOTAL FM JAN 1    91    HIGHEST SLP M ON M
DPTR FM NORMAL    -7    LOWEST  SLP M ON M

[REMARKS]
